{"id":29411,"date":"2024-09-06T11:42:07","date_gmt":"2024-09-06T09:42:07","guid":{"rendered":"https:\/\/cafelapalma.com\/programacion\/expo-caelum-copy\/"},"modified":"2024-09-06T11:50:32","modified_gmt":"2024-09-06T09:50:32","slug":"expo-retro-nacimiento-ismaelo","status":"publish","type":"tribe_events","link":"https:\/\/cafelapalma.com\/en\/programacion\/expo-retro-nacimiento-ismaelo\/","title":{"rendered":"\u00abRETRO NACIMIENTO\u00bb. ISMAELO"},"content":{"rendered":"<div  class=\"tribe-events-schedule tribe-clearfix\" >\n\t<p class=\"tribe-events-schedule__datetime\">\n\t\t<span class=\"tribe-events-schedule__date tribe-events-schedule__date--start\">\n\t\t\t29  September  2024\t\t<\/span>\n\n\t\t\t\t\t<span class=\"tribe-events-schedule__separator tribe-events-schedule__separator--date\">\n\t\t\t\t@\t\t\t<\/span>\n\t\t\t<span class=\"tribe-events-schedule__time tribe-events-schedule__time--start\">\n\t\t\t\t02:30\t\t\t<\/span>\n\t\t\n\t\t\t\t\t\t\t\t\t<span class=\"tribe-events-schedule__separator tribe-events-schedule__separator--time\">\n\t\t\t\t\t&#8211;\t\t\t\t<\/span>\n\t\t\t\n\t\t\t\t\t\t\t<span class=\"tribe-events-schedule__time tribe-events-schedule__time--end\">\n\t\t\t\t\t03:00\t\t\t\t<\/span>\n\t\t\t\n\t\t\t\t\t\t<\/p>\n<\/div>\n\n\n\n<p class=\"wp-block-paragraph\">Hasta el <strong>domingo 29 de septiembre<\/strong><\/p>\n\n\n<div  class=\"tribe-block tribe-block__event-price\" >\n\t\t\t<span class=\"tribe-block__event-price__cost\"> ENTRADA LIBRE <\/span>\n\t\t<\/div>\n\n\n\n<div style=\"height:100px\" aria-hidden=\"true\" class=\"wp-block-spacer\"><\/div>\n\n\n\n<div class=\"wp-block-columns is-layout-flex wp-container-core-columns-is-layout-8f761849 wp-block-columns-is-layout-flex\">\n<div class=\"wp-block-column is-layout-flow wp-block-column-is-layout-flow\" style=\"flex-basis:33.33%\">\n<figure class=\"wp-block-image size-large\"><img loading=\"lazy\" decoding=\"async\" width=\"780\" height=\"1040\" src=\"https:\/\/cafelapalma.com\/wp-content\/uploads\/2024\/09\/ISMAELO-PIC-OUT-780x1040.jpeg\" alt=\"\" class=\"wp-image-29412\" srcset=\"https:\/\/cafelapalma.com\/wp-content\/uploads\/2024\/09\/ISMAELO-PIC-OUT-780x1040.jpeg 780w, https:\/\/cafelapalma.com\/wp-content\/uploads\/2024\/09\/ISMAELO-PIC-OUT-225x300.jpeg 225w, https:\/\/cafelapalma.com\/wp-content\/uploads\/2024\/09\/ISMAELO-PIC-OUT-768x1024.jpeg 768w, https:\/\/cafelapalma.com\/wp-content\/uploads\/2024\/09\/ISMAELO-PIC-OUT-45x60.jpeg 45w, https:\/\/cafelapalma.com\/wp-content\/uploads\/2024\/09\/ISMAELO-PIC-OUT.jpeg 1121w\" sizes=\"auto, (max-width: 780px) 100vw, 780px\" \/><\/figure>\n<\/div>\n\n\n\n<div class=\"wp-block-column is-layout-flow wp-block-column-is-layout-flow\" style=\"flex-basis:66.66%\">\n<p class=\"wp-block-paragraph\"><\/p>\n\n\n\n<p class=\"has-text-align-left wp-block-paragraph\"><strong>ISMAELO <\/strong>es una mente inquieta y creativa que continuamente transforma sus pensamientos o ideas en diferentes formas art\u00edsticas, escritura, fotograf\u00eda, dibujo, videos, etc. As\u00ed empez\u00f3 a tener forma el proyecto que Ismaelo llegar\u00eda a hacer realidad.<\/p>\n\n\n\n<p class=\"has-text-align-left wp-block-paragraph\">No hab\u00eda estudiado en ninguna escuela de arte, no hab\u00eda tocado ni usado nunca un programa de dise\u00f1o, pero su inquietud lo llevo a experimentar con ello. De una manera autodidacta fue aprendiendo a plasmar sus ideas en ilustraciones: Al principio no era m\u00e1s que un hobbie, pero poco a poco fue cogiendo forma y ah\u00ed es donde Ismaelo vio que pod\u00eda ser real el siguiente paso, organizar exposiciones con sus obras en formato cl\u00e1sico, lienzo con bastidor con ilustraciones digitales que a su vez se basaban en obras cl\u00e1sicas de la pintura. <\/p>\n\n\n\n<p class=\"has-text-align-left wp-block-paragraph\">La obra de <strong>Ismaelo <\/strong>fue creciendo exponencialmente por diferentes barrios de Madrid, mientras \u00e9l iba haciendo cosas nuevas hasta que pudo estrenar una segunda colecci\u00f3n <em><strong>Retrogenes<\/strong><\/em>, una tercera <em><strong>Urban Retro, Retro Caos, Magazine Retro, Retro Show, Retro Caos Return, Retro Classic, Retro Comic, Retro Pop Art<\/strong><\/em>, y muchos m\u00e1s trabajos sueltos. Sus obras reciben muy buenas cr\u00edticas de todas las personas que la ven.<\/p>\n\n\n\n<p class=\"has-text-align-left wp-block-paragraph\">Hoy Ismaelo tiene varias exposiciones por <strong>Madrid<\/strong>, <strong>M\u00e1laga<\/strong>, <strong>Zaragoza<\/strong>, <strong>Sevilla<\/strong>, <strong>Vigo<\/strong>, <strong>Pontevedra <\/strong>y pr\u00f3ximamente ampli\u00e1ndolas a otras capitales espa\u00f1olas.Tambi\u00e9n ha participado en exposiciones internacionales colectivas en <strong>Berl\u00edn <\/strong>o <strong>San Petersburgo<\/strong>. Sus obras han salido en varios informativos televisivos, entrevistas en diferentes programas de TV y Radio, participado en eventos con fines solidarios, etc. Adem\u00e1s, estar constantemente creando innovando en sus obras y buscando otros formatos para ellas, en el mundo textil, decoraci\u00f3n, accesorios, etc.<\/p>\n\n\n\n<p class=\"has-text-align-right wp-block-paragraph\"><a href=\"https:\/\/ismaelo.art\/\">www.ismaelo.art<\/a><\/p>\n<\/div>\n<\/div>\n\n\n\n<div style=\"height:100px\" aria-hidden=\"true\" class=\"wp-block-spacer\"><\/div>\n\n\n\n<hr class=\"wp-block-separator has-alpha-channel-opacity is-style-wide\"\/>\n\n\n\n<div style=\"height:100px\" aria-hidden=\"true\" class=\"wp-block-spacer\"><\/div>","protected":false},"excerpt":{"rendered":"<p>Hasta el domingo 29 de septiembre ISMAELO es una mente inquieta y creativa que continuamente transforma sus pensamientos o ideas en diferentes formas art\u00edsticas, escritura, fotograf\u00eda, dibujo, videos, etc. As\u00ed empez\u00f3 a tener forma el proyecto que Ismaelo llegar\u00eda a hacer realidad. No hab\u00eda estudiado en ninguna escuela de arte, no hab\u00eda tocado ni usado &hellip; <\/p>","protected":false},"author":2,"featured_media":29412,"template":"","meta":{"_tec_requires_first_save":false,"_uag_custom_page_level_css":"","loftloader_page_shortcode":"","_EventAllDay":false,"_EventTimezone":"Europe\/Madrid","_EventStartDate":"2024-09-29 02:30:00","_EventEndDate":"2024-09-29 03:00:00","_EventStartDateUTC":"2024-09-29 00:30:00","_EventEndDateUTC":"2024-09-29 01:00:00","_EventShowMap":false,"_EventShowMapLink":false,"_EventURL":"","_EventCost":"ENTRADA LIBRE","_EventCostDescription":"","_EventCurrencySymbol":"\u20ac","_EventCurrencyCode":"","_EventCurrencyPosition":"suffix","_EventDateTimeSeparator":"@","_EventTimeRangeSeparator":"-","_EventOrganizerID":[],"_EventVenueID":[0],"_OrganizerEmail":"","_OrganizerPhone":"","_OrganizerWebsite":"","_VenueAddress":"","_VenueCity":"","_VenueCountry":"","_VenueProvince":"","_VenueState":"","_VenueZip":"","_VenuePhone":"","_VenueURL":"","_VenueStateProvince":"","_VenueLat":"","_VenueLng":"","_VenueShowMap":false,"_VenueShowMapLink":false,"_tribe_blocks_recurrence_rules":"","_tribe_blocks_recurrence_description":"","_tribe_blocks_recurrence_exclusions":"","_ecp_custom_2":"","_tribe_events_status":"","_tribe_events_status_reason":"","_tribe_events_is_hybrid":"","_tribe_events_is_virtual":"","_tribe_events_virtual_video_source":"","_tribe_events_virtual_embed_video":"","_tribe_events_virtual_linked_button_text":"","_tribe_events_virtual_linked_button":"","_tribe_events_virtual_show_embed_at":"","_tribe_events_virtual_show_embed_to":[],"_tribe_events_virtual_show_on_event":"","_tribe_events_virtual_show_on_views":"","_tribe_events_virtual_url":"","footnotes":""},"tags":[9128,11899,11901,1377,13532,16175,16179,12416,16180,16178,16182,16183,16185,16184,16181,16176,16177],"tribe_events_cat":[8965],"class_list":["post-29411","tribe_events","type-tribe_events","status-publish","has-post-thumbnail","hentry","tag-arte","tag-exposiciones-cafe-la-palma","tag-fast-expos","tag-fotografia","tag-galerias-de-arte-malasana","tag-ismaelo","tag-magazine-retro","tag-pop-art","tag-retro-caos","tag-retro-caos-return","tag-retro-classic","tag-retro-comic","tag-retro-nacimiento","tag-retro-pop-art","tag-retro-show","tag-retrogenes","tag-urban-retro","tribe_events_cat-exposicion","cat_exposicion"],"uagb_featured_image_src":{"full":["https:\/\/cafelapalma.com\/wp-content\/uploads\/2024\/09\/ISMAELO-PIC-OUT.jpeg",1121,1495,false],"thumbnail":["https:\/\/cafelapalma.com\/wp-content\/uploads\/2024\/09\/ISMAELO-PIC-OUT-150x150.jpeg",150,150,true],"medium":["https:\/\/cafelapalma.com\/wp-content\/uploads\/2024\/09\/ISMAELO-PIC-OUT-225x300.jpeg",225,300,true],"medium_large":["https:\/\/cafelapalma.com\/wp-content\/uploads\/2024\/09\/ISMAELO-PIC-OUT-768x1024.jpeg",768,1024,true],"large":["https:\/\/cafelapalma.com\/wp-content\/uploads\/2024\/09\/ISMAELO-PIC-OUT-780x1040.jpeg",780,1040,true],"1536x1536":["https:\/\/cafelapalma.com\/wp-content\/uploads\/2024\/09\/ISMAELO-PIC-OUT.jpeg",1121,1495,false],"2048x2048":["https:\/\/cafelapalma.com\/wp-content\/uploads\/2024\/09\/ISMAELO-PIC-OUT.jpeg",1121,1495,false],"trp-custom-language-flag":["https:\/\/cafelapalma.com\/wp-content\/uploads\/2024\/09\/ISMAELO-PIC-OUT.jpeg",9,12,false],"blossom-feminine-slider":["https:\/\/cafelapalma.com\/wp-content\/uploads\/2024\/09\/ISMAELO-PIC-OUT-1121x649.jpeg",1121,649,true],"blossom-feminine-featured":["https:\/\/cafelapalma.com\/wp-content\/uploads\/2024\/09\/ISMAELO-PIC-OUT-1121x600.jpeg",1121,600,true],"blossom-feminine-with-sidebar":["https:\/\/cafelapalma.com\/wp-content\/uploads\/2024\/09\/ISMAELO-PIC-OUT-1020x600.jpeg",1020,600,true],"blossom-feminine-blog":["https:\/\/cafelapalma.com\/wp-content\/uploads\/2024\/09\/ISMAELO-PIC-OUT-435x435.jpeg",435,435,true],"blossom-feminine-cat":["https:\/\/cafelapalma.com\/wp-content\/uploads\/2024\/09\/ISMAELO-PIC-OUT-450x300.jpeg",450,300,true],"blossom-feminine-related":["https:\/\/cafelapalma.com\/wp-content\/uploads\/2024\/09\/ISMAELO-PIC-OUT-320x200.jpeg",320,200,true],"blossom-feminine-schema":["https:\/\/cafelapalma.com\/wp-content\/uploads\/2024\/09\/ISMAELO-PIC-OUT-45x60.jpeg",45,60,true]},"uagb_author_info":{"display_name":"Victor","author_link":"https:\/\/cafelapalma.com\/en\/author\/comunicacion\/"},"uagb_comment_info":0,"uagb_excerpt":"Hasta el domingo 29 de septiembre ISMAELO es una mente inquieta y creativa que continuamente transforma sus pensamientos o ideas en diferentes formas art\u00edsticas, escritura, fotograf\u00eda, dibujo, videos, etc. As\u00ed empez\u00f3 a tener forma el proyecto que Ismaelo llegar\u00eda a hacer realidad. No hab\u00eda estudiado en ninguna escuela de arte, no hab\u00eda tocado ni usado&hellip;","_links":{"self":[{"href":"https:\/\/cafelapalma.com\/en\/wp-json\/wp\/v2\/tribe_events\/29411","targetHints":{"allow":["GET"]}}],"collection":[{"href":"https:\/\/cafelapalma.com\/en\/wp-json\/wp\/v2\/tribe_events"}],"about":[{"href":"https:\/\/cafelapalma.com\/en\/wp-json\/wp\/v2\/types\/tribe_events"}],"author":[{"embeddable":true,"href":"https:\/\/cafelapalma.com\/en\/wp-json\/wp\/v2\/users\/2"}],"version-history":[{"count":0,"href":"https:\/\/cafelapalma.com\/en\/wp-json\/wp\/v2\/tribe_events\/29411\/revisions"}],"wp:featuredmedia":[{"embeddable":true,"href":"https:\/\/cafelapalma.com\/en\/wp-json\/wp\/v2\/media\/29412"}],"wp:attachment":[{"href":"https:\/\/cafelapalma.com\/en\/wp-json\/wp\/v2\/media?parent=29411"}],"wp:term":[{"taxonomy":"post_tag","embeddable":true,"href":"https:\/\/cafelapalma.com\/en\/wp-json\/wp\/v2\/tags?post=29411"},{"taxonomy":"tribe_events_cat","embeddable":true,"href":"https:\/\/cafelapalma.com\/en\/wp-json\/wp\/v2\/tribe_events_cat?post=29411"}],"curies":[{"name":"wp","href":"https:\/\/api.w.org\/{rel}","templated":true}]}}

<div  class="tribe-events-schedule tribe-clearfix" >
	<p class="tribe-events-schedule__datetime">
		<span class="tribe-events-schedule__date tribe-events-schedule__date--start">
			29  September  2024		</span>

					<span class="tribe-events-schedule__separator tribe-events-schedule__separator--date">
				@			</span>
			<span class="tribe-events-schedule__time tribe-events-schedule__time--start">
				02:30			</span>
		
									<span class="tribe-events-schedule__separator tribe-events-schedule__separator--time">
					&#8211;				</span>
			
							<span class="tribe-events-schedule__time tribe-events-schedule__time--end">
					03:00				</span>
			
						</p>
</div>



<p class="wp-block-paragraph">Hasta el <strong>domingo 29 de septiembre</strong></p>


<div  class="tribe-block tribe-block__event-price" >
			<span class="tribe-block__event-price__cost"> ENTRADA LIBRE </span>
		</div>



<div style="height:100px" aria-hidden="true" class="wp-block-spacer"></div>



<div class="wp-block-columns is-layout-flex wp-container-core-columns-is-layout-8f761849 wp-block-columns-is-layout-flex">
<div class="wp-block-column is-layout-flow wp-block-column-is-layout-flow" style="flex-basis:33.33%">
<figure class="wp-block-image size-large"><img loading="lazy" decoding="async" width="780" height="1040" src="https://cafelapalma.com/wp-content/uploads/2024/09/ISMAELO-PIC-OUT-780x1040.jpeg" alt="" class="wp-image-29412" srcset="https://cafelapalma.com/wp-content/uploads/2024/09/ISMAELO-PIC-OUT-780x1040.jpeg 780w, https://cafelapalma.com/wp-content/uploads/2024/09/ISMAELO-PIC-OUT-225x300.jpeg 225w, https://cafelapalma.com/wp-content/uploads/2024/09/ISMAELO-PIC-OUT-768x1024.jpeg 768w, https://cafelapalma.com/wp-content/uploads/2024/09/ISMAELO-PIC-OUT-45x60.jpeg 45w, https://cafelapalma.com/wp-content/uploads/2024/09/ISMAELO-PIC-OUT.jpeg 1121w" sizes="auto, (max-width: 780px) 100vw, 780px" /></figure>
</div>



<div class="wp-block-column is-layout-flow wp-block-column-is-layout-flow" style="flex-basis:66.66%">
<p class="wp-block-paragraph"></p>



<p class="has-text-align-left wp-block-paragraph"><strong>ISMAELO </strong>es una mente inquieta y creativa que continuamente transforma sus pensamientos o ideas en diferentes formas artísticas, escritura, fotografía, dibujo, videos, etc. Así empezó a tener forma el proyecto que Ismaelo llegaría a hacer realidad.</p>



<p class="has-text-align-left wp-block-paragraph">No había estudiado en ninguna escuela de arte, no había tocado ni usado nunca un programa de diseño, pero su inquietud lo llevo a experimentar con ello. De una manera autodidacta fue aprendiendo a plasmar sus ideas en ilustraciones: Al principio no era más que un hobbie, pero poco a poco fue cogiendo forma y ahí es donde Ismaelo vio que podía ser real el siguiente paso, organizar exposiciones con sus obras en formato clásico, lienzo con bastidor con ilustraciones digitales que a su vez se basaban en obras clásicas de la pintura. </p>



<p class="has-text-align-left wp-block-paragraph">La obra de <strong>Ismaelo </strong>fue creciendo exponencialmente por diferentes barrios de Madrid, mientras él iba haciendo cosas nuevas hasta que pudo estrenar una segunda colección <em><strong>Retrogenes</strong></em>, una tercera <em><strong>Urban Retro, Retro Caos, Magazine Retro, Retro Show, Retro Caos Return, Retro Classic, Retro Comic, Retro Pop Art</strong></em>, y muchos más trabajos sueltos. Sus obras reciben muy buenas críticas de todas las personas que la ven.</p>



<p class="has-text-align-left wp-block-paragraph">Hoy Ismaelo tiene varias exposiciones por <strong>Madrid</strong>, <strong>Málaga</strong>, <strong>Zaragoza</strong>, <strong>Sevilla</strong>, <strong>Vigo</strong>, <strong>Pontevedra </strong>y próximamente ampliándolas a otras capitales españolas.También ha participado en exposiciones internacionales colectivas en <strong>Berlín </strong>o <strong>San Petersburgo</strong>. Sus obras han salido en varios informativos televisivos, entrevistas en diferentes programas de TV y Radio, participado en eventos con fines solidarios, etc. Además, estar constantemente creando innovando en sus obras y buscando otros formatos para ellas, en el mundo textil, decoración, accesorios, etc.</p>



<p class="has-text-align-right wp-block-paragraph"><a href="https://ismaelo.art/">www.ismaelo.art</a></p>
</div>
</div>



<div style="height:100px" aria-hidden="true" class="wp-block-spacer"></div>



<hr class="wp-block-separator has-alpha-channel-opacity is-style-wide"/>



<div style="height:100px" aria-hidden="true" class="wp-block-spacer"></div>

<p>Hasta el domingo 29 de septiembre ISMAELO es una mente inquieta y creativa que continuamente transforma sus pensamientos o ideas en diferentes formas artísticas, escritura, fotografía, dibujo, videos, etc. Así empezó a tener forma el proyecto que Ismaelo llegaría a hacer realidad. No había estudiado en ninguna escuela de arte, no había tocado ni usado &hellip; </p>

Hasta el domingo 29 de septiembre ISMAELO es una mente inquieta y creativa que continuamente transforma sus pensamientos o ideas en diferentes formas artísticas, escritura, fotografía, dibujo, videos, etc. Así empezó a tener forma el proyecto que Ismaelo llegaría a hacer realidad. No había estudiado en ninguna escuela de arte, no había tocado ni usado&hellip;
