{"id":29432,"date":"2024-09-11T11:08:57","date_gmt":"2024-09-11T09:08:57","guid":{"rendered":"https:\/\/cafelapalma.com\/?post_type=tribe_events&#038;p=29432"},"modified":"2024-11-20T13:32:45","modified_gmt":"2024-11-20T12:32:45","slug":"dave-bolano-se-tu-tour-2024","status":"publish","type":"tribe_events","link":"https:\/\/cafelapalma.com\/en\/programacion\/dave-bolano-se-tu-tour-2024\/","title":{"rendered":"DAVE BOLA\u00d1O"},"content":{"rendered":"<div  class=\"tribe-events-schedule tribe-clearfix\" >\n\t<p class=\"tribe-events-schedule__datetime\">\n\t\t<span class=\"tribe-events-schedule__date tribe-events-schedule__date--start\">\n\t\t\t04  December  2024\t\t<\/span>\n\n\t\t\t\t\t<span class=\"tribe-events-schedule__separator tribe-events-schedule__separator--date\">\n\t\t\t\t@\t\t\t<\/span>\n\t\t\t<span class=\"tribe-events-schedule__time tribe-events-schedule__time--start\">\n\t\t\t\t21:00\t\t\t<\/span>\n\t\t\n\t\t\t\t\t\t\t\t\t<span class=\"tribe-events-schedule__separator tribe-events-schedule__separator--time\">\n\t\t\t\t\t&#8211;\t\t\t\t<\/span>\n\t\t\t\n\t\t\t\t\t\t\t<span class=\"tribe-events-schedule__time tribe-events-schedule__time--end\">\n\t\t\t\t\t23:00\t\t\t\t<\/span>\n\t\t\t\n\t\t\t\t\t\t<\/p>\n<\/div>\n\n\n<div  class=\"tribe-block tribe-block__event-price\" >\n\t\t\t<span class=\"tribe-block__event-price__cost\"> 42,5\u20ac <\/span>\n\t\t\t\t<span class=\"tribe-block__event-price__description\">General Preventa | 60\u20ac Taquilla | 70\u20ac Meet &amp; Greet. Todos los tramos de venta incluyen DOBLE DE CERVEZA DE BARRIL o REFRESCO<\/span>\n\t<\/div>\n\n\n\n<div class=\"wp-block-columns is-layout-flex wp-container-core-columns-is-layout-8f761849 wp-block-columns-is-layout-flex\">\n<div class=\"wp-block-column is-layout-flow wp-block-column-is-layout-flow\" style=\"flex-basis:33.33%\">\n<figure class=\"wp-block-image size-large\"><img loading=\"lazy\" decoding=\"async\" width=\"743\" height=\"1040\" src=\"https:\/\/cafelapalma.com\/wp-content\/uploads\/2024\/09\/DAVE-BOLANO-A3-LOW-743x1040.jpg\" alt=\"\" class=\"wp-image-29433\" srcset=\"https:\/\/cafelapalma.com\/wp-content\/uploads\/2024\/09\/DAVE-BOLANO-A3-LOW-743x1040.jpg 743w, https:\/\/cafelapalma.com\/wp-content\/uploads\/2024\/09\/DAVE-BOLANO-A3-LOW-214x300.jpg 214w, https:\/\/cafelapalma.com\/wp-content\/uploads\/2024\/09\/DAVE-BOLANO-A3-LOW-768x1075.jpg 768w, https:\/\/cafelapalma.com\/wp-content\/uploads\/2024\/09\/DAVE-BOLANO-A3-LOW-43x60.jpg 43w, https:\/\/cafelapalma.com\/wp-content\/uploads\/2024\/09\/DAVE-BOLANO-A3-LOW.jpg 1080w\" sizes=\"auto, (max-width: 743px) 100vw, 743px\" \/><\/figure>\n\n\n<div  class=\"tribe-block tribe-block__event-website\" >\n\t<a\n\t\thref=\"https:\/\/www.passline.com\/eventos\/dave-bolano-madrid-2024\"\n\t\ttarget=\"_self\"\n\t\t\t>\n\t\tBUY TICKETS\t<\/a>\n<\/div>\n<\/div>\n\n\n\n<div class=\"wp-block-column is-layout-flow wp-block-column-is-layout-flow\" style=\"flex-basis:66.66%\">\n<div style=\"height:100px\" aria-hidden=\"true\" class=\"wp-block-spacer\"><\/div>\n\n\n\n<p class=\"has-text-align-left wp-block-paragraph\">El cantautor colombiano <strong>DAVE BOLA\u00d1O <\/strong>se detiene en <strong>Espa\u00f1a <\/strong>para desatar el poder del <strong><em>S\u00e9 T\u00fa Tour 2024<\/em><\/strong> donde presentar\u00e1 los temas de su nuevo \u00e1lbum, pero tambi\u00e9n har\u00e1 un repaso puntual del cancionero que ha forjado durante m\u00e1s de diez a\u00f1os de carrera.<br><br><strong>DAVE BOLA\u00d1O<\/strong> viene de un tour que ha hecho <em>sold out<\/em> in <strong>CDMX <\/strong>y <strong>Guadalajara<\/strong>, y ahora est\u00e1 pr\u00f3ximo a visitar <strong>Quito<\/strong>, <strong>Santiago de Chile<\/strong>, <strong>Madrid <\/strong>y <strong>Barcelona<\/strong>.&nbsp;<\/p>\n\n\n\n<p class=\"has-text-align-right wp-block-paragraph\"><em><a href=\"https:\/\/open.spotify.com\/intl-es\/artist\/6kfMprr3qI5Bg2JNSGU7l7?si=iZ6tM6yxSeawsKM5BE3d3A\">Listen to <\/a><\/em><strong><a href=\"https:\/\/open.spotify.com\/intl-es\/artist\/6kfMprr3qI5Bg2JNSGU7l7?si=iZ6tM6yxSeawsKM5BE3d3A\">DAVE BOLA\u00d1O<\/a><\/strong><em><a href=\"https:\/\/open.spotify.com\/intl-es\/artist\/6kfMprr3qI5Bg2JNSGU7l7?si=iZ6tM6yxSeawsKM5BE3d3A\"> in <\/a><\/em><strong><a href=\"https:\/\/open.spotify.com\/intl-es\/artist\/6kfMprr3qI5Bg2JNSGU7l7?si=iZ6tM6yxSeawsKM5BE3d3A\">Spotify<\/a><\/strong><\/p>\n<\/div>\n<\/div>\n\n\n\n<div style=\"height:100px\" aria-hidden=\"true\" class=\"wp-block-spacer\"><\/div>\n\n\n\n<hr class=\"wp-block-separator has-alpha-channel-opacity\"\/>\n\n\n\n<div style=\"height:100px\" aria-hidden=\"true\" class=\"wp-block-spacer\"><\/div>\n\n\n<h2 class=\"tribe-block__related-events__title\">Related Events<\/h2>\n\n<ul  class=\"tribe-related-events tribe-clearfix\" >\n\t\t\t<li>\n\t\n<div class=\"tribe-related-events-thumbnail\">\n\t<a href=\"https:\/\/cafelapalma.com\/en\/programacion\/funkin-donuts\/\" class=\"url\" rel=\"bookmark\" tabindex=\"-1\" aria-hidden=\"true\"><img loading=\"lazy\" decoding=\"async\" width=\"693\" height=\"1040\" src=\"https:\/\/cafelapalma.com\/wp-content\/uploads\/2026\/07\/FD-vert2-bn-693x1040.jpg\" class=\"attachment-large size-large wp-post-image\" alt=\"\" \/><\/a>\n<\/div>\n\t<div class=\"tribe-related-event-info\">\n\t<h3 class=\"tribe-related-events-title\">\n\t\t<a href=\"https:\/\/cafelapalma.com\/en\/programacion\/funkin-donuts\/\" class=\"tribe-event-url\" rel=\"bookmark\">\n\t\t\tFUNKIN&#8217; DONUTS\t\t<\/a>\n\t<\/h3>\n\t<span class=\"tribe-event-date-start\">5  September@22:00<\/span><span class=\"tribe-event-time\">23:45<\/span><\/div>\n<\/li>\n\t\t\t<li>\n\t\n<div class=\"tribe-related-events-thumbnail\">\n\t<a href=\"https:\/\/cafelapalma.com\/en\/programacion\/backstage-le-petit-truffle-mayo\/\" class=\"url\" rel=\"bookmark\" tabindex=\"-1\" aria-hidden=\"true\"><img loading=\"lazy\" decoding=\"async\" width=\"780\" height=\"1040\" src=\"https:\/\/cafelapalma.com\/wp-content\/uploads\/2026\/07\/Imagen-TruffleMayo-LePetit-i-1-780x1040.png\" class=\"attachment-large size-large wp-post-image\" alt=\"\" \/><\/a>\n<\/div>\n\t<div class=\"tribe-related-event-info\">\n\t<h3 class=\"tribe-related-events-title\">\n\t\t<a href=\"https:\/\/cafelapalma.com\/en\/programacion\/backstage-le-petit-truffle-mayo\/\" class=\"tribe-event-url\" rel=\"bookmark\">\n\t\t\tBACKSTAGE: LE PETIT + TRUFFLE MAYO\t\t<\/a>\n\t<\/h3>\n\t<span class=\"tribe-event-date-start\">5  September@23:55<\/span><\/div>\n<\/li>\n\t\t\t<li>\n\t\n<div class=\"tribe-related-events-thumbnail\">\n\t<a href=\"https:\/\/cafelapalma.com\/en\/programacion\/willie-deville-concierto-benefico-x-venezuela\/\" class=\"url\" rel=\"bookmark\" tabindex=\"-1\" aria-hidden=\"true\"><img loading=\"lazy\" decoding=\"async\" width=\"1020\" height=\"531\" src=\"https:\/\/cafelapalma.com\/wp-content\/uploads\/2026\/08\/Willie-deville-1100x572-1-1040x541.jpg\" class=\"attachment-large size-large wp-post-image\" alt=\"\" \/><\/a>\n<\/div>\n\t<div class=\"tribe-related-event-info\">\n\t<h3 class=\"tribe-related-events-title\">\n\t\t<a href=\"https:\/\/cafelapalma.com\/en\/programacion\/willie-deville-concierto-benefico-x-venezuela\/\" class=\"tribe-event-url\" rel=\"bookmark\">\n\t\t\tWILLIE DEVILLE: CONCIERTO BEN\u00c9FICO X VENEZUELA\t\t<\/a>\n\t<\/h3>\n\t<span class=\"tribe-event-date-start\">6  September@21:00<\/span><span class=\"tribe-event-time\">23:45<\/span><\/div>\n<\/li>\n\t<\/ul>","protected":false},"excerpt":{"rendered":"<p>El cantautor colombiano DAVE BOLA\u00d1O se detiene en Espa\u00f1a para desatar el poder del S\u00e9 T\u00fa Tour 2024 donde presentar\u00e1 los temas de su nuevo \u00e1lbum, pero tambi\u00e9n har\u00e1 un repaso puntual del cancionero que ha forjado durante m\u00e1s de diez a\u00f1os de carrera. DAVE BOLA\u00d1O viene de un tour que ha hecho sold out &hellip; <\/p>","protected":false},"author":2,"featured_media":29434,"template":"","meta":{"_tec_requires_first_save":false,"_uag_custom_page_level_css":"","loftloader_page_shortcode":"","_EventAllDay":false,"_EventTimezone":"Europe\/Madrid","_EventStartDate":"2024-12-04 21:00:00","_EventEndDate":"2024-12-04 23:00:00","_EventStartDateUTC":"2024-12-04 20:00:00","_EventEndDateUTC":"2024-12-04 22:00:00","_EventShowMap":false,"_EventShowMapLink":false,"_EventURL":"https:\/\/www.passline.com\/eventos\/dave-bolano-madrid-2024","_EventCost":"42,5","_EventCostDescription":"","_EventCurrencySymbol":"\u20ac","_EventCurrencyCode":"USD","_EventCurrencyPosition":"suffix","_EventDateTimeSeparator":"@","_EventTimeRangeSeparator":"-","_EventOrganizerID":[],"_EventVenueID":[],"_OrganizerEmail":"","_OrganizerPhone":"","_OrganizerWebsite":"","_VenueAddress":"","_VenueCity":"","_VenueCountry":"","_VenueProvince":"","_VenueState":"","_VenueZip":"","_VenuePhone":"","_VenueURL":"","_VenueStateProvince":"","_VenueLat":"","_VenueLng":"","_VenueShowMap":false,"_VenueShowMapLink":false,"_tribe_blocks_recurrence_rules":"","_tribe_blocks_recurrence_description":"","_tribe_blocks_recurrence_exclusions":"","_ecp_custom_2":"","_tribe_events_status":"","_tribe_events_status_reason":"","_tribe_events_is_hybrid":"","_tribe_events_is_virtual":"","_tribe_events_virtual_video_source":"","_tribe_events_virtual_embed_video":"","_tribe_events_virtual_linked_button_text":"","_tribe_events_virtual_linked_button":"","_tribe_events_virtual_show_embed_at":"","_tribe_events_virtual_show_embed_to":[],"_tribe_events_virtual_show_on_event":"","_tribe_events_virtual_show_on_views":"","_tribe_events_virtual_url":"","footnotes":""},"tags":[1363,8869,2865,9147,9146,16199,12198,16202,16200,12505,1355,16203,16205],"tribe_events_cat":[8963],"class_list":["post-29432","tribe_events","type-tribe_events","status-publish","has-post-thumbnail","hentry","tag-cafe-la-palma","tag-cafe-la-palma-2","tag-conciertos-cafe-la-palma","tag-conciertos-madrid","tag-conciertos-malasana","tag-dave-bolano","tag-la-sordera","tag-lealtad","tag-me-levante","tag-passline","tag-pop","tag-que-ganas","tag-se-tu-tour-2024","tribe_events_cat-concierto","cat_concierto"],"uagb_featured_image_src":{"full":["https:\/\/cafelapalma.com\/wp-content\/uploads\/2024\/09\/DAVE-BOLANO-PIC.jpg",446,792,false],"thumbnail":["https:\/\/cafelapalma.com\/wp-content\/uploads\/2024\/09\/DAVE-BOLANO-PIC-150x150.jpg",150,150,true],"medium":["https:\/\/cafelapalma.com\/wp-content\/uploads\/2024\/09\/DAVE-BOLANO-PIC-169x300.jpg",169,300,true],"medium_large":["https:\/\/cafelapalma.com\/wp-content\/uploads\/2024\/09\/DAVE-BOLANO-PIC.jpg",446,792,false],"large":["https:\/\/cafelapalma.com\/wp-content\/uploads\/2024\/09\/DAVE-BOLANO-PIC.jpg",446,792,false],"1536x1536":["https:\/\/cafelapalma.com\/wp-content\/uploads\/2024\/09\/DAVE-BOLANO-PIC.jpg",446,792,false],"2048x2048":["https:\/\/cafelapalma.com\/wp-content\/uploads\/2024\/09\/DAVE-BOLANO-PIC.jpg",446,792,false],"trp-custom-language-flag":["https:\/\/cafelapalma.com\/wp-content\/uploads\/2024\/09\/DAVE-BOLANO-PIC.jpg",7,12,false],"blossom-feminine-slider":["https:\/\/cafelapalma.com\/wp-content\/uploads\/2024\/09\/DAVE-BOLANO-PIC-446x649.jpg",446,649,true],"blossom-feminine-featured":["https:\/\/cafelapalma.com\/wp-content\/uploads\/2024\/09\/DAVE-BOLANO-PIC-446x600.jpg",446,600,true],"blossom-feminine-with-sidebar":["https:\/\/cafelapalma.com\/wp-content\/uploads\/2024\/09\/DAVE-BOLANO-PIC-446x600.jpg",446,600,true],"blossom-feminine-blog":["https:\/\/cafelapalma.com\/wp-content\/uploads\/2024\/09\/DAVE-BOLANO-PIC-435x435.jpg",435,435,true],"blossom-feminine-cat":["https:\/\/cafelapalma.com\/wp-content\/uploads\/2024\/09\/DAVE-BOLANO-PIC-446x300.jpg",446,300,true],"blossom-feminine-related":["https:\/\/cafelapalma.com\/wp-content\/uploads\/2024\/09\/DAVE-BOLANO-PIC-320x200.jpg",320,200,true],"blossom-feminine-schema":["https:\/\/cafelapalma.com\/wp-content\/uploads\/2024\/09\/DAVE-BOLANO-PIC-34x60.jpg",34,60,true]},"uagb_author_info":{"display_name":"Victor","author_link":"https:\/\/cafelapalma.com\/en\/author\/comunicacion\/"},"uagb_comment_info":0,"uagb_excerpt":"El cantautor colombiano DAVE BOLA\u00d1O se detiene en Espa\u00f1a para desatar el poder del S\u00e9 T\u00fa Tour 2024 donde presentar\u00e1 los temas de su nuevo \u00e1lbum, pero tambi\u00e9n har\u00e1 un repaso puntual del cancionero que ha forjado durante m\u00e1s de diez a\u00f1os de carrera. DAVE BOLA\u00d1O viene de un tour que ha hecho sold out&hellip;","_links":{"self":[{"href":"https:\/\/cafelapalma.com\/en\/wp-json\/wp\/v2\/tribe_events\/29432","targetHints":{"allow":["GET"]}}],"collection":[{"href":"https:\/\/cafelapalma.com\/en\/wp-json\/wp\/v2\/tribe_events"}],"about":[{"href":"https:\/\/cafelapalma.com\/en\/wp-json\/wp\/v2\/types\/tribe_events"}],"author":[{"embeddable":true,"href":"https:\/\/cafelapalma.com\/en\/wp-json\/wp\/v2\/users\/2"}],"version-history":[{"count":0,"href":"https:\/\/cafelapalma.com\/en\/wp-json\/wp\/v2\/tribe_events\/29432\/revisions"}],"wp:featuredmedia":[{"embeddable":true,"href":"https:\/\/cafelapalma.com\/en\/wp-json\/wp\/v2\/media\/29434"}],"wp:attachment":[{"href":"https:\/\/cafelapalma.com\/en\/wp-json\/wp\/v2\/media?parent=29432"}],"wp:term":[{"taxonomy":"post_tag","embeddable":true,"href":"https:\/\/cafelapalma.com\/en\/wp-json\/wp\/v2\/tags?post=29432"},{"taxonomy":"tribe_events_cat","embeddable":true,"href":"https:\/\/cafelapalma.com\/en\/wp-json\/wp\/v2\/tribe_events_cat?post=29432"}],"curies":[{"name":"wp","href":"https:\/\/api.w.org\/{rel}","templated":true}]}}

DAVE BOLAÑO

<div  class="tribe-events-schedule tribe-clearfix" >
	<p class="tribe-events-schedule__datetime">
		<span class="tribe-events-schedule__date tribe-events-schedule__date--start">
			04  December  2024		</span>

					<span class="tribe-events-schedule__separator tribe-events-schedule__separator--date">
				@			</span>
			<span class="tribe-events-schedule__time tribe-events-schedule__time--start">
				21:00			</span>
		
									<span class="tribe-events-schedule__separator tribe-events-schedule__separator--time">
					&#8211;				</span>
			
							<span class="tribe-events-schedule__time tribe-events-schedule__time--end">
					23:00				</span>
			
						</p>
</div>


<div  class="tribe-block tribe-block__event-price" >
			<span class="tribe-block__event-price__cost"> 42,5€ </span>
				<span class="tribe-block__event-price__description">General Preventa | 60€ Taquilla | 70€ Meet &amp; Greet. Todos los tramos de venta incluyen DOBLE DE CERVEZA DE BARRIL o REFRESCO</span>
	</div>



<div class="wp-block-columns is-layout-flex wp-container-core-columns-is-layout-8f761849 wp-block-columns-is-layout-flex">
<div class="wp-block-column is-layout-flow wp-block-column-is-layout-flow" style="flex-basis:33.33%">
<figure class="wp-block-image size-large"><img loading="lazy" decoding="async" width="743" height="1040" src="https://cafelapalma.com/wp-content/uploads/2024/09/DAVE-BOLANO-A3-LOW-743x1040.jpg" alt="" class="wp-image-29433" srcset="https://cafelapalma.com/wp-content/uploads/2024/09/DAVE-BOLANO-A3-LOW-743x1040.jpg 743w, https://cafelapalma.com/wp-content/uploads/2024/09/DAVE-BOLANO-A3-LOW-214x300.jpg 214w, https://cafelapalma.com/wp-content/uploads/2024/09/DAVE-BOLANO-A3-LOW-768x1075.jpg 768w, https://cafelapalma.com/wp-content/uploads/2024/09/DAVE-BOLANO-A3-LOW-43x60.jpg 43w, https://cafelapalma.com/wp-content/uploads/2024/09/DAVE-BOLANO-A3-LOW.jpg 1080w" sizes="auto, (max-width: 743px) 100vw, 743px" /></figure>


<div  class="tribe-block tribe-block__event-website" >
	<a
		href="https://www.passline.com/eventos/dave-bolano-madrid-2024"
		target="_self"
			>
		BUY TICKETS	</a>
</div>
</div>



<div class="wp-block-column is-layout-flow wp-block-column-is-layout-flow" style="flex-basis:66.66%">
<div style="height:100px" aria-hidden="true" class="wp-block-spacer"></div>



<p class="has-text-align-left wp-block-paragraph">El cantautor colombiano <strong>DAVE BOLAÑO </strong>se detiene en <strong>España </strong>para desatar el poder del <strong><em>Sé Tú Tour 2024</em></strong> donde presentará los temas de su nuevo álbum, pero también hará un repaso puntual del cancionero que ha forjado durante más de diez años de carrera.<br><br><strong>DAVE BOLAÑO</strong> viene de un tour que ha hecho <em>sold out</em> in <strong>CDMX </strong>y <strong>Guadalajara</strong>, y ahora está próximo a visitar <strong>Quito</strong>, <strong>Santiago de Chile</strong>, <strong>Madrid </strong>y <strong>Barcelona</strong>.&nbsp;</p>



<p class="has-text-align-right wp-block-paragraph"><em><a href="https://open.spotify.com/intl-es/artist/6kfMprr3qI5Bg2JNSGU7l7?si=iZ6tM6yxSeawsKM5BE3d3A">Listen to </a></em><strong><a href="https://open.spotify.com/intl-es/artist/6kfMprr3qI5Bg2JNSGU7l7?si=iZ6tM6yxSeawsKM5BE3d3A">DAVE BOLAÑO</a></strong><em><a href="https://open.spotify.com/intl-es/artist/6kfMprr3qI5Bg2JNSGU7l7?si=iZ6tM6yxSeawsKM5BE3d3A"> in </a></em><strong><a href="https://open.spotify.com/intl-es/artist/6kfMprr3qI5Bg2JNSGU7l7?si=iZ6tM6yxSeawsKM5BE3d3A">Spotify</a></strong></p>
</div>
</div>



<div style="height:100px" aria-hidden="true" class="wp-block-spacer"></div>



<hr class="wp-block-separator has-alpha-channel-opacity"/>



<div style="height:100px" aria-hidden="true" class="wp-block-spacer"></div>


<h2 class="tribe-block__related-events__title">Related Events</h2>

<ul  class="tribe-related-events tribe-clearfix" >
			<li>
	
<div class="tribe-related-events-thumbnail">
	<a href="https://cafelapalma.com/en/programacion/funkin-donuts/" class="url" rel="bookmark" tabindex="-1" aria-hidden="true"><img loading="lazy" decoding="async" width="693" height="1040" src="https://cafelapalma.com/wp-content/uploads/2026/07/FD-vert2-bn-693x1040.jpg" class="attachment-large size-large wp-post-image" alt="" /></a>
</div>
	<div class="tribe-related-event-info">
	<h3 class="tribe-related-events-title">
		<a href="https://cafelapalma.com/en/programacion/funkin-donuts/" class="tribe-event-url" rel="bookmark">
			FUNKIN&#8217; DONUTS		</a>
	</h3>
	<span class="tribe-event-date-start">5  September@22:00</span><span class="tribe-event-time">23:45</span></div>
</li>
			<li>
	
<div class="tribe-related-events-thumbnail">
	<a href="https://cafelapalma.com/en/programacion/backstage-le-petit-truffle-mayo/" class="url" rel="bookmark" tabindex="-1" aria-hidden="true"><img loading="lazy" decoding="async" width="780" height="1040" src="https://cafelapalma.com/wp-content/uploads/2026/07/Imagen-TruffleMayo-LePetit-i-1-780x1040.png" class="attachment-large size-large wp-post-image" alt="" /></a>
</div>
	<div class="tribe-related-event-info">
	<h3 class="tribe-related-events-title">
		<a href="https://cafelapalma.com/en/programacion/backstage-le-petit-truffle-mayo/" class="tribe-event-url" rel="bookmark">
			BACKSTAGE: LE PETIT + TRUFFLE MAYO		</a>
	</h3>
	<span class="tribe-event-date-start">5  September@23:55</span></div>
</li>
			<li>
	
<div class="tribe-related-events-thumbnail">
	<a href="https://cafelapalma.com/en/programacion/willie-deville-concierto-benefico-x-venezuela/" class="url" rel="bookmark" tabindex="-1" aria-hidden="true"><img loading="lazy" decoding="async" width="1020" height="531" src="https://cafelapalma.com/wp-content/uploads/2026/08/Willie-deville-1100x572-1-1040x541.jpg" class="attachment-large size-large wp-post-image" alt="" /></a>
</div>
	<div class="tribe-related-event-info">
	<h3 class="tribe-related-events-title">
		<a href="https://cafelapalma.com/en/programacion/willie-deville-concierto-benefico-x-venezuela/" class="tribe-event-url" rel="bookmark">
			WILLIE DEVILLE: CONCIERTO BENÉFICO X VENEZUELA		</a>
	</h3>
	<span class="tribe-event-date-start">6  September@21:00</span><span class="tribe-event-time">23:45</span></div>
</li>
	</ul>

<p>El cantautor colombiano DAVE BOLAÑO se detiene en España para desatar el poder del Sé Tú Tour 2024 donde presentará los temas de su nuevo álbum, pero también hará un repaso puntual del cancionero que ha forjado durante más de diez años de carrera. DAVE BOLAÑO viene de un tour que ha hecho sold out &hellip; </p>

El cantautor colombiano DAVE BOLAÑO se detiene en España para desatar el poder del Sé Tú Tour 2024 donde presentará los temas de su nuevo álbum, pero también hará un repaso puntual del cancionero que ha forjado durante más de diez años de carrera. DAVE BOLAÑO viene de un tour que ha hecho sold out&hellip;
