{"id":29477,"date":"2024-09-19T14:35:15","date_gmt":"2024-09-19T12:35:15","guid":{"rendered":"https:\/\/cafelapalma.com\/?post_type=tribe_events&#038;p=29477"},"modified":"2024-10-14T14:23:43","modified_gmt":"2024-10-14T12:23:43","slug":"gustavo-casas-presenta-el-ipod-humano-10-aniversario-la-sordera","status":"publish","type":"tribe_events","link":"https:\/\/cafelapalma.com\/en\/programacion\/gustavo-casas-presenta-el-ipod-humano-10-aniversario-la-sordera\/","title":{"rendered":"GUSTAVO CASAS presenta #EliPodHumano"},"content":{"rendered":"<div  class=\"tribe-events-schedule tribe-clearfix\" >\n\t<p class=\"tribe-events-schedule__datetime\">\n\t\t<span class=\"tribe-events-schedule__date tribe-events-schedule__date--start\">\n\t\t\t17  October  2024\t\t<\/span>\n\n\t\t\t\t\t<span class=\"tribe-events-schedule__separator tribe-events-schedule__separator--date\">\n\t\t\t\t@\t\t\t<\/span>\n\t\t\t<span class=\"tribe-events-schedule__time tribe-events-schedule__time--start\">\n\t\t\t\t22:00\t\t\t<\/span>\n\t\t\n\t\t\t\t\t\t\t\t\t<span class=\"tribe-events-schedule__separator tribe-events-schedule__separator--time\">\n\t\t\t\t\t&#8211;\t\t\t\t<\/span>\n\t\t\t\n\t\t\t\t\t\t\t<span class=\"tribe-events-schedule__time tribe-events-schedule__time--end\">\n\t\t\t\t\t23:45\t\t\t\t<\/span>\n\t\t\t\n\t\t\t\t\t\t<\/p>\n<\/div>\n\n\n<div  class=\"tribe-block tribe-block__event-price\" >\n\t\t\t<span class=\"tribe-block__event-price__cost\"> 26\u20ac <\/span>\n\t\t\t\t<span class=\"tribe-block__event-price__description\">+ gg Anticipada | 29\u20ac Taquilla. La entrada incluye un DOBLE DE CERVEZA DE BARRIL, REFRESCO o equivalente<\/span>\n\t<\/div>\n\n\n\n<div style=\"height:100px\" aria-hidden=\"true\" class=\"wp-block-spacer\"><\/div>\n\n\n\n<div class=\"wp-block-columns is-layout-flex wp-container-core-columns-is-layout-8f761849 wp-block-columns-is-layout-flex\">\n<div class=\"wp-block-column is-layout-flow wp-block-column-is-layout-flow\" style=\"flex-basis:33.33%\">\n<figure class=\"wp-block-image size-full\"><img loading=\"lazy\" decoding=\"async\" width=\"2121\" height=\"3000\" src=\"https:\/\/cafelapalma.com\/wp-content\/uploads\/2024\/09\/ELIPODHUMANO-A3-LOW-scaled.jpg\" alt=\"\" class=\"wp-image-29510\" srcset=\"https:\/\/cafelapalma.com\/wp-content\/uploads\/2024\/09\/ELIPODHUMANO-A3-LOW-scaled.jpg 2121w, https:\/\/cafelapalma.com\/wp-content\/uploads\/2024\/09\/ELIPODHUMANO-A3-LOW-212x300.jpg 212w, https:\/\/cafelapalma.com\/wp-content\/uploads\/2024\/09\/ELIPODHUMANO-A3-LOW-735x1040.jpg 735w, https:\/\/cafelapalma.com\/wp-content\/uploads\/2024\/09\/ELIPODHUMANO-A3-LOW-768x1086.jpg 768w, https:\/\/cafelapalma.com\/wp-content\/uploads\/2024\/09\/ELIPODHUMANO-A3-LOW-1086x1536.jpg 1086w, https:\/\/cafelapalma.com\/wp-content\/uploads\/2024\/09\/ELIPODHUMANO-A3-LOW-1448x2048.jpg 1448w, https:\/\/cafelapalma.com\/wp-content\/uploads\/2024\/09\/ELIPODHUMANO-A3-LOW-42x60.jpg 42w\" sizes=\"auto, (max-width: 2121px) 100vw, 2121px\" \/><\/figure>\n\n\n<div  class=\"tribe-block tribe-block__event-website\" >\n\t<a\n\t\thref=\"https:\/\/www.passline.com\/eventos\/el-show-del-ipod-humano-gustavo-casas-decimo-aniversario-de-la-sordera\"\n\t\ttarget=\"_self\"\n\t\t\t>\n\t\tBUY TICKETS\t<\/a>\n<\/div>\n<\/div>\n\n\n\n<div class=\"wp-block-column is-layout-flow wp-block-column-is-layout-flow\" style=\"flex-basis:66.66%\">\n<div style=\"height:100px\" aria-hidden=\"true\" class=\"wp-block-spacer\"><\/div>\n\n\n\n<p class=\"has-text-align-left wp-block-paragraph\"><strong>GUSTAVO CASAS<\/strong>, cantautor y artista nominado al grammy latino regresa con su espect\u00e1culo <strong>#EliPodHumano<\/strong> a <strong>Madrid <\/strong>en el marco de la celebraci\u00f3n del los diez a\u00f1os de aniversario de <strong>La Sordera<\/strong>.<\/p>\n\n\n\n<p class=\"has-text-align-left wp-block-paragraph\">El espect\u00e1culo de <strong>#EliPodHumano <\/strong>es un show interactivo donde el p\u00fablico le pide las canciones que quieran escuchar.<\/p>\n\n\n\n<p class=\"has-text-align-right wp-block-paragraph\"><em><a href=\"https:\/\/open.spotify.com\/intl-es\/artist\/5kbjRV8TEU1m3brTrigqtp?si=cgPHXbC4SHGMkhHESmoJWg\">Listen to <\/a><\/em><strong><a href=\"https:\/\/open.spotify.com\/intl-es\/artist\/5kbjRV8TEU1m3brTrigqtp?si=cgPHXbC4SHGMkhHESmoJWg\">GUSTAVO CASA<\/a><\/strong><em><a href=\"https:\/\/open.spotify.com\/intl-es\/artist\/5kbjRV8TEU1m3brTrigqtp?si=cgPHXbC4SHGMkhHESmoJWg\">S en <\/a><\/em><strong><a href=\"https:\/\/open.spotify.com\/intl-es\/artist\/5kbjRV8TEU1m3brTrigqtp?si=cgPHXbC4SHGMkhHESmoJWg\">Spotify<\/a><\/strong><\/p>\n<\/div>\n<\/div>\n\n\n\n<div style=\"height:100px\" aria-hidden=\"true\" class=\"wp-block-spacer\"><\/div>\n\n\n\n<hr class=\"wp-block-separator has-alpha-channel-opacity\"\/>\n\n\n\n<div style=\"height:100px\" aria-hidden=\"true\" class=\"wp-block-spacer\"><\/div>\n\n\n<h2 class=\"tribe-block__related-events__title\">Related Events<\/h2>\n\n<ul  class=\"tribe-related-events tribe-clearfix\" >\n\t\t\t<li>\n\t\n<div class=\"tribe-related-events-thumbnail\">\n\t<a href=\"https:\/\/cafelapalma.com\/en\/programacion\/funkin-donuts\/\" class=\"url\" rel=\"bookmark\" tabindex=\"-1\" aria-hidden=\"true\"><img loading=\"lazy\" decoding=\"async\" width=\"693\" height=\"1040\" src=\"https:\/\/cafelapalma.com\/wp-content\/uploads\/2026\/07\/FD-vert2-bn-693x1040.jpg\" class=\"attachment-large size-large wp-post-image\" alt=\"\" \/><\/a>\n<\/div>\n\t<div class=\"tribe-related-event-info\">\n\t<h3 class=\"tribe-related-events-title\">\n\t\t<a href=\"https:\/\/cafelapalma.com\/en\/programacion\/funkin-donuts\/\" class=\"tribe-event-url\" rel=\"bookmark\">\n\t\t\tFUNKIN&#8217; DONUTS\t\t<\/a>\n\t<\/h3>\n\t<span class=\"tribe-event-date-start\">5  September@22:00<\/span><span class=\"tribe-event-time\">23:45<\/span><\/div>\n<\/li>\n\t\t\t<li>\n\t\n<div class=\"tribe-related-events-thumbnail\">\n\t<a href=\"https:\/\/cafelapalma.com\/en\/programacion\/backstage-le-petit-truffle-mayo\/\" class=\"url\" rel=\"bookmark\" tabindex=\"-1\" aria-hidden=\"true\"><img loading=\"lazy\" decoding=\"async\" width=\"780\" height=\"1040\" src=\"https:\/\/cafelapalma.com\/wp-content\/uploads\/2026\/07\/Imagen-TruffleMayo-LePetit-i-1-780x1040.png\" class=\"attachment-large size-large wp-post-image\" alt=\"\" \/><\/a>\n<\/div>\n\t<div class=\"tribe-related-event-info\">\n\t<h3 class=\"tribe-related-events-title\">\n\t\t<a href=\"https:\/\/cafelapalma.com\/en\/programacion\/backstage-le-petit-truffle-mayo\/\" class=\"tribe-event-url\" rel=\"bookmark\">\n\t\t\tBACKSTAGE: LE PETIT + TRUFFLE MAYO\t\t<\/a>\n\t<\/h3>\n\t<span class=\"tribe-event-date-start\">5  September@23:55<\/span><\/div>\n<\/li>\n\t\t\t<li>\n\t\n<div class=\"tribe-related-events-thumbnail\">\n\t<a href=\"https:\/\/cafelapalma.com\/en\/programacion\/willie-deville-concierto-benefico-x-venezuela\/\" class=\"url\" rel=\"bookmark\" tabindex=\"-1\" aria-hidden=\"true\"><img loading=\"lazy\" decoding=\"async\" width=\"1020\" height=\"531\" src=\"https:\/\/cafelapalma.com\/wp-content\/uploads\/2026\/08\/Willie-deville-1100x572-1-1040x541.jpg\" class=\"attachment-large size-large wp-post-image\" alt=\"\" \/><\/a>\n<\/div>\n\t<div class=\"tribe-related-event-info\">\n\t<h3 class=\"tribe-related-events-title\">\n\t\t<a href=\"https:\/\/cafelapalma.com\/en\/programacion\/willie-deville-concierto-benefico-x-venezuela\/\" class=\"tribe-event-url\" rel=\"bookmark\">\n\t\t\tWILLIE DEVILLE: CONCIERTO BEN\u00c9FICO X VENEZUELA\t\t<\/a>\n\t<\/h3>\n\t<span class=\"tribe-event-date-start\">6  September@21:00<\/span><span class=\"tribe-event-time\">23:45<\/span><\/div>\n<\/li>\n\t<\/ul>","protected":false},"excerpt":{"rendered":"<p>GUSTAVO CASAS, cantautor y artista nominado al grammy latino regresa con su espect\u00e1culo #EliPodHumano a Madrid en el marco de la celebraci\u00f3n del los diez a\u00f1os de aniversario de La Sordera. El espect\u00e1culo de #EliPodHumano es un show interactivo donde el p\u00fablico le pide las canciones que quieran escuchar. Escucha a GUSTAVO CASAS en Spotify<\/p>","protected":false},"author":2,"featured_media":29479,"template":"","meta":{"_tec_requires_first_save":false,"_uag_custom_page_level_css":"","loftloader_page_shortcode":"","_EventAllDay":false,"_EventTimezone":"Europe\/Madrid","_EventStartDate":"2024-10-17 22:00:00","_EventEndDate":"2024-10-17 23:45:00","_EventStartDateUTC":"2024-10-17 20:00:00","_EventEndDateUTC":"2024-10-17 21:45:00","_EventShowMap":false,"_EventShowMapLink":false,"_EventURL":"https:\/\/www.passline.com\/eventos\/el-show-del-ipod-humano-gustavo-casas-decimo-aniversario-de-la-sordera","_EventCost":"26","_EventCostDescription":"","_EventCurrencySymbol":"\u20ac","_EventCurrencyCode":"USD","_EventCurrencyPosition":"suffix","_EventDateTimeSeparator":"@","_EventTimeRangeSeparator":"-","_EventOrganizerID":[],"_EventVenueID":[],"_OrganizerEmail":"","_OrganizerPhone":"","_OrganizerWebsite":"","_VenueAddress":"","_VenueCity":"","_VenueCountry":"","_VenueProvince":"","_VenueState":"","_VenueZip":"","_VenuePhone":"","_VenueURL":"","_VenueStateProvince":"","_VenueLat":"","_VenueLng":"","_VenueShowMap":false,"_VenueShowMapLink":false,"_tribe_blocks_recurrence_rules":"","_tribe_blocks_recurrence_description":"","_tribe_blocks_recurrence_exclusions":"","_ecp_custom_2":"","_tribe_events_status":"","_tribe_events_status_reason":"","_tribe_events_is_hybrid":"","_tribe_events_is_virtual":"","_tribe_events_virtual_video_source":"","_tribe_events_virtual_embed_video":"","_tribe_events_virtual_linked_button_text":"","_tribe_events_virtual_linked_button":"","_tribe_events_virtual_show_embed_at":"","_tribe_events_virtual_show_embed_to":[],"_tribe_events_virtual_show_on_event":"","_tribe_events_virtual_show_on_views":"","_tribe_events_virtual_url":"","footnotes":""},"tags":[16232,1363,8869,2865,9147,9146,16228,16229,16231,12198,1355],"tribe_events_cat":[8963],"class_list":["post-29477","tribe_events","type-tribe_events","status-publish","has-post-thumbnail","hentry","tag-elipodhumano","tag-cafe-la-palma","tag-cafe-la-palma-2","tag-conciertos-cafe-la-palma","tag-conciertos-madrid","tag-conciertos-malasana","tag-gustavo-casas","tag-gustavo-casas-y-los-que-buscan","tag-la-persiana","tag-la-sordera","tag-pop","tribe_events_cat-concierto","cat_concierto"],"uagb_featured_image_src":{"full":["https:\/\/cafelapalma.com\/wp-content\/uploads\/2024\/09\/gcasas.jpg",257,457,false],"thumbnail":["https:\/\/cafelapalma.com\/wp-content\/uploads\/2024\/09\/gcasas-150x150.jpg",150,150,true],"medium":["https:\/\/cafelapalma.com\/wp-content\/uploads\/2024\/09\/gcasas-169x300.jpg",169,300,true],"medium_large":["https:\/\/cafelapalma.com\/wp-content\/uploads\/2024\/09\/gcasas.jpg",257,457,false],"large":["https:\/\/cafelapalma.com\/wp-content\/uploads\/2024\/09\/gcasas.jpg",257,457,false],"1536x1536":["https:\/\/cafelapalma.com\/wp-content\/uploads\/2024\/09\/gcasas.jpg",257,457,false],"2048x2048":["https:\/\/cafelapalma.com\/wp-content\/uploads\/2024\/09\/gcasas.jpg",257,457,false],"trp-custom-language-flag":["https:\/\/cafelapalma.com\/wp-content\/uploads\/2024\/09\/gcasas.jpg",7,12,false],"blossom-feminine-slider":["https:\/\/cafelapalma.com\/wp-content\/uploads\/2024\/09\/gcasas.jpg",257,457,false],"blossom-feminine-featured":["https:\/\/cafelapalma.com\/wp-content\/uploads\/2024\/09\/gcasas.jpg",257,457,false],"blossom-feminine-with-sidebar":["https:\/\/cafelapalma.com\/wp-content\/uploads\/2024\/09\/gcasas.jpg",257,457,false],"blossom-feminine-blog":["https:\/\/cafelapalma.com\/wp-content\/uploads\/2024\/09\/gcasas-257x435.jpg",257,435,true],"blossom-feminine-cat":["https:\/\/cafelapalma.com\/wp-content\/uploads\/2024\/09\/gcasas-257x300.jpg",257,300,true],"blossom-feminine-related":["https:\/\/cafelapalma.com\/wp-content\/uploads\/2024\/09\/gcasas-257x200.jpg",257,200,true],"blossom-feminine-schema":["https:\/\/cafelapalma.com\/wp-content\/uploads\/2024\/09\/gcasas-34x60.jpg",34,60,true]},"uagb_author_info":{"display_name":"Victor","author_link":"https:\/\/cafelapalma.com\/en\/author\/comunicacion\/"},"uagb_comment_info":0,"uagb_excerpt":"GUSTAVO CASAS, cantautor y artista nominado al grammy latino regresa con su espect\u00e1culo #EliPodHumano a Madrid en el marco de la celebraci\u00f3n del los diez a\u00f1os de aniversario de La Sordera. El espect\u00e1culo de #EliPodHumano es un show interactivo donde el p\u00fablico le pide las canciones que quieran escuchar. Escucha a GUSTAVO CASAS en Spotify","_links":{"self":[{"href":"https:\/\/cafelapalma.com\/en\/wp-json\/wp\/v2\/tribe_events\/29477","targetHints":{"allow":["GET"]}}],"collection":[{"href":"https:\/\/cafelapalma.com\/en\/wp-json\/wp\/v2\/tribe_events"}],"about":[{"href":"https:\/\/cafelapalma.com\/en\/wp-json\/wp\/v2\/types\/tribe_events"}],"author":[{"embeddable":true,"href":"https:\/\/cafelapalma.com\/en\/wp-json\/wp\/v2\/users\/2"}],"version-history":[{"count":0,"href":"https:\/\/cafelapalma.com\/en\/wp-json\/wp\/v2\/tribe_events\/29477\/revisions"}],"wp:featuredmedia":[{"embeddable":true,"href":"https:\/\/cafelapalma.com\/en\/wp-json\/wp\/v2\/media\/29479"}],"wp:attachment":[{"href":"https:\/\/cafelapalma.com\/en\/wp-json\/wp\/v2\/media?parent=29477"}],"wp:term":[{"taxonomy":"post_tag","embeddable":true,"href":"https:\/\/cafelapalma.com\/en\/wp-json\/wp\/v2\/tags?post=29477"},{"taxonomy":"tribe_events_cat","embeddable":true,"href":"https:\/\/cafelapalma.com\/en\/wp-json\/wp\/v2\/tribe_events_cat?post=29477"}],"curies":[{"name":"wp","href":"https:\/\/api.w.org\/{rel}","templated":true}]}}

<div  class="tribe-events-schedule tribe-clearfix" >
	<p class="tribe-events-schedule__datetime">
		<span class="tribe-events-schedule__date tribe-events-schedule__date--start">
			17  October  2024		</span>

					<span class="tribe-events-schedule__separator tribe-events-schedule__separator--date">
				@			</span>
			<span class="tribe-events-schedule__time tribe-events-schedule__time--start">
				22:00			</span>
		
									<span class="tribe-events-schedule__separator tribe-events-schedule__separator--time">
					&#8211;				</span>
			
							<span class="tribe-events-schedule__time tribe-events-schedule__time--end">
					23:45				</span>
			
						</p>
</div>


<div  class="tribe-block tribe-block__event-price" >
			<span class="tribe-block__event-price__cost"> 26€ </span>
				<span class="tribe-block__event-price__description">+ gg Anticipada | 29€ Taquilla. La entrada incluye un DOBLE DE CERVEZA DE BARRIL, REFRESCO o equivalente</span>
	</div>



<div style="height:100px" aria-hidden="true" class="wp-block-spacer"></div>



<div class="wp-block-columns is-layout-flex wp-container-core-columns-is-layout-8f761849 wp-block-columns-is-layout-flex">
<div class="wp-block-column is-layout-flow wp-block-column-is-layout-flow" style="flex-basis:33.33%">
<figure class="wp-block-image size-full"><img loading="lazy" decoding="async" width="2121" height="3000" src="https://cafelapalma.com/wp-content/uploads/2024/09/ELIPODHUMANO-A3-LOW-scaled.jpg" alt="" class="wp-image-29510" srcset="https://cafelapalma.com/wp-content/uploads/2024/09/ELIPODHUMANO-A3-LOW-scaled.jpg 2121w, https://cafelapalma.com/wp-content/uploads/2024/09/ELIPODHUMANO-A3-LOW-212x300.jpg 212w, https://cafelapalma.com/wp-content/uploads/2024/09/ELIPODHUMANO-A3-LOW-735x1040.jpg 735w, https://cafelapalma.com/wp-content/uploads/2024/09/ELIPODHUMANO-A3-LOW-768x1086.jpg 768w, https://cafelapalma.com/wp-content/uploads/2024/09/ELIPODHUMANO-A3-LOW-1086x1536.jpg 1086w, https://cafelapalma.com/wp-content/uploads/2024/09/ELIPODHUMANO-A3-LOW-1448x2048.jpg 1448w, https://cafelapalma.com/wp-content/uploads/2024/09/ELIPODHUMANO-A3-LOW-42x60.jpg 42w" sizes="auto, (max-width: 2121px) 100vw, 2121px" /></figure>


<div  class="tribe-block tribe-block__event-website" >
	<a
		href="https://www.passline.com/eventos/el-show-del-ipod-humano-gustavo-casas-decimo-aniversario-de-la-sordera"
		target="_self"
			>
		BUY TICKETS	</a>
</div>
</div>



<div class="wp-block-column is-layout-flow wp-block-column-is-layout-flow" style="flex-basis:66.66%">
<div style="height:100px" aria-hidden="true" class="wp-block-spacer"></div>



<p class="has-text-align-left wp-block-paragraph"><strong>GUSTAVO CASAS</strong>, cantautor y artista nominado al grammy latino regresa con su espectáculo <strong>#EliPodHumano</strong> a <strong>Madrid </strong>en el marco de la celebración del los diez años de aniversario de <strong>La Sordera</strong>.</p>



<p class="has-text-align-left wp-block-paragraph">El espectáculo de <strong>#EliPodHumano </strong>es un show interactivo donde el público le pide las canciones que quieran escuchar.</p>



<p class="has-text-align-right wp-block-paragraph"><em><a href="https://open.spotify.com/intl-es/artist/5kbjRV8TEU1m3brTrigqtp?si=cgPHXbC4SHGMkhHESmoJWg">Listen to </a></em><strong><a href="https://open.spotify.com/intl-es/artist/5kbjRV8TEU1m3brTrigqtp?si=cgPHXbC4SHGMkhHESmoJWg">GUSTAVO CASA</a></strong><em><a href="https://open.spotify.com/intl-es/artist/5kbjRV8TEU1m3brTrigqtp?si=cgPHXbC4SHGMkhHESmoJWg">S en </a></em><strong><a href="https://open.spotify.com/intl-es/artist/5kbjRV8TEU1m3brTrigqtp?si=cgPHXbC4SHGMkhHESmoJWg">Spotify</a></strong></p>
</div>
</div>



<div style="height:100px" aria-hidden="true" class="wp-block-spacer"></div>



<hr class="wp-block-separator has-alpha-channel-opacity"/>



<div style="height:100px" aria-hidden="true" class="wp-block-spacer"></div>


<h2 class="tribe-block__related-events__title">Related Events</h2>

<ul  class="tribe-related-events tribe-clearfix" >
			<li>
	
<div class="tribe-related-events-thumbnail">
	<a href="https://cafelapalma.com/en/programacion/funkin-donuts/" class="url" rel="bookmark" tabindex="-1" aria-hidden="true"><img loading="lazy" decoding="async" width="693" height="1040" src="https://cafelapalma.com/wp-content/uploads/2026/07/FD-vert2-bn-693x1040.jpg" class="attachment-large size-large wp-post-image" alt="" /></a>
</div>
	<div class="tribe-related-event-info">
	<h3 class="tribe-related-events-title">
		<a href="https://cafelapalma.com/en/programacion/funkin-donuts/" class="tribe-event-url" rel="bookmark">
			FUNKIN&#8217; DONUTS		</a>
	</h3>
	<span class="tribe-event-date-start">5  September@22:00</span><span class="tribe-event-time">23:45</span></div>
</li>
			<li>
	
<div class="tribe-related-events-thumbnail">
	<a href="https://cafelapalma.com/en/programacion/backstage-le-petit-truffle-mayo/" class="url" rel="bookmark" tabindex="-1" aria-hidden="true"><img loading="lazy" decoding="async" width="780" height="1040" src="https://cafelapalma.com/wp-content/uploads/2026/07/Imagen-TruffleMayo-LePetit-i-1-780x1040.png" class="attachment-large size-large wp-post-image" alt="" /></a>
</div>
	<div class="tribe-related-event-info">
	<h3 class="tribe-related-events-title">
		<a href="https://cafelapalma.com/en/programacion/backstage-le-petit-truffle-mayo/" class="tribe-event-url" rel="bookmark">
			BACKSTAGE: LE PETIT + TRUFFLE MAYO		</a>
	</h3>
	<span class="tribe-event-date-start">5  September@23:55</span></div>
</li>
			<li>
	
<div class="tribe-related-events-thumbnail">
	<a href="https://cafelapalma.com/en/programacion/willie-deville-concierto-benefico-x-venezuela/" class="url" rel="bookmark" tabindex="-1" aria-hidden="true"><img loading="lazy" decoding="async" width="1020" height="531" src="https://cafelapalma.com/wp-content/uploads/2026/08/Willie-deville-1100x572-1-1040x541.jpg" class="attachment-large size-large wp-post-image" alt="" /></a>
</div>
	<div class="tribe-related-event-info">
	<h3 class="tribe-related-events-title">
		<a href="https://cafelapalma.com/en/programacion/willie-deville-concierto-benefico-x-venezuela/" class="tribe-event-url" rel="bookmark">
			WILLIE DEVILLE: CONCIERTO BENÉFICO X VENEZUELA		</a>
	</h3>
	<span class="tribe-event-date-start">6  September@21:00</span><span class="tribe-event-time">23:45</span></div>
</li>
	</ul>

<p>GUSTAVO CASAS, cantautor y artista nominado al grammy latino regresa con su espectáculo #EliPodHumano a Madrid en el marco de la celebración del los diez años de aniversario de La Sordera. El espectáculo de #EliPodHumano es un show interactivo donde el público le pide las canciones que quieran escuchar. Escucha a GUSTAVO CASAS en Spotify</p>

GUSTAVO CASAS, cantautor y artista nominado al grammy latino regresa con su espectáculo #EliPodHumano a Madrid en el marco de la celebración del los diez años de aniversario de La Sordera. El espectáculo de #EliPodHumano es un show interactivo donde el público le pide las canciones que quieran escuchar. Escucha a GUSTAVO CASAS en Spotify
