{"id":29530,"date":"2024-09-25T13:52:02","date_gmt":"2024-09-25T11:52:02","guid":{"rendered":"https:\/\/cafelapalma.com\/?post_type=tribe_events&#038;p=29530"},"modified":"2024-10-07T10:03:52","modified_gmt":"2024-10-07T08:03:52","slug":"el-gavira-ultimo-concierto","status":"publish","type":"tribe_events","link":"https:\/\/cafelapalma.com\/en\/programacion\/el-gavira-ultimo-concierto\/","title":{"rendered":"EL GAVIRA"},"content":{"rendered":"<div  class=\"tribe-events-schedule tribe-clearfix\" >\n\t<p class=\"tribe-events-schedule__datetime\">\n\t\t<span class=\"tribe-events-schedule__date tribe-events-schedule__date--start\">\n\t\t\t29  November  2024\t\t<\/span>\n\n\t\t\t\t\t<span class=\"tribe-events-schedule__separator tribe-events-schedule__separator--date\">\n\t\t\t\t@\t\t\t<\/span>\n\t\t\t<span class=\"tribe-events-schedule__time tribe-events-schedule__time--start\">\n\t\t\t\t22:00\t\t\t<\/span>\n\t\t\n\t\t\t\t\t\t\t\t\t<span class=\"tribe-events-schedule__separator tribe-events-schedule__separator--time\">\n\t\t\t\t\t&#8211;\t\t\t\t<\/span>\n\t\t\t\n\t\t\t\t\t\t\t<span class=\"tribe-events-schedule__time tribe-events-schedule__time--end\">\n\t\t\t\t\t23:45\t\t\t\t<\/span>\n\t\t\t\n\t\t\t\t\t\t<\/p>\n<\/div>\n\n\n<div  class=\"tribe-block tribe-block__event-price\" >\n\t\t\t<span class=\"tribe-block__event-price__cost\"> ENTRADAS AGOTADAS <\/span>\n\t\t\t\t<span class=\"tribe-block__event-price__description\">#soldout<\/span>\n\t<\/div>\n\n\n\n<div style=\"height:100px\" aria-hidden=\"true\" class=\"wp-block-spacer\"><\/div>\n\n\n\n<div class=\"wp-block-columns is-layout-flex wp-container-core-columns-is-layout-8f761849 wp-block-columns-is-layout-flex\">\n<div class=\"wp-block-column is-layout-flow wp-block-column-is-layout-flow\" style=\"flex-basis:33.33%\">\n<figure class=\"wp-block-image size-full\"><img loading=\"lazy\" decoding=\"async\" width=\"454\" height=\"639\" src=\"https:\/\/cafelapalma.com\/wp-content\/uploads\/2024\/09\/ELGAVIRA-A3-LOW.jpg\" alt=\"\" class=\"wp-image-29531\" srcset=\"https:\/\/cafelapalma.com\/wp-content\/uploads\/2024\/09\/ELGAVIRA-A3-LOW.jpg 454w, https:\/\/cafelapalma.com\/wp-content\/uploads\/2024\/09\/ELGAVIRA-A3-LOW-213x300.jpg 213w, https:\/\/cafelapalma.com\/wp-content\/uploads\/2024\/09\/ELGAVIRA-A3-LOW-43x60.jpg 43w\" sizes=\"auto, (max-width: 454px) 100vw, 454px\" \/><\/figure>\n<\/div>\n\n\n\n<div class=\"wp-block-column is-layout-flow wp-block-column-is-layout-flow\" style=\"flex-basis:66.66%\">\n<div style=\"height:100px\" aria-hidden=\"true\" class=\"wp-block-spacer\"><\/div>\n\n\n\n<p class=\"has-text-align-left wp-block-paragraph\"><strong>EL GAVIRA<\/strong> dar\u00e1 el \u00faltimo concierto con su banda y lo har\u00e1 en <strong>CAFE LA PALMA<\/strong>.&nbsp;<\/p>\n\n\n\n<p class=\"has-text-align-left wp-block-paragraph\"><strong>El Gavira <\/strong>es un proyecto marcado por la iron\u00eda y el sarcasmo donde las melod\u00edas aparentemente pop quedan brillantemente ensuciadas por una actitud punk centennial. Este grupo nace del compromiso con el arte, el humor y el panorama social. Enfocado en ser el altavoz del n\u00facleo estudiantil, su m\u00fasica destila sarcasmo y sus melod\u00edas se aferran a la cabeza.<\/p>\n\n\n\n<p class=\"has-text-align-left wp-block-paragraph\">El proyecto naci\u00f3 en el 2021, como una apuesta personal que buscaba representar c\u00f3mo es vivir en la sociedad actual siendo joven. <strong><em>\u00abCompra Pan\u00bb<\/em><\/strong>, <em><strong>\u00abCasa Encantada\u00bb<\/strong><\/em> y <strong><em>\u201cApocalipsis Furry\u201d<\/em><\/strong> son los singles que componen su \u00faltimo alb\u00fam <strong><em>\u00abM\u00fasica Chiste, M\u00fasica Triste\u00bb<\/em><\/strong>.<\/p>\n\n\n\n<p class=\"has-text-align-right wp-block-paragraph\"><em><a href=\"https:\/\/open.spotify.com\/intl-es\/artist\/1UvQwGhNMpOK3fqW1kBW8s?si=jsSwcE-VQziIZ0vwUXmCYA\">Listen to <\/a><\/em><strong><a href=\"https:\/\/open.spotify.com\/intl-es\/artist\/1UvQwGhNMpOK3fqW1kBW8s?si=jsSwcE-VQziIZ0vwUXmCYA\">EL GAVIRA<\/a><\/strong><em><a href=\"https:\/\/open.spotify.com\/intl-es\/artist\/1UvQwGhNMpOK3fqW1kBW8s?si=jsSwcE-VQziIZ0vwUXmCYA\"> in <\/a><\/em><strong><a href=\"https:\/\/open.spotify.com\/intl-es\/artist\/1UvQwGhNMpOK3fqW1kBW8s?si=jsSwcE-VQziIZ0vwUXmCYA\">Spotify<\/a><\/strong><\/p>\n<\/div>\n<\/div>\n\n\n\n<div style=\"height:100px\" aria-hidden=\"true\" class=\"wp-block-spacer\"><\/div>\n\n\n\n<hr class=\"wp-block-separator has-alpha-channel-opacity\"\/>\n\n\n\n<div style=\"height:100px\" aria-hidden=\"true\" class=\"wp-block-spacer\"><\/div>\n\n\n<h2 class=\"tribe-block__related-events__title\">Related Events<\/h2>\n\n<ul  class=\"tribe-related-events tribe-clearfix\" >\n\t\t\t<li>\n\t\n<div class=\"tribe-related-events-thumbnail\">\n\t<a href=\"https:\/\/cafelapalma.com\/en\/programacion\/funkin-donuts\/\" class=\"url\" rel=\"bookmark\" tabindex=\"-1\" aria-hidden=\"true\"><img loading=\"lazy\" decoding=\"async\" width=\"693\" height=\"1040\" src=\"https:\/\/cafelapalma.com\/wp-content\/uploads\/2026\/07\/FD-vert2-bn-693x1040.jpg\" class=\"attachment-large size-large wp-post-image\" alt=\"\" \/><\/a>\n<\/div>\n\t<div class=\"tribe-related-event-info\">\n\t<h3 class=\"tribe-related-events-title\">\n\t\t<a href=\"https:\/\/cafelapalma.com\/en\/programacion\/funkin-donuts\/\" class=\"tribe-event-url\" rel=\"bookmark\">\n\t\t\tFUNKIN&#8217; DONUTS\t\t<\/a>\n\t<\/h3>\n\t<span class=\"tribe-event-date-start\">5  September@22:00<\/span><span class=\"tribe-event-time\">23:45<\/span><\/div>\n<\/li>\n\t\t\t<li>\n\t\n<div class=\"tribe-related-events-thumbnail\">\n\t<a href=\"https:\/\/cafelapalma.com\/en\/programacion\/backstage-le-petit-truffle-mayo\/\" class=\"url\" rel=\"bookmark\" tabindex=\"-1\" aria-hidden=\"true\"><img loading=\"lazy\" decoding=\"async\" width=\"780\" height=\"1040\" src=\"https:\/\/cafelapalma.com\/wp-content\/uploads\/2026\/07\/Imagen-TruffleMayo-LePetit-i-1-780x1040.png\" class=\"attachment-large size-large wp-post-image\" alt=\"\" \/><\/a>\n<\/div>\n\t<div class=\"tribe-related-event-info\">\n\t<h3 class=\"tribe-related-events-title\">\n\t\t<a href=\"https:\/\/cafelapalma.com\/en\/programacion\/backstage-le-petit-truffle-mayo\/\" class=\"tribe-event-url\" rel=\"bookmark\">\n\t\t\tBACKSTAGE: LE PETIT + TRUFFLE MAYO\t\t<\/a>\n\t<\/h3>\n\t<span class=\"tribe-event-date-start\">5  September@23:55<\/span><\/div>\n<\/li>\n\t\t\t<li>\n\t\n<div class=\"tribe-related-events-thumbnail\">\n\t<a href=\"https:\/\/cafelapalma.com\/en\/programacion\/willie-deville-concierto-benefico-x-venezuela\/\" class=\"url\" rel=\"bookmark\" tabindex=\"-1\" aria-hidden=\"true\"><img loading=\"lazy\" decoding=\"async\" width=\"1020\" height=\"531\" src=\"https:\/\/cafelapalma.com\/wp-content\/uploads\/2026\/08\/Willie-deville-1100x572-1-1040x541.jpg\" class=\"attachment-large size-large wp-post-image\" alt=\"\" \/><\/a>\n<\/div>\n\t<div class=\"tribe-related-event-info\">\n\t<h3 class=\"tribe-related-events-title\">\n\t\t<a href=\"https:\/\/cafelapalma.com\/en\/programacion\/willie-deville-concierto-benefico-x-venezuela\/\" class=\"tribe-event-url\" rel=\"bookmark\">\n\t\t\tWILLIE DEVILLE: CONCIERTO BEN\u00c9FICO X VENEZUELA\t\t<\/a>\n\t<\/h3>\n\t<span class=\"tribe-event-date-start\">6  September@21:00<\/span><span class=\"tribe-event-time\">23:45<\/span><\/div>\n<\/li>\n\t<\/ul>","protected":false},"excerpt":{"rendered":"<p>EL GAVIRA dar\u00e1 el \u00faltimo concierto con su banda y lo har\u00e1 en CAFE LA PALMA.&nbsp; El Gavira es un proyecto marcado por la iron\u00eda y el sarcasmo donde las melod\u00edas aparentemente pop quedan brillantemente ensuciadas por una actitud punk centennial. Este grupo nace del compromiso con el arte, el humor y el panorama social. &hellip; <\/p>","protected":false},"author":2,"featured_media":29619,"template":"","meta":{"_tec_requires_first_save":false,"_uag_custom_page_level_css":"","loftloader_page_shortcode":"","_EventAllDay":false,"_EventTimezone":"Europe\/Madrid","_EventStartDate":"2024-11-29 22:00:00","_EventEndDate":"2024-11-29 23:45:00","_EventStartDateUTC":"2024-11-29 21:00:00","_EventEndDateUTC":"2024-11-29 22:45:00","_EventShowMap":false,"_EventShowMapLink":false,"_EventURL":"https:\/\/link.dice.fm\/gd2c7fa2c055","_EventCost":"ENTRADAS AGOTADAS","_EventCostDescription":"","_EventCurrencySymbol":"\u20ac","_EventCurrencyCode":"USD","_EventCurrencyPosition":"suffix","_EventDateTimeSeparator":"@","_EventTimeRangeSeparator":"-","_EventOrganizerID":[],"_EventVenueID":[],"_OrganizerEmail":"","_OrganizerPhone":"","_OrganizerWebsite":"","_VenueAddress":"","_VenueCity":"","_VenueCountry":"","_VenueProvince":"","_VenueState":"","_VenueZip":"","_VenuePhone":"","_VenueURL":"","_VenueStateProvince":"","_VenueLat":"","_VenueLng":"","_VenueShowMap":false,"_VenueShowMapLink":false,"_tribe_blocks_recurrence_rules":"","_tribe_blocks_recurrence_description":"","_tribe_blocks_recurrence_exclusions":"","_ecp_custom_2":"","_tribe_events_status":"","_tribe_events_status_reason":"","_tribe_events_is_hybrid":"","_tribe_events_is_virtual":"","_tribe_events_virtual_video_source":"","_tribe_events_virtual_embed_video":"","_tribe_events_virtual_linked_button_text":"","_tribe_events_virtual_linked_button":"","_tribe_events_virtual_show_embed_at":"","_tribe_events_virtual_show_embed_to":[],"_tribe_events_virtual_show_on_event":"","_tribe_events_virtual_show_on_views":"","_tribe_events_virtual_url":"","footnotes":""},"tags":[16279,12568,1363,8869,16278,16277,2865,9147,9146,10139,12563,16280,16281,16276],"tribe_events_cat":[8963],"class_list":["post-29530","tribe_events","type-tribe_events","status-publish","has-post-thumbnail","hentry","tag-apocalipsis-furry","tag-ayuso-dominatrix","tag-cafe-la-palma","tag-cafe-la-palma-2","tag-casa-encantada","tag-compra-pan","tag-conciertos-cafe-la-palma","tag-conciertos-madrid","tag-conciertos-malasana","tag-dani-aciron","tag-el-gavira","tag-musica-chiste","tag-musica-triste","tag-punk-centennial","tribe_events_cat-concierto","cat_concierto"],"uagb_featured_image_src":{"full":["https:\/\/cafelapalma.com\/wp-content\/uploads\/2024\/09\/GAVIPIX.jpg",448,671,false],"thumbnail":["https:\/\/cafelapalma.com\/wp-content\/uploads\/2024\/09\/GAVIPIX-150x150.jpg",150,150,true],"medium":["https:\/\/cafelapalma.com\/wp-content\/uploads\/2024\/09\/GAVIPIX-200x300.jpg",200,300,true],"medium_large":["https:\/\/cafelapalma.com\/wp-content\/uploads\/2024\/09\/GAVIPIX.jpg",448,671,false],"large":["https:\/\/cafelapalma.com\/wp-content\/uploads\/2024\/09\/GAVIPIX.jpg",448,671,false],"1536x1536":["https:\/\/cafelapalma.com\/wp-content\/uploads\/2024\/09\/GAVIPIX.jpg",448,671,false],"2048x2048":["https:\/\/cafelapalma.com\/wp-content\/uploads\/2024\/09\/GAVIPIX.jpg",448,671,false],"trp-custom-language-flag":["https:\/\/cafelapalma.com\/wp-content\/uploads\/2024\/09\/GAVIPIX.jpg",8,12,false],"blossom-feminine-slider":["https:\/\/cafelapalma.com\/wp-content\/uploads\/2024\/09\/GAVIPIX-448x649.jpg",448,649,true],"blossom-feminine-featured":["https:\/\/cafelapalma.com\/wp-content\/uploads\/2024\/09\/GAVIPIX-448x600.jpg",448,600,true],"blossom-feminine-with-sidebar":["https:\/\/cafelapalma.com\/wp-content\/uploads\/2024\/09\/GAVIPIX-448x600.jpg",448,600,true],"blossom-feminine-blog":["https:\/\/cafelapalma.com\/wp-content\/uploads\/2024\/09\/GAVIPIX-435x435.jpg",435,435,true],"blossom-feminine-cat":["https:\/\/cafelapalma.com\/wp-content\/uploads\/2024\/09\/GAVIPIX-448x300.jpg",448,300,true],"blossom-feminine-related":["https:\/\/cafelapalma.com\/wp-content\/uploads\/2024\/09\/GAVIPIX-320x200.jpg",320,200,true],"blossom-feminine-schema":["https:\/\/cafelapalma.com\/wp-content\/uploads\/2024\/09\/GAVIPIX-40x60.jpg",40,60,true]},"uagb_author_info":{"display_name":"Victor","author_link":"https:\/\/cafelapalma.com\/en\/author\/comunicacion\/"},"uagb_comment_info":0,"uagb_excerpt":"EL GAVIRA dar\u00e1 el \u00faltimo concierto con su banda y lo har\u00e1 en CAFE LA PALMA.&nbsp; El Gavira es un proyecto marcado por la iron\u00eda y el sarcasmo donde las melod\u00edas aparentemente pop quedan brillantemente ensuciadas por una actitud punk centennial. Este grupo nace del compromiso con el arte, el humor y el panorama social.&hellip;","_links":{"self":[{"href":"https:\/\/cafelapalma.com\/en\/wp-json\/wp\/v2\/tribe_events\/29530","targetHints":{"allow":["GET"]}}],"collection":[{"href":"https:\/\/cafelapalma.com\/en\/wp-json\/wp\/v2\/tribe_events"}],"about":[{"href":"https:\/\/cafelapalma.com\/en\/wp-json\/wp\/v2\/types\/tribe_events"}],"author":[{"embeddable":true,"href":"https:\/\/cafelapalma.com\/en\/wp-json\/wp\/v2\/users\/2"}],"version-history":[{"count":0,"href":"https:\/\/cafelapalma.com\/en\/wp-json\/wp\/v2\/tribe_events\/29530\/revisions"}],"wp:featuredmedia":[{"embeddable":true,"href":"https:\/\/cafelapalma.com\/en\/wp-json\/wp\/v2\/media\/29619"}],"wp:attachment":[{"href":"https:\/\/cafelapalma.com\/en\/wp-json\/wp\/v2\/media?parent=29530"}],"wp:term":[{"taxonomy":"post_tag","embeddable":true,"href":"https:\/\/cafelapalma.com\/en\/wp-json\/wp\/v2\/tags?post=29530"},{"taxonomy":"tribe_events_cat","embeddable":true,"href":"https:\/\/cafelapalma.com\/en\/wp-json\/wp\/v2\/tribe_events_cat?post=29530"}],"curies":[{"name":"wp","href":"https:\/\/api.w.org\/{rel}","templated":true}]}}

<div  class="tribe-events-schedule tribe-clearfix" >
	<p class="tribe-events-schedule__datetime">
		<span class="tribe-events-schedule__date tribe-events-schedule__date--start">
			29  November  2024		</span>

					<span class="tribe-events-schedule__separator tribe-events-schedule__separator--date">
				@			</span>
			<span class="tribe-events-schedule__time tribe-events-schedule__time--start">
				22:00			</span>
		
									<span class="tribe-events-schedule__separator tribe-events-schedule__separator--time">
					&#8211;				</span>
			
							<span class="tribe-events-schedule__time tribe-events-schedule__time--end">
					23:45				</span>
			
						</p>
</div>


<div  class="tribe-block tribe-block__event-price" >
			<span class="tribe-block__event-price__cost"> ENTRADAS AGOTADAS </span>
				<span class="tribe-block__event-price__description">#soldout</span>
	</div>



<div style="height:100px" aria-hidden="true" class="wp-block-spacer"></div>



<div class="wp-block-columns is-layout-flex wp-container-core-columns-is-layout-8f761849 wp-block-columns-is-layout-flex">
<div class="wp-block-column is-layout-flow wp-block-column-is-layout-flow" style="flex-basis:33.33%">
<figure class="wp-block-image size-full"><img loading="lazy" decoding="async" width="454" height="639" src="https://cafelapalma.com/wp-content/uploads/2024/09/ELGAVIRA-A3-LOW.jpg" alt="" class="wp-image-29531" srcset="https://cafelapalma.com/wp-content/uploads/2024/09/ELGAVIRA-A3-LOW.jpg 454w, https://cafelapalma.com/wp-content/uploads/2024/09/ELGAVIRA-A3-LOW-213x300.jpg 213w, https://cafelapalma.com/wp-content/uploads/2024/09/ELGAVIRA-A3-LOW-43x60.jpg 43w" sizes="auto, (max-width: 454px) 100vw, 454px" /></figure>
</div>



<div class="wp-block-column is-layout-flow wp-block-column-is-layout-flow" style="flex-basis:66.66%">
<div style="height:100px" aria-hidden="true" class="wp-block-spacer"></div>



<p class="has-text-align-left wp-block-paragraph"><strong>EL GAVIRA</strong> dará el último concierto con su banda y lo hará en <strong>CAFE LA PALMA</strong>.&nbsp;</p>



<p class="has-text-align-left wp-block-paragraph"><strong>El Gavira </strong>es un proyecto marcado por la ironía y el sarcasmo donde las melodías aparentemente pop quedan brillantemente ensuciadas por una actitud punk centennial. Este grupo nace del compromiso con el arte, el humor y el panorama social. Enfocado en ser el altavoz del núcleo estudiantil, su música destila sarcasmo y sus melodías se aferran a la cabeza.</p>



<p class="has-text-align-left wp-block-paragraph">El proyecto nació en el 2021, como una apuesta personal que buscaba representar cómo es vivir en la sociedad actual siendo joven. <strong><em>«Compra Pan»</em></strong>, <em><strong>«Casa Encantada»</strong></em> y <strong><em>“Apocalipsis Furry”</em></strong> son los singles que componen su último albúm <strong><em>«Música Chiste, Música Triste»</em></strong>.</p>



<p class="has-text-align-right wp-block-paragraph"><em><a href="https://open.spotify.com/intl-es/artist/1UvQwGhNMpOK3fqW1kBW8s?si=jsSwcE-VQziIZ0vwUXmCYA">Listen to </a></em><strong><a href="https://open.spotify.com/intl-es/artist/1UvQwGhNMpOK3fqW1kBW8s?si=jsSwcE-VQziIZ0vwUXmCYA">EL GAVIRA</a></strong><em><a href="https://open.spotify.com/intl-es/artist/1UvQwGhNMpOK3fqW1kBW8s?si=jsSwcE-VQziIZ0vwUXmCYA"> in </a></em><strong><a href="https://open.spotify.com/intl-es/artist/1UvQwGhNMpOK3fqW1kBW8s?si=jsSwcE-VQziIZ0vwUXmCYA">Spotify</a></strong></p>
</div>
</div>



<div style="height:100px" aria-hidden="true" class="wp-block-spacer"></div>



<hr class="wp-block-separator has-alpha-channel-opacity"/>



<div style="height:100px" aria-hidden="true" class="wp-block-spacer"></div>


<h2 class="tribe-block__related-events__title">Related Events</h2>

<ul  class="tribe-related-events tribe-clearfix" >
			<li>
	
<div class="tribe-related-events-thumbnail">
	<a href="https://cafelapalma.com/en/programacion/funkin-donuts/" class="url" rel="bookmark" tabindex="-1" aria-hidden="true"><img loading="lazy" decoding="async" width="693" height="1040" src="https://cafelapalma.com/wp-content/uploads/2026/07/FD-vert2-bn-693x1040.jpg" class="attachment-large size-large wp-post-image" alt="" /></a>
</div>
	<div class="tribe-related-event-info">
	<h3 class="tribe-related-events-title">
		<a href="https://cafelapalma.com/en/programacion/funkin-donuts/" class="tribe-event-url" rel="bookmark">
			FUNKIN&#8217; DONUTS		</a>
	</h3>
	<span class="tribe-event-date-start">5  September@22:00</span><span class="tribe-event-time">23:45</span></div>
</li>
			<li>
	
<div class="tribe-related-events-thumbnail">
	<a href="https://cafelapalma.com/en/programacion/backstage-le-petit-truffle-mayo/" class="url" rel="bookmark" tabindex="-1" aria-hidden="true"><img loading="lazy" decoding="async" width="780" height="1040" src="https://cafelapalma.com/wp-content/uploads/2026/07/Imagen-TruffleMayo-LePetit-i-1-780x1040.png" class="attachment-large size-large wp-post-image" alt="" /></a>
</div>
	<div class="tribe-related-event-info">
	<h3 class="tribe-related-events-title">
		<a href="https://cafelapalma.com/en/programacion/backstage-le-petit-truffle-mayo/" class="tribe-event-url" rel="bookmark">
			BACKSTAGE: LE PETIT + TRUFFLE MAYO		</a>
	</h3>
	<span class="tribe-event-date-start">5  September@23:55</span></div>
</li>
			<li>
	
<div class="tribe-related-events-thumbnail">
	<a href="https://cafelapalma.com/en/programacion/willie-deville-concierto-benefico-x-venezuela/" class="url" rel="bookmark" tabindex="-1" aria-hidden="true"><img loading="lazy" decoding="async" width="1020" height="531" src="https://cafelapalma.com/wp-content/uploads/2026/08/Willie-deville-1100x572-1-1040x541.jpg" class="attachment-large size-large wp-post-image" alt="" /></a>
</div>
	<div class="tribe-related-event-info">
	<h3 class="tribe-related-events-title">
		<a href="https://cafelapalma.com/en/programacion/willie-deville-concierto-benefico-x-venezuela/" class="tribe-event-url" rel="bookmark">
			WILLIE DEVILLE: CONCIERTO BENÉFICO X VENEZUELA		</a>
	</h3>
	<span class="tribe-event-date-start">6  September@21:00</span><span class="tribe-event-time">23:45</span></div>
</li>
	</ul>

<p>EL GAVIRA dará el último concierto con su banda y lo hará en CAFE LA PALMA.&nbsp; El Gavira es un proyecto marcado por la ironía y el sarcasmo donde las melodías aparentemente pop quedan brillantemente ensuciadas por una actitud punk centennial. Este grupo nace del compromiso con el arte, el humor y el panorama social. &hellip; </p>

EL GAVIRA dará el último concierto con su banda y lo hará en CAFE LA PALMA.&nbsp; El Gavira es un proyecto marcado por la ironía y el sarcasmo donde las melodías aparentemente pop quedan brillantemente ensuciadas por una actitud punk centennial. Este grupo nace del compromiso con el arte, el humor y el panorama social.&hellip;
