{"id":29590,"date":"2024-10-02T12:17:27","date_gmt":"2024-10-02T10:17:27","guid":{"rendered":"https:\/\/cafelapalma.com\/?post_type=tribe_events&#038;p=29590"},"modified":"2024-11-17T11:46:05","modified_gmt":"2024-11-17T10:46:05","slug":"very-magenta","status":"publish","type":"tribe_events","link":"https:\/\/cafelapalma.com\/en\/programacion\/very-magenta\/","title":{"rendered":"VERY MAGENTA"},"content":{"rendered":"<div  class=\"tribe-events-schedule tribe-clearfix\" >\n\t<p class=\"tribe-events-schedule__datetime\">\n\t\t<span class=\"tribe-events-schedule__date tribe-events-schedule__date--start\">\n\t\t\t17  November  2024\t\t<\/span>\n\n\t\t\t\t\t<span class=\"tribe-events-schedule__separator tribe-events-schedule__separator--date\">\n\t\t\t\t@\t\t\t<\/span>\n\t\t\t<span class=\"tribe-events-schedule__time tribe-events-schedule__time--start\">\n\t\t\t\t21:00\t\t\t<\/span>\n\t\t\n\t\t\t\t\t\t\t\t\t<span class=\"tribe-events-schedule__separator tribe-events-schedule__separator--time\">\n\t\t\t\t\t&#8211;\t\t\t\t<\/span>\n\t\t\t\n\t\t\t\t\t\t\t<span class=\"tribe-events-schedule__time tribe-events-schedule__time--end\">\n\t\t\t\t\t23:00\t\t\t\t<\/span>\n\t\t\t\n\t\t\t\t\t\t<\/p>\n<\/div>\n\n\n<div  class=\"tribe-block tribe-block__event-price\" >\n\t\t\t<span class=\"tribe-block__event-price__cost\"> 14\u20ac <\/span>\n\t\t\t\t<span class=\"tribe-block__event-price__description\">+ gg Anticipada | 16\u20ac Taquilla [ Incluye DOBLE DE CERVEZA DE BARRIL o REFRESCO ]<\/span>\n\t<\/div>\n\n\n\n<div style=\"height:100px\" aria-hidden=\"true\" class=\"wp-block-spacer\"><\/div>\n\n\n\n<div class=\"wp-block-columns is-layout-flex wp-container-core-columns-is-layout-8f761849 wp-block-columns-is-layout-flex\">\n<div class=\"wp-block-column is-layout-flow wp-block-column-is-layout-flow\" style=\"flex-basis:33.33%\">\n<figure class=\"wp-block-image size-large\"><img loading=\"lazy\" decoding=\"async\" width=\"739\" height=\"1040\" src=\"https:\/\/cafelapalma.com\/wp-content\/uploads\/2024\/10\/VERY-MAGENTA-A3-2-LOW-739x1040.jpg\" alt=\"\" class=\"wp-image-29591\" srcset=\"https:\/\/cafelapalma.com\/wp-content\/uploads\/2024\/10\/VERY-MAGENTA-A3-2-LOW-739x1040.jpg 739w, https:\/\/cafelapalma.com\/wp-content\/uploads\/2024\/10\/VERY-MAGENTA-A3-2-LOW-213x300.jpg 213w, https:\/\/cafelapalma.com\/wp-content\/uploads\/2024\/10\/VERY-MAGENTA-A3-2-LOW-768x1081.jpg 768w, https:\/\/cafelapalma.com\/wp-content\/uploads\/2024\/10\/VERY-MAGENTA-A3-2-LOW-1091x1536.jpg 1091w, https:\/\/cafelapalma.com\/wp-content\/uploads\/2024\/10\/VERY-MAGENTA-A3-2-LOW-43x60.jpg 43w, https:\/\/cafelapalma.com\/wp-content\/uploads\/2024\/10\/VERY-MAGENTA-A3-2-LOW.jpg 1137w\" sizes=\"auto, (max-width: 739px) 100vw, 739px\" \/><\/figure>\n\n\n<div  class=\"tribe-block tribe-block__event-website\" >\n\t<a\n\t\thref=\"https:\/\/www.passline.com\/eventos\/very-magenta\"\n\t\ttarget=\"_self\"\n\t\t\t>\n\t\tCOMPRAR ENTRADAS\t<\/a>\n<\/div>\n<\/div>\n\n\n\n<div class=\"wp-block-column is-layout-flow wp-block-column-is-layout-flow\" style=\"flex-basis:66.66%\">\n<div style=\"height:100px\" aria-hidden=\"true\" class=\"wp-block-spacer\"><\/div>\n\n\n\n<p class=\"has-text-align-left wp-block-paragraph\"><strong>Pablo <\/strong>voz y guitarra. <strong>Miguel <\/strong>guitarra y bajo. Se conocieron haciendo una jam que organiz\u00f3 una amiga del trabajo y que dio lugar m\u00e1s tarde al proyecto <strong>very magenta<\/strong>.<\/p>\n\n\n\n<p class=\"has-text-align-left wp-block-paragraph\">Este a\u00f1o se adentran en la escena indie pop con singles como <strong><em>\u00abEl amor de tu vida\u00bb<\/em><\/strong> o <em><strong>\u00abQu\u00e9 pereza, la verdad\u00bb<\/strong><\/em>, que apuestan de forma consistente por un sonido nost\u00e1lgico y delicado, acompa\u00f1ado de letras cargadas de introspecci\u00f3n, cotidianidad y honestidad.<\/p>\n\n\n\n<p class=\"has-text-align-left wp-block-paragraph\"><strong>CAFE LA PALMA<\/strong> ser\u00e1 el escenario del primer concierto del grupo, donde presentar\u00e1n los singles ya lanzados y temas in\u00e9ditos que nos acompa\u00f1ar\u00e1n en esta etapa inicial de su carrera.<\/p>\n\n\n\n<p class=\"has-text-align-right wp-block-paragraph\"><em><a href=\"https:\/\/open.spotify.com\/intl-es\/artist\/6XXXKQtXtkH9yrjAKYF9z6?si=0RBzYVjOT6iL9pihvDJqvQ\">Escucha a <\/a><\/em><strong><a href=\"https:\/\/open.spotify.com\/intl-es\/artist\/6XXXKQtXtkH9yrjAKYF9z6?si=0RBzYVjOT6iL9pihvDJqvQ\">VERY MAGENTA<\/a><\/strong><em><a href=\"https:\/\/open.spotify.com\/intl-es\/artist\/6XXXKQtXtkH9yrjAKYF9z6?si=0RBzYVjOT6iL9pihvDJqvQ\"> en <\/a><\/em><strong><a href=\"https:\/\/open.spotify.com\/intl-es\/artist\/6XXXKQtXtkH9yrjAKYF9z6?si=0RBzYVjOT6iL9pihvDJqvQ\">Spotify<\/a><\/strong><\/p>\n<\/div>\n<\/div>\n\n\n\n<div style=\"height:100px\" aria-hidden=\"true\" class=\"wp-block-spacer\"><\/div>\n\n\n\n<hr class=\"wp-block-separator has-alpha-channel-opacity\"\/>\n\n\n\n<div style=\"height:100px\" aria-hidden=\"true\" class=\"wp-block-spacer\"><\/div>\n\n\n<h2 class=\"tribe-block__related-events__title\">Related Events<\/h2>\n\n<ul  class=\"tribe-related-events tribe-clearfix\" >\n\t\t\t<li>\n\t\n<div class=\"tribe-related-events-thumbnail\">\n\t<a href=\"https:\/\/cafelapalma.com\/en\/programacion\/funkin-donuts\/\" class=\"url\" rel=\"bookmark\" tabindex=\"-1\" aria-hidden=\"true\"><img loading=\"lazy\" decoding=\"async\" width=\"693\" height=\"1040\" src=\"https:\/\/cafelapalma.com\/wp-content\/uploads\/2026\/07\/FD-vert2-bn-693x1040.jpg\" class=\"attachment-large size-large wp-post-image\" alt=\"\" \/><\/a>\n<\/div>\n\t<div class=\"tribe-related-event-info\">\n\t<h3 class=\"tribe-related-events-title\">\n\t\t<a href=\"https:\/\/cafelapalma.com\/en\/programacion\/funkin-donuts\/\" class=\"tribe-event-url\" rel=\"bookmark\">\n\t\t\tFUNKIN&#8217; DONUTS\t\t<\/a>\n\t<\/h3>\n\t<span class=\"tribe-event-date-start\">5  September@22:00<\/span><span class=\"tribe-event-time\">23:45<\/span><\/div>\n<\/li>\n\t\t\t<li>\n\t\n<div class=\"tribe-related-events-thumbnail\">\n\t<a href=\"https:\/\/cafelapalma.com\/en\/programacion\/backstage-le-petit-truffle-mayo\/\" class=\"url\" rel=\"bookmark\" tabindex=\"-1\" aria-hidden=\"true\"><img loading=\"lazy\" decoding=\"async\" width=\"780\" height=\"1040\" src=\"https:\/\/cafelapalma.com\/wp-content\/uploads\/2026\/07\/Imagen-TruffleMayo-LePetit-i-1-780x1040.png\" class=\"attachment-large size-large wp-post-image\" alt=\"\" \/><\/a>\n<\/div>\n\t<div class=\"tribe-related-event-info\">\n\t<h3 class=\"tribe-related-events-title\">\n\t\t<a href=\"https:\/\/cafelapalma.com\/en\/programacion\/backstage-le-petit-truffle-mayo\/\" class=\"tribe-event-url\" rel=\"bookmark\">\n\t\t\tBACKSTAGE: LE PETIT + TRUFFLE MAYO\t\t<\/a>\n\t<\/h3>\n\t<span class=\"tribe-event-date-start\">5  September@23:55<\/span><\/div>\n<\/li>\n\t\t\t<li>\n\t\n<div class=\"tribe-related-events-thumbnail\">\n\t<a href=\"https:\/\/cafelapalma.com\/en\/programacion\/willie-deville-concierto-benefico-x-venezuela\/\" class=\"url\" rel=\"bookmark\" tabindex=\"-1\" aria-hidden=\"true\"><img loading=\"lazy\" decoding=\"async\" width=\"1020\" height=\"531\" src=\"https:\/\/cafelapalma.com\/wp-content\/uploads\/2026\/08\/Willie-deville-1100x572-1-1040x541.jpg\" class=\"attachment-large size-large wp-post-image\" alt=\"\" \/><\/a>\n<\/div>\n\t<div class=\"tribe-related-event-info\">\n\t<h3 class=\"tribe-related-events-title\">\n\t\t<a href=\"https:\/\/cafelapalma.com\/en\/programacion\/willie-deville-concierto-benefico-x-venezuela\/\" class=\"tribe-event-url\" rel=\"bookmark\">\n\t\t\tWILLIE DEVILLE: CONCIERTO BEN\u00c9FICO X VENEZUELA\t\t<\/a>\n\t<\/h3>\n\t<span class=\"tribe-event-date-start\">6  September@21:00<\/span><span class=\"tribe-event-time\">23:45<\/span><\/div>\n<\/li>\n\t<\/ul>\n","protected":false},"excerpt":{"rendered":"<p>Pablo voz y guitarra. Miguel guitarra y bajo. Se conocieron haciendo una jam que organiz\u00f3 una amiga del trabajo y que dio lugar m\u00e1s tarde al proyecto very magenta. Este a\u00f1o se adentran en la escena indie pop con singles como \u00abEl amor de tu vida\u00bb o \u00abQu\u00e9 pereza, la verdad\u00bb, que apuestan de forma &hellip; <\/p>","protected":false},"author":2,"featured_media":29592,"template":"","meta":{"_tec_requires_first_save":false,"_uag_custom_page_level_css":"","loftloader_page_shortcode":"","_EventAllDay":false,"_EventTimezone":"Europe\/Madrid","_EventStartDate":"2024-11-17 21:00:00","_EventEndDate":"2024-11-17 23:00:00","_EventStartDateUTC":"2024-11-17 20:00:00","_EventEndDateUTC":"2024-11-17 22:00:00","_EventShowMap":false,"_EventShowMapLink":false,"_EventURL":"https:\/\/www.passline.com\/eventos\/very-magenta","_EventCost":"14","_EventCostDescription":"","_EventCurrencySymbol":"\u20ac","_EventCurrencyCode":"USD","_EventCurrencyPosition":"suffix","_EventDateTimeSeparator":"@","_EventTimeRangeSeparator":"-","_EventOrganizerID":[],"_EventVenueID":[],"_OrganizerEmail":"","_OrganizerPhone":"","_OrganizerWebsite":"","_VenueAddress":"","_VenueCity":"","_VenueCountry":"","_VenueProvince":"","_VenueState":"","_VenueZip":"","_VenuePhone":"","_VenueURL":"","_VenueStateProvince":"","_VenueLat":"","_VenueLng":"","_VenueShowMap":false,"_VenueShowMapLink":false,"_tribe_blocks_recurrence_rules":"","_tribe_blocks_recurrence_description":"","_tribe_blocks_recurrence_exclusions":"","_ecp_custom_2":"","_tribe_events_status":"","_tribe_events_status_reason":"","_tribe_events_is_hybrid":"","_tribe_events_is_virtual":"","_tribe_events_virtual_video_source":"","_tribe_events_virtual_embed_video":"","_tribe_events_virtual_linked_button_text":"","_tribe_events_virtual_linked_button":"","_tribe_events_virtual_show_embed_at":"","_tribe_events_virtual_show_embed_to":[],"_tribe_events_virtual_show_on_event":"","_tribe_events_virtual_show_on_views":"","_tribe_events_virtual_url":"","footnotes":""},"tags":[1363,8869,2865,9147,9146,16325,8970,16324,1355,16328,16323],"tribe_events_cat":[8963],"class_list":["post-29590","tribe_events","type-tribe_events","status-publish","has-post-thumbnail","hentry","tag-cafe-la-palma","tag-cafe-la-palma-2","tag-conciertos-cafe-la-palma","tag-conciertos-madrid","tag-conciertos-malasana","tag-el-amor-de-tu-vida","tag-indie","tag-pablo-y-miguel","tag-pop","tag-que-pereza-la-verdad","tag-very-magenta","tribe_events_cat-concierto","cat_concierto"],"uagb_featured_image_src":{"full":["https:\/\/cafelapalma.com\/wp-content\/uploads\/2024\/10\/very-magenta-scaled.jpg",2368,3000,false],"thumbnail":["https:\/\/cafelapalma.com\/wp-content\/uploads\/2024\/10\/very-magenta-150x150.jpg",150,150,true],"medium":["https:\/\/cafelapalma.com\/wp-content\/uploads\/2024\/10\/very-magenta-237x300.jpg",237,300,true],"medium_large":["https:\/\/cafelapalma.com\/wp-content\/uploads\/2024\/10\/very-magenta-768x973.jpg",768,973,true],"large":["https:\/\/cafelapalma.com\/wp-content\/uploads\/2024\/10\/very-magenta-821x1040.jpg",821,1040,true],"1536x1536":["https:\/\/cafelapalma.com\/wp-content\/uploads\/2024\/10\/very-magenta-1212x1536.jpg",1212,1536,true],"2048x2048":["https:\/\/cafelapalma.com\/wp-content\/uploads\/2024\/10\/very-magenta-1616x2048.jpg",1616,2048,true],"trp-custom-language-flag":["https:\/\/cafelapalma.com\/wp-content\/uploads\/2024\/10\/very-magenta-scaled.jpg",9,12,false],"blossom-feminine-slider":["https:\/\/cafelapalma.com\/wp-content\/uploads\/2024\/10\/very-magenta-1920x649.jpg",1920,649,true],"blossom-feminine-featured":["https:\/\/cafelapalma.com\/wp-content\/uploads\/2024\/10\/very-magenta-1410x600.jpg",1410,600,true],"blossom-feminine-with-sidebar":["https:\/\/cafelapalma.com\/wp-content\/uploads\/2024\/10\/very-magenta-1020x600.jpg",1020,600,true],"blossom-feminine-blog":["https:\/\/cafelapalma.com\/wp-content\/uploads\/2024\/10\/very-magenta-435x435.jpg",435,435,true],"blossom-feminine-cat":["https:\/\/cafelapalma.com\/wp-content\/uploads\/2024\/10\/very-magenta-450x300.jpg",450,300,true],"blossom-feminine-related":["https:\/\/cafelapalma.com\/wp-content\/uploads\/2024\/10\/very-magenta-320x200.jpg",320,200,true],"blossom-feminine-schema":["https:\/\/cafelapalma.com\/wp-content\/uploads\/2024\/10\/very-magenta-47x60.jpg",47,60,true]},"uagb_author_info":{"display_name":"Victor","author_link":"https:\/\/cafelapalma.com\/en\/author\/comunicacion\/"},"uagb_comment_info":0,"uagb_excerpt":"Pablo voz y guitarra. Miguel guitarra y bajo. Se conocieron haciendo una jam que organiz\u00f3 una amiga del trabajo y que dio lugar m\u00e1s tarde al proyecto very magenta. Este a\u00f1o se adentran en la escena indie pop con singles como \u00abEl amor de tu vida\u00bb o \u00abQu\u00e9 pereza, la verdad\u00bb, que apuestan de forma&hellip;","_links":{"self":[{"href":"https:\/\/cafelapalma.com\/en\/wp-json\/wp\/v2\/tribe_events\/29590","targetHints":{"allow":["GET"]}}],"collection":[{"href":"https:\/\/cafelapalma.com\/en\/wp-json\/wp\/v2\/tribe_events"}],"about":[{"href":"https:\/\/cafelapalma.com\/en\/wp-json\/wp\/v2\/types\/tribe_events"}],"author":[{"embeddable":true,"href":"https:\/\/cafelapalma.com\/en\/wp-json\/wp\/v2\/users\/2"}],"version-history":[{"count":0,"href":"https:\/\/cafelapalma.com\/en\/wp-json\/wp\/v2\/tribe_events\/29590\/revisions"}],"wp:featuredmedia":[{"embeddable":true,"href":"https:\/\/cafelapalma.com\/en\/wp-json\/wp\/v2\/media\/29592"}],"wp:attachment":[{"href":"https:\/\/cafelapalma.com\/en\/wp-json\/wp\/v2\/media?parent=29590"}],"wp:term":[{"taxonomy":"post_tag","embeddable":true,"href":"https:\/\/cafelapalma.com\/en\/wp-json\/wp\/v2\/tags?post=29590"},{"taxonomy":"tribe_events_cat","embeddable":true,"href":"https:\/\/cafelapalma.com\/en\/wp-json\/wp\/v2\/tribe_events_cat?post=29590"}],"curies":[{"name":"wp","href":"https:\/\/api.w.org\/{rel}","templated":true}]}}

<div  class="tribe-events-schedule tribe-clearfix" >
	<p class="tribe-events-schedule__datetime">
		<span class="tribe-events-schedule__date tribe-events-schedule__date--start">
			17  November  2024		</span>

					<span class="tribe-events-schedule__separator tribe-events-schedule__separator--date">
				@			</span>
			<span class="tribe-events-schedule__time tribe-events-schedule__time--start">
				21:00			</span>
		
									<span class="tribe-events-schedule__separator tribe-events-schedule__separator--time">
					&#8211;				</span>
			
							<span class="tribe-events-schedule__time tribe-events-schedule__time--end">
					23:00				</span>
			
						</p>
</div>


<div  class="tribe-block tribe-block__event-price" >
			<span class="tribe-block__event-price__cost"> 14€ </span>
				<span class="tribe-block__event-price__description">+ gg Anticipada | 16€ Taquilla [ Incluye DOBLE DE CERVEZA DE BARRIL o REFRESCO ]</span>
	</div>



<div style="height:100px" aria-hidden="true" class="wp-block-spacer"></div>



<div class="wp-block-columns is-layout-flex wp-container-core-columns-is-layout-8f761849 wp-block-columns-is-layout-flex">
<div class="wp-block-column is-layout-flow wp-block-column-is-layout-flow" style="flex-basis:33.33%">
<figure class="wp-block-image size-large"><img loading="lazy" decoding="async" width="739" height="1040" src="https://cafelapalma.com/wp-content/uploads/2024/10/VERY-MAGENTA-A3-2-LOW-739x1040.jpg" alt="" class="wp-image-29591" srcset="https://cafelapalma.com/wp-content/uploads/2024/10/VERY-MAGENTA-A3-2-LOW-739x1040.jpg 739w, https://cafelapalma.com/wp-content/uploads/2024/10/VERY-MAGENTA-A3-2-LOW-213x300.jpg 213w, https://cafelapalma.com/wp-content/uploads/2024/10/VERY-MAGENTA-A3-2-LOW-768x1081.jpg 768w, https://cafelapalma.com/wp-content/uploads/2024/10/VERY-MAGENTA-A3-2-LOW-1091x1536.jpg 1091w, https://cafelapalma.com/wp-content/uploads/2024/10/VERY-MAGENTA-A3-2-LOW-43x60.jpg 43w, https://cafelapalma.com/wp-content/uploads/2024/10/VERY-MAGENTA-A3-2-LOW.jpg 1137w" sizes="auto, (max-width: 739px) 100vw, 739px" /></figure>


<div  class="tribe-block tribe-block__event-website" >
	<a
		href="https://www.passline.com/eventos/very-magenta"
		target="_self"
			>
		COMPRAR ENTRADAS	</a>
</div>
</div>



<div class="wp-block-column is-layout-flow wp-block-column-is-layout-flow" style="flex-basis:66.66%">
<div style="height:100px" aria-hidden="true" class="wp-block-spacer"></div>



<p class="has-text-align-left wp-block-paragraph"><strong>Pablo </strong>voz y guitarra. <strong>Miguel </strong>guitarra y bajo. Se conocieron haciendo una jam que organizó una amiga del trabajo y que dio lugar más tarde al proyecto <strong>very magenta</strong>.</p>



<p class="has-text-align-left wp-block-paragraph">Este año se adentran en la escena indie pop con singles como <strong><em>«El amor de tu vida»</em></strong> o <em><strong>«Qué pereza, la verdad»</strong></em>, que apuestan de forma consistente por un sonido nostálgico y delicado, acompañado de letras cargadas de introspección, cotidianidad y honestidad.</p>



<p class="has-text-align-left wp-block-paragraph"><strong>CAFE LA PALMA</strong> será el escenario del primer concierto del grupo, donde presentarán los singles ya lanzados y temas inéditos que nos acompañarán en esta etapa inicial de su carrera.</p>



<p class="has-text-align-right wp-block-paragraph"><em><a href="https://open.spotify.com/intl-es/artist/6XXXKQtXtkH9yrjAKYF9z6?si=0RBzYVjOT6iL9pihvDJqvQ">Escucha a </a></em><strong><a href="https://open.spotify.com/intl-es/artist/6XXXKQtXtkH9yrjAKYF9z6?si=0RBzYVjOT6iL9pihvDJqvQ">VERY MAGENTA</a></strong><em><a href="https://open.spotify.com/intl-es/artist/6XXXKQtXtkH9yrjAKYF9z6?si=0RBzYVjOT6iL9pihvDJqvQ"> en </a></em><strong><a href="https://open.spotify.com/intl-es/artist/6XXXKQtXtkH9yrjAKYF9z6?si=0RBzYVjOT6iL9pihvDJqvQ">Spotify</a></strong></p>
</div>
</div>



<div style="height:100px" aria-hidden="true" class="wp-block-spacer"></div>



<hr class="wp-block-separator has-alpha-channel-opacity"/>



<div style="height:100px" aria-hidden="true" class="wp-block-spacer"></div>


<h2 class="tribe-block__related-events__title">Related Events</h2>

<ul  class="tribe-related-events tribe-clearfix" >
			<li>
	
<div class="tribe-related-events-thumbnail">
	<a href="https://cafelapalma.com/en/programacion/funkin-donuts/" class="url" rel="bookmark" tabindex="-1" aria-hidden="true"><img loading="lazy" decoding="async" width="693" height="1040" src="https://cafelapalma.com/wp-content/uploads/2026/07/FD-vert2-bn-693x1040.jpg" class="attachment-large size-large wp-post-image" alt="" /></a>
</div>
	<div class="tribe-related-event-info">
	<h3 class="tribe-related-events-title">
		<a href="https://cafelapalma.com/en/programacion/funkin-donuts/" class="tribe-event-url" rel="bookmark">
			FUNKIN&#8217; DONUTS		</a>
	</h3>
	<span class="tribe-event-date-start">5  September@22:00</span><span class="tribe-event-time">23:45</span></div>
</li>
			<li>
	
<div class="tribe-related-events-thumbnail">
	<a href="https://cafelapalma.com/en/programacion/backstage-le-petit-truffle-mayo/" class="url" rel="bookmark" tabindex="-1" aria-hidden="true"><img loading="lazy" decoding="async" width="780" height="1040" src="https://cafelapalma.com/wp-content/uploads/2026/07/Imagen-TruffleMayo-LePetit-i-1-780x1040.png" class="attachment-large size-large wp-post-image" alt="" /></a>
</div>
	<div class="tribe-related-event-info">
	<h3 class="tribe-related-events-title">
		<a href="https://cafelapalma.com/en/programacion/backstage-le-petit-truffle-mayo/" class="tribe-event-url" rel="bookmark">
			BACKSTAGE: LE PETIT + TRUFFLE MAYO		</a>
	</h3>
	<span class="tribe-event-date-start">5  September@23:55</span></div>
</li>
			<li>
	
<div class="tribe-related-events-thumbnail">
	<a href="https://cafelapalma.com/en/programacion/willie-deville-concierto-benefico-x-venezuela/" class="url" rel="bookmark" tabindex="-1" aria-hidden="true"><img loading="lazy" decoding="async" width="1020" height="531" src="https://cafelapalma.com/wp-content/uploads/2026/08/Willie-deville-1100x572-1-1040x541.jpg" class="attachment-large size-large wp-post-image" alt="" /></a>
</div>
	<div class="tribe-related-event-info">
	<h3 class="tribe-related-events-title">
		<a href="https://cafelapalma.com/en/programacion/willie-deville-concierto-benefico-x-venezuela/" class="tribe-event-url" rel="bookmark">
			WILLIE DEVILLE: CONCIERTO BENÉFICO X VENEZUELA		</a>
	</h3>
	<span class="tribe-event-date-start">6  September@21:00</span><span class="tribe-event-time">23:45</span></div>
</li>
	</ul>

<p>Pablo voz y guitarra. Miguel guitarra y bajo. Se conocieron haciendo una jam que organizó una amiga del trabajo y que dio lugar más tarde al proyecto very magenta. Este año se adentran en la escena indie pop con singles como «El amor de tu vida» o «Qué pereza, la verdad», que apuestan de forma &hellip; </p>

Pablo voz y guitarra. Miguel guitarra y bajo. Se conocieron haciendo una jam que organizó una amiga del trabajo y que dio lugar más tarde al proyecto very magenta. Este año se adentran en la escena indie pop con singles como «El amor de tu vida» o «Qué pereza, la verdad», que apuestan de forma&hellip;
