{"id":29674,"date":"2024-10-21T16:23:19","date_gmt":"2024-10-21T14:23:19","guid":{"rendered":"https:\/\/cafelapalma.com\/programacion\/pluriel-5-copy\/"},"modified":"2024-10-21T16:26:18","modified_gmt":"2024-10-21T14:26:18","slug":"pluriel-6","status":"publish","type":"tribe_events","link":"https:\/\/cafelapalma.com\/en\/programacion\/pluriel-6\/","title":{"rendered":"PLURIEL"},"content":{"rendered":"<div  class=\"tribe-events-schedule tribe-clearfix\" >\n\t<p class=\"tribe-events-schedule__datetime\">\n\t\t<span class=\"tribe-events-schedule__date tribe-events-schedule__date--start\">\n\t\t\t16  November  2024\t\t<\/span>\n\n\t\t\t\t\t<span class=\"tribe-events-schedule__separator tribe-events-schedule__separator--date\">\n\t\t\t\t@\t\t\t<\/span>\n\t\t\t<span class=\"tribe-events-schedule__time tribe-events-schedule__time--start\">\n\t\t\t\t23:50\t\t\t<\/span>\n\t\t\n\t\t\t\t\t\t\t\t\t<span class=\"tribe-events-schedule__separator tribe-events-schedule__separator--time\">\n\t\t\t\t\t&#8211;\t\t\t\t<\/span>\n\t\t\t\n\t\t\t\t\t\t\t<span class=\"tribe-events-schedule__time tribe-events-schedule__time--end\">\n\t\t\t\t\t23:55\t\t\t\t<\/span>\n\t\t\t\n\t\t\t\t\t\t<\/p>\n<\/div>\n\n\n<div  class=\"tribe-block tribe-block__event-price\" >\n\t\t\t<span class=\"tribe-block__event-price__cost\"> 9\u20ac <\/span>\n\t\t\t\t<span class=\"tribe-block__event-price__description\">+ gg Anticipada | 11\u20ac Taquilla de 00:00 a 01:30 | 13\u20ac Taquilla de 01:30 a cierre. Todos los tramos de entrada incluyen UNA CONSUMICI\u00d3N. Canjeable por DOS DOBLES DE CERVEZA DE BARRIL hasta la 01:30<\/span>\n\t<\/div>\n\n\n\n<div style=\"height:100px\" aria-hidden=\"true\" class=\"wp-block-spacer\"><\/div>\n\n\n\n<div class=\"wp-block-columns is-layout-flex wp-container-core-columns-is-layout-8f761849 wp-block-columns-is-layout-flex\">\n<div class=\"wp-block-column is-layout-flow wp-block-column-is-layout-flow\" style=\"flex-basis:33.33%\">\n<figure class=\"wp-block-image size-full\"><img loading=\"lazy\" decoding=\"async\" width=\"297\" height=\"420\" src=\"https:\/\/cafelapalma.com\/wp-content\/uploads\/2024\/10\/PLURIEL-NOV-24-A3-LOW.jpg\" alt=\"\" class=\"wp-image-29675\" srcset=\"https:\/\/cafelapalma.com\/wp-content\/uploads\/2024\/10\/PLURIEL-NOV-24-A3-LOW.jpg 297w, https:\/\/cafelapalma.com\/wp-content\/uploads\/2024\/10\/PLURIEL-NOV-24-A3-LOW-212x300.jpg 212w, https:\/\/cafelapalma.com\/wp-content\/uploads\/2024\/10\/PLURIEL-NOV-24-A3-LOW-42x60.jpg 42w\" sizes=\"auto, (max-width: 297px) 100vw, 297px\" \/><\/figure>\n\n\n<div  class=\"tribe-block tribe-block__event-website\" >\n\t<a\n\t\thref=\"https:\/\/www.passline.com\/eventos\/pluriel-6\"\n\t\ttarget=\"_self\"\n\t\t\t>\n\t\tBUY TICKETS\t<\/a>\n<\/div>\n<\/div>\n\n\n\n<div class=\"wp-block-column is-layout-flow wp-block-column-is-layout-flow\" style=\"flex-basis:66.66%\">\n<p class=\"wp-block-paragraph\"><\/p>\n\n\n\n<p class=\"has-text-align-left wp-block-paragraph\"><strong>PLURIEL <\/strong>es un evento&nbsp;que consiste en un espacio seguro en el que podr\u00e1s&nbsp;vibrar y bailar disfrutando y compartiendo los valores que representan a este colectivo: paz, amor, unidad y respeto.<\/p>\n\n\n\n<p class=\"has-text-align-left wp-block-paragraph\">Abriendo la noche contamos con el esperado regreso de <strong>C-Suite<\/strong>. Artista asturiano con backround muy variado, mezcla en sus sesiones su influencias del italo disco y euro dance con el house m\u00e1s hipn\u00f3tico. Que ganas de poder volver a bailar a sus ritmos.<\/p>\n\n\n\n<p class=\"has-text-align-left wp-block-paragraph\">Despu\u00e9s de este incre\u00edble opening vuelve <strong>PRIMOS<\/strong>. Tras el debut insuperable de <strong>Roma Farah<\/strong> y <strong>Zameh <\/strong>el pasado mes de octubre, estos dos artistas vuelven con la promesa\u00a0de regalarnos otro set lleno de momentos incre\u00edbles. Desde el afro m\u00e1s mel\u00f3dico hasta el tech house m\u00e1s bailongo, est\u00e1 familia a\u00fan tiene mucho que ofrecer.<\/p>\n\n\n\n<p class=\"has-text-align-left wp-block-paragraph\">Para terminar con la noche y bajando a la capital desde la regi\u00f3n de <strong>Asturias<\/strong>, traemos en exclusiva a <strong>Eme Salan<\/strong> B2b <strong>Dulas Costa<\/strong>. Ambos artistas con una larga trayectoria en la m\u00fasica electr\u00f3nica unen fuerzas para ofrecernos un set lleno de ritmos groove contundentes que har\u00e1n que no pares de bailar ni un solo segundo.<\/p>\n\n\n\n<p class=\"has-text-align-right wp-block-paragraph\"><em><a href=\"https:\/\/www.instagram.com\/_pluriel\/\">Sigue a <\/a><\/em><strong><a href=\"https:\/\/www.instagram.com\/_pluriel\/\">PLURIEL <\/a><\/strong><em><a href=\"https:\/\/www.instagram.com\/_pluriel\/\">in <\/a><\/em><strong><a href=\"https:\/\/www.instagram.com\/_pluriel\/\">Instagram<\/a><\/strong><\/p>\n<\/div>\n<\/div>\n\n\n\n<div style=\"height:100px\" aria-hidden=\"true\" class=\"wp-block-spacer\"><\/div>\n\n\n\n<hr class=\"wp-block-separator has-alpha-channel-opacity\"\/>\n\n\n\n<div style=\"height:100px\" aria-hidden=\"true\" class=\"wp-block-spacer\"><\/div>\n\n\n<h2 class=\"tribe-block__related-events__title\">Related Events<\/h2>\n\n<ul  class=\"tribe-related-events tribe-clearfix\" >\n\t\t\t<li>\n\t\n<div class=\"tribe-related-events-thumbnail\">\n\t<a href=\"https:\/\/cafelapalma.com\/en\/programacion\/funkin-donuts\/\" class=\"url\" rel=\"bookmark\" tabindex=\"-1\" aria-hidden=\"true\"><img loading=\"lazy\" decoding=\"async\" width=\"693\" height=\"1040\" src=\"https:\/\/cafelapalma.com\/wp-content\/uploads\/2026\/07\/FD-vert2-bn-693x1040.jpg\" class=\"attachment-large size-large wp-post-image\" alt=\"\" \/><\/a>\n<\/div>\n\t<div class=\"tribe-related-event-info\">\n\t<h3 class=\"tribe-related-events-title\">\n\t\t<a href=\"https:\/\/cafelapalma.com\/en\/programacion\/funkin-donuts\/\" class=\"tribe-event-url\" rel=\"bookmark\">\n\t\t\tFUNKIN&#8217; DONUTS\t\t<\/a>\n\t<\/h3>\n\t<span class=\"tribe-event-date-start\">5  September@22:00<\/span><span class=\"tribe-event-time\">23:45<\/span><\/div>\n<\/li>\n\t\t\t<li>\n\t\n<div class=\"tribe-related-events-thumbnail\">\n\t<a href=\"https:\/\/cafelapalma.com\/en\/programacion\/backstage-le-petit-truffle-mayo\/\" class=\"url\" rel=\"bookmark\" tabindex=\"-1\" aria-hidden=\"true\"><img loading=\"lazy\" decoding=\"async\" width=\"780\" height=\"1040\" src=\"https:\/\/cafelapalma.com\/wp-content\/uploads\/2026\/07\/Imagen-TruffleMayo-LePetit-i-1-780x1040.png\" class=\"attachment-large size-large wp-post-image\" alt=\"\" \/><\/a>\n<\/div>\n\t<div class=\"tribe-related-event-info\">\n\t<h3 class=\"tribe-related-events-title\">\n\t\t<a href=\"https:\/\/cafelapalma.com\/en\/programacion\/backstage-le-petit-truffle-mayo\/\" class=\"tribe-event-url\" rel=\"bookmark\">\n\t\t\tBACKSTAGE: LE PETIT + TRUFFLE MAYO\t\t<\/a>\n\t<\/h3>\n\t<span class=\"tribe-event-date-start\">5  September@23:55<\/span><\/div>\n<\/li>\n\t\t\t<li>\n\t\n<div class=\"tribe-related-events-thumbnail\">\n\t<a href=\"https:\/\/cafelapalma.com\/en\/programacion\/willie-deville-concierto-benefico-x-venezuela\/\" class=\"url\" rel=\"bookmark\" tabindex=\"-1\" aria-hidden=\"true\"><img loading=\"lazy\" decoding=\"async\" width=\"1020\" height=\"531\" src=\"https:\/\/cafelapalma.com\/wp-content\/uploads\/2026\/08\/Willie-deville-1100x572-1-1040x541.jpg\" class=\"attachment-large size-large wp-post-image\" alt=\"\" \/><\/a>\n<\/div>\n\t<div class=\"tribe-related-event-info\">\n\t<h3 class=\"tribe-related-events-title\">\n\t\t<a href=\"https:\/\/cafelapalma.com\/en\/programacion\/willie-deville-concierto-benefico-x-venezuela\/\" class=\"tribe-event-url\" rel=\"bookmark\">\n\t\t\tWILLIE DEVILLE: CONCIERTO BEN\u00c9FICO X VENEZUELA\t\t<\/a>\n\t<\/h3>\n\t<span class=\"tribe-event-date-start\">6  September@21:00<\/span><span class=\"tribe-event-time\">23:45<\/span><\/div>\n<\/li>\n\t<\/ul>","protected":false},"excerpt":{"rendered":"<p>PLURIEL es un evento&nbsp;que consiste en un espacio seguro en el que podr\u00e1s&nbsp;vibrar y bailar disfrutando y compartiendo los valores que representan a este colectivo: paz, amor, unidad y respeto. Abriendo la noche contamos con el esperado regreso de C-Suite. Artista asturiano con backround muy variado, mezcla en sus sesiones su influencias del italo disco &hellip; <\/p>","protected":false},"author":2,"featured_media":27537,"template":"","meta":{"_tec_requires_first_save":false,"_uag_custom_page_level_css":"","loftloader_page_shortcode":"","_EventAllDay":false,"_EventTimezone":"Europe\/Madrid","_EventStartDate":"2024-11-16 23:50:00","_EventEndDate":"2024-11-16 23:55:00","_EventStartDateUTC":"2024-11-16 22:50:00","_EventEndDateUTC":"2024-11-16 22:55:00","_EventShowMap":false,"_EventShowMapLink":false,"_EventURL":"https:\/\/www.passline.com\/eventos\/pluriel-6","_EventCost":"9","_EventCostDescription":"","_EventCurrencySymbol":"\u20ac","_EventCurrencyCode":"USD","_EventCurrencyPosition":"suffix","_EventDateTimeSeparator":"@","_EventTimeRangeSeparator":"-","_EventOrganizerID":[],"_EventVenueID":[],"_OrganizerEmail":"","_OrganizerPhone":"","_OrganizerWebsite":"","_VenueAddress":"","_VenueCity":"","_VenueCountry":"","_VenueProvince":"","_VenueState":"","_VenueZip":"","_VenuePhone":"","_VenueURL":"","_VenueStateProvince":"","_VenueLat":"","_VenueLng":"","_VenueShowMap":false,"_VenueShowMapLink":false,"_tribe_blocks_recurrence_rules":"","_tribe_blocks_recurrence_description":"","_tribe_blocks_recurrence_exclusions":"","_ecp_custom_2":"","_tribe_events_status":"","_tribe_events_status_reason":"","_tribe_events_is_hybrid":"","_tribe_events_is_virtual":"","_tribe_events_virtual_video_source":"","_tribe_events_virtual_embed_video":"","_tribe_events_virtual_linked_button_text":"","_tribe_events_virtual_linked_button":"","_tribe_events_virtual_show_embed_at":"","_tribe_events_virtual_show_embed_to":[],"_tribe_events_virtual_show_on_event":"","_tribe_events_virtual_show_on_views":"","_tribe_events_virtual_url":"","footnotes":""},"tags":[9545,1363,9225,15472,9226,9227,14633,1357,10992,14635,14069,9309,11034,9559,14636,14628,14631,776,16270],"tribe_events_cat":[8964],"class_list":["post-29674","tribe_events","type-tribe_events","status-publish","has-post-thumbnail","hentry","tag-acid","tag-cafe-la-palma","tag-cafe-la-palma-clubbing","tag-csuite","tag-djs-madrid","tag-djs-malasana","tag-dulas-costa","tag-electronica","tag-espacio-seguro","tag-euro-dance","tag-groovy","tag-house","tag-italo-disco","tag-minimal","tag-minimal-tech","tag-pluriel","tag-roma-farah","tag-techno","tag-zameh","tribe_events_cat-clubbing","cat_clubbing"],"uagb_featured_image_src":{"full":["https:\/\/cafelapalma.com\/wp-content\/uploads\/2023\/11\/PLURIELFRONT.jpg",1080,1920,false],"thumbnail":["https:\/\/cafelapalma.com\/wp-content\/uploads\/2023\/11\/PLURIELFRONT-150x150.jpg",150,150,true],"medium":["https:\/\/cafelapalma.com\/wp-content\/uploads\/2023\/11\/PLURIELFRONT-169x300.jpg",169,300,true],"medium_large":["https:\/\/cafelapalma.com\/wp-content\/uploads\/2023\/11\/PLURIELFRONT-768x1365.jpg",768,1365,true],"large":["https:\/\/cafelapalma.com\/wp-content\/uploads\/2023\/11\/PLURIELFRONT-585x1040.jpg",585,1040,true],"1536x1536":["https:\/\/cafelapalma.com\/wp-content\/uploads\/2023\/11\/PLURIELFRONT-864x1536.jpg",864,1536,true],"2048x2048":["https:\/\/cafelapalma.com\/wp-content\/uploads\/2023\/11\/PLURIELFRONT.jpg",1080,1920,false],"trp-custom-language-flag":["https:\/\/cafelapalma.com\/wp-content\/uploads\/2023\/11\/PLURIELFRONT.jpg",7,12,false],"blossom-feminine-slider":["https:\/\/cafelapalma.com\/wp-content\/uploads\/2023\/11\/PLURIELFRONT-1080x649.jpg",1080,649,true],"blossom-feminine-featured":["https:\/\/cafelapalma.com\/wp-content\/uploads\/2023\/11\/PLURIELFRONT-1080x600.jpg",1080,600,true],"blossom-feminine-with-sidebar":["https:\/\/cafelapalma.com\/wp-content\/uploads\/2023\/11\/PLURIELFRONT-1020x600.jpg",1020,600,true],"blossom-feminine-blog":["https:\/\/cafelapalma.com\/wp-content\/uploads\/2023\/11\/PLURIELFRONT-435x435.jpg",435,435,true],"blossom-feminine-cat":["https:\/\/cafelapalma.com\/wp-content\/uploads\/2023\/11\/PLURIELFRONT-450x300.jpg",450,300,true],"blossom-feminine-related":["https:\/\/cafelapalma.com\/wp-content\/uploads\/2023\/11\/PLURIELFRONT-320x200.jpg",320,200,true],"blossom-feminine-schema":["https:\/\/cafelapalma.com\/wp-content\/uploads\/2023\/11\/PLURIELFRONT-34x60.jpg",34,60,true]},"uagb_author_info":{"display_name":"Victor","author_link":"https:\/\/cafelapalma.com\/en\/author\/comunicacion\/"},"uagb_comment_info":0,"uagb_excerpt":"PLURIEL es un evento&nbsp;que consiste en un espacio seguro en el que podr\u00e1s&nbsp;vibrar y bailar disfrutando y compartiendo los valores que representan a este colectivo: paz, amor, unidad y respeto. Abriendo la noche contamos con el esperado regreso de C-Suite. Artista asturiano con backround muy variado, mezcla en sus sesiones su influencias del italo disco&hellip;","_links":{"self":[{"href":"https:\/\/cafelapalma.com\/en\/wp-json\/wp\/v2\/tribe_events\/29674","targetHints":{"allow":["GET"]}}],"collection":[{"href":"https:\/\/cafelapalma.com\/en\/wp-json\/wp\/v2\/tribe_events"}],"about":[{"href":"https:\/\/cafelapalma.com\/en\/wp-json\/wp\/v2\/types\/tribe_events"}],"author":[{"embeddable":true,"href":"https:\/\/cafelapalma.com\/en\/wp-json\/wp\/v2\/users\/2"}],"version-history":[{"count":0,"href":"https:\/\/cafelapalma.com\/en\/wp-json\/wp\/v2\/tribe_events\/29674\/revisions"}],"wp:featuredmedia":[{"embeddable":true,"href":"https:\/\/cafelapalma.com\/en\/wp-json\/wp\/v2\/media\/27537"}],"wp:attachment":[{"href":"https:\/\/cafelapalma.com\/en\/wp-json\/wp\/v2\/media?parent=29674"}],"wp:term":[{"taxonomy":"post_tag","embeddable":true,"href":"https:\/\/cafelapalma.com\/en\/wp-json\/wp\/v2\/tags?post=29674"},{"taxonomy":"tribe_events_cat","embeddable":true,"href":"https:\/\/cafelapalma.com\/en\/wp-json\/wp\/v2\/tribe_events_cat?post=29674"}],"curies":[{"name":"wp","href":"https:\/\/api.w.org\/{rel}","templated":true}]}}

<div  class="tribe-events-schedule tribe-clearfix" >
	<p class="tribe-events-schedule__datetime">
		<span class="tribe-events-schedule__date tribe-events-schedule__date--start">
			16  November  2024		</span>

					<span class="tribe-events-schedule__separator tribe-events-schedule__separator--date">
				@			</span>
			<span class="tribe-events-schedule__time tribe-events-schedule__time--start">
				23:50			</span>
		
									<span class="tribe-events-schedule__separator tribe-events-schedule__separator--time">
					&#8211;				</span>
			
							<span class="tribe-events-schedule__time tribe-events-schedule__time--end">
					23:55				</span>
			
						</p>
</div>


<div  class="tribe-block tribe-block__event-price" >
			<span class="tribe-block__event-price__cost"> 9€ </span>
				<span class="tribe-block__event-price__description">+ gg Anticipada | 11€ Taquilla de 00:00 a 01:30 | 13€ Taquilla de 01:30 a cierre. Todos los tramos de entrada incluyen UNA CONSUMICIÓN. Canjeable por DOS DOBLES DE CERVEZA DE BARRIL hasta la 01:30</span>
	</div>



<div style="height:100px" aria-hidden="true" class="wp-block-spacer"></div>



<div class="wp-block-columns is-layout-flex wp-container-core-columns-is-layout-8f761849 wp-block-columns-is-layout-flex">
<div class="wp-block-column is-layout-flow wp-block-column-is-layout-flow" style="flex-basis:33.33%">
<figure class="wp-block-image size-full"><img loading="lazy" decoding="async" width="297" height="420" src="https://cafelapalma.com/wp-content/uploads/2024/10/PLURIEL-NOV-24-A3-LOW.jpg" alt="" class="wp-image-29675" srcset="https://cafelapalma.com/wp-content/uploads/2024/10/PLURIEL-NOV-24-A3-LOW.jpg 297w, https://cafelapalma.com/wp-content/uploads/2024/10/PLURIEL-NOV-24-A3-LOW-212x300.jpg 212w, https://cafelapalma.com/wp-content/uploads/2024/10/PLURIEL-NOV-24-A3-LOW-42x60.jpg 42w" sizes="auto, (max-width: 297px) 100vw, 297px" /></figure>


<div  class="tribe-block tribe-block__event-website" >
	<a
		href="https://www.passline.com/eventos/pluriel-6"
		target="_self"
			>
		BUY TICKETS	</a>
</div>
</div>



<div class="wp-block-column is-layout-flow wp-block-column-is-layout-flow" style="flex-basis:66.66%">
<p class="wp-block-paragraph"></p>



<p class="has-text-align-left wp-block-paragraph"><strong>PLURIEL </strong>es un evento&nbsp;que consiste en un espacio seguro en el que podrás&nbsp;vibrar y bailar disfrutando y compartiendo los valores que representan a este colectivo: paz, amor, unidad y respeto.</p>



<p class="has-text-align-left wp-block-paragraph">Abriendo la noche contamos con el esperado regreso de <strong>C-Suite</strong>. Artista asturiano con backround muy variado, mezcla en sus sesiones su influencias del italo disco y euro dance con el house más hipnótico. Que ganas de poder volver a bailar a sus ritmos.</p>



<p class="has-text-align-left wp-block-paragraph">Después de este increíble opening vuelve <strong>PRIMOS</strong>. Tras el debut insuperable de <strong>Roma Farah</strong> y <strong>Zameh </strong>el pasado mes de octubre, estos dos artistas vuelven con la promesa de regalarnos otro set lleno de momentos increíbles. Desde el afro más melódico hasta el tech house más bailongo, está familia aún tiene mucho que ofrecer.</p>



<p class="has-text-align-left wp-block-paragraph">Para terminar con la noche y bajando a la capital desde la región de <strong>Asturias</strong>, traemos en exclusiva a <strong>Eme Salan</strong> B2b <strong>Dulas Costa</strong>. Ambos artistas con una larga trayectoria en la música electrónica unen fuerzas para ofrecernos un set lleno de ritmos groove contundentes que harán que no pares de bailar ni un solo segundo.</p>



<p class="has-text-align-right wp-block-paragraph"><em><a href="https://www.instagram.com/_pluriel/">Sigue a </a></em><strong><a href="https://www.instagram.com/_pluriel/">PLURIEL </a></strong><em><a href="https://www.instagram.com/_pluriel/">in </a></em><strong><a href="https://www.instagram.com/_pluriel/">Instagram</a></strong></p>
</div>
</div>



<div style="height:100px" aria-hidden="true" class="wp-block-spacer"></div>



<hr class="wp-block-separator has-alpha-channel-opacity"/>



<div style="height:100px" aria-hidden="true" class="wp-block-spacer"></div>


<h2 class="tribe-block__related-events__title">Related Events</h2>

<ul  class="tribe-related-events tribe-clearfix" >
			<li>
	
<div class="tribe-related-events-thumbnail">
	<a href="https://cafelapalma.com/en/programacion/funkin-donuts/" class="url" rel="bookmark" tabindex="-1" aria-hidden="true"><img loading="lazy" decoding="async" width="693" height="1040" src="https://cafelapalma.com/wp-content/uploads/2026/07/FD-vert2-bn-693x1040.jpg" class="attachment-large size-large wp-post-image" alt="" /></a>
</div>
	<div class="tribe-related-event-info">
	<h3 class="tribe-related-events-title">
		<a href="https://cafelapalma.com/en/programacion/funkin-donuts/" class="tribe-event-url" rel="bookmark">
			FUNKIN&#8217; DONUTS		</a>
	</h3>
	<span class="tribe-event-date-start">5  September@22:00</span><span class="tribe-event-time">23:45</span></div>
</li>
			<li>
	
<div class="tribe-related-events-thumbnail">
	<a href="https://cafelapalma.com/en/programacion/backstage-le-petit-truffle-mayo/" class="url" rel="bookmark" tabindex="-1" aria-hidden="true"><img loading="lazy" decoding="async" width="780" height="1040" src="https://cafelapalma.com/wp-content/uploads/2026/07/Imagen-TruffleMayo-LePetit-i-1-780x1040.png" class="attachment-large size-large wp-post-image" alt="" /></a>
</div>
	<div class="tribe-related-event-info">
	<h3 class="tribe-related-events-title">
		<a href="https://cafelapalma.com/en/programacion/backstage-le-petit-truffle-mayo/" class="tribe-event-url" rel="bookmark">
			BACKSTAGE: LE PETIT + TRUFFLE MAYO		</a>
	</h3>
	<span class="tribe-event-date-start">5  September@23:55</span></div>
</li>
			<li>
	
<div class="tribe-related-events-thumbnail">
	<a href="https://cafelapalma.com/en/programacion/willie-deville-concierto-benefico-x-venezuela/" class="url" rel="bookmark" tabindex="-1" aria-hidden="true"><img loading="lazy" decoding="async" width="1020" height="531" src="https://cafelapalma.com/wp-content/uploads/2026/08/Willie-deville-1100x572-1-1040x541.jpg" class="attachment-large size-large wp-post-image" alt="" /></a>
</div>
	<div class="tribe-related-event-info">
	<h3 class="tribe-related-events-title">
		<a href="https://cafelapalma.com/en/programacion/willie-deville-concierto-benefico-x-venezuela/" class="tribe-event-url" rel="bookmark">
			WILLIE DEVILLE: CONCIERTO BENÉFICO X VENEZUELA		</a>
	</h3>
	<span class="tribe-event-date-start">6  September@21:00</span><span class="tribe-event-time">23:45</span></div>
</li>
	</ul>

<p>PLURIEL es un evento&nbsp;que consiste en un espacio seguro en el que podrás&nbsp;vibrar y bailar disfrutando y compartiendo los valores que representan a este colectivo: paz, amor, unidad y respeto. Abriendo la noche contamos con el esperado regreso de C-Suite. Artista asturiano con backround muy variado, mezcla en sus sesiones su influencias del italo disco &hellip; </p>

PLURIEL es un evento&nbsp;que consiste en un espacio seguro en el que podrás&nbsp;vibrar y bailar disfrutando y compartiendo los valores que representan a este colectivo: paz, amor, unidad y respeto. Abriendo la noche contamos con el esperado regreso de C-Suite. Artista asturiano con backround muy variado, mezcla en sus sesiones su influencias del italo disco&hellip;
