{"id":30009,"date":"2024-11-28T18:06:15","date_gmt":"2024-11-28T17:06:15","guid":{"rendered":"https:\/\/cafelapalma.com\/?post_type=tribe_events&#038;p=30009"},"modified":"2025-02-11T14:25:29","modified_gmt":"2025-02-11T13:25:29","slug":"mazo-presenta-ana-lua-caiano","status":"publish","type":"tribe_events","link":"https:\/\/cafelapalma.com\/en\/programacion\/mazo-presenta-ana-lua-caiano\/","title":{"rendered":"ANA LUA CAIANO"},"content":{"rendered":"<div  class=\"tribe-events-schedule tribe-clearfix\" >\n\t<p class=\"tribe-events-schedule__datetime\">\n\t\t<span class=\"tribe-events-schedule__date tribe-events-schedule__date--start\">\n\t\t\t14  February  2025\t\t<\/span>\n\n\t\t\t\t\t<span class=\"tribe-events-schedule__separator tribe-events-schedule__separator--date\">\n\t\t\t\t@\t\t\t<\/span>\n\t\t\t<span class=\"tribe-events-schedule__time tribe-events-schedule__time--start\">\n\t\t\t\t22:00\t\t\t<\/span>\n\t\t\n\t\t\t\t\t\t\t\t\t<span class=\"tribe-events-schedule__separator tribe-events-schedule__separator--time\">\n\t\t\t\t\t&#8211;\t\t\t\t<\/span>\n\t\t\t\n\t\t\t\t\t\t\t<span class=\"tribe-events-schedule__time tribe-events-schedule__time--end\">\n\t\t\t\t\t23:45\t\t\t\t<\/span>\n\t\t\t\n\t\t\t\t\t\t<\/p>\n<\/div>\n\n\n<div  class=\"tribe-block tribe-block__event-price\" >\n\t\t\t<span class=\"tribe-block__event-price__cost\"> ENTRADAS AGOTADAS <\/span>\n\t\t\t\t<span class=\"tribe-block__event-price__description\">#soldout<\/span>\n\t<\/div>\n\n\n\n<div style=\"height:100px\" aria-hidden=\"true\" class=\"wp-block-spacer\"><\/div>\n\n\n\n<div class=\"wp-block-columns is-layout-flex wp-container-core-columns-is-layout-8f761849 wp-block-columns-is-layout-flex\">\n<div class=\"wp-block-column is-layout-flow wp-block-column-is-layout-flow\" style=\"flex-basis:33.33%\">\n<figure class=\"wp-block-image size-large\"><img loading=\"lazy\" decoding=\"async\" width=\"743\" height=\"1040\" src=\"https:\/\/cafelapalma.com\/wp-content\/uploads\/2024\/11\/ALUA-SO-A3WEB-743x1040.jpg\" alt=\"\" class=\"wp-image-30549\" srcset=\"https:\/\/cafelapalma.com\/wp-content\/uploads\/2024\/11\/ALUA-SO-A3WEB-743x1040.jpg 743w, https:\/\/cafelapalma.com\/wp-content\/uploads\/2024\/11\/ALUA-SO-A3WEB-214x300.jpg 214w, https:\/\/cafelapalma.com\/wp-content\/uploads\/2024\/11\/ALUA-SO-A3WEB-768x1075.jpg 768w, https:\/\/cafelapalma.com\/wp-content\/uploads\/2024\/11\/ALUA-SO-A3WEB-43x60.jpg 43w, https:\/\/cafelapalma.com\/wp-content\/uploads\/2024\/11\/ALUA-SO-A3WEB.jpg 1080w\" sizes=\"auto, (max-width: 743px) 100vw, 743px\" \/><\/figure>\n<\/div>\n\n\n\n<div class=\"wp-block-column is-layout-flow wp-block-column-is-layout-flow\" style=\"flex-basis:66.66%\">\n<div style=\"height:100px\" aria-hidden=\"true\" class=\"wp-block-spacer\"><\/div>\n\n\n\n<p class=\"has-text-align-left wp-block-paragraph\">Va a quedarse en este mismo sitio en el que se ha posado. As\u00ed lo dice en el t\u00edtulo de su espectacular e imponente \u00e1lbum de debut: una suerte de <em>explotation <\/em>sonora, una obra maestra visceral en la que se fusionan universos como los de la m\u00fasica electr\u00f3nica, la tradici\u00f3n portuguesa, la world music y el glitch pop m\u00e1s andr\u00f3gino.<\/p>\n\n\n\n<p class=\"has-text-align-left wp-block-paragraph\">A eso es a lo que suena <strong><em>\u201cVou Ficar Neste Quadrado\u201d<\/em><\/strong>, el brillante debut de la portuguesa ANA LUA CAIANO, quien se presenta el pr\u00f3ximo 14 de febrero de la mano de <strong>MAZO <\/strong>para que, en vez de ir a cenar a <strong>La Tagliatella<\/strong>, te enamores de una de las artistas con mayor futuro de <strong>Europa<\/strong>.<\/p>\n\n\n\n<p class=\"has-text-align-right wp-block-paragraph\"><em><a href=\"https:\/\/open.spotify.com\/intl-es\/artist\/6TeD6DGSCfviinhl40SvYF?si=3-C3encLRGO45HcGVv-N-Q\">Listen to <\/a><\/em><strong><a href=\"https:\/\/open.spotify.com\/intl-es\/artist\/6TeD6DGSCfviinhl40SvYF?si=3-C3encLRGO45HcGVv-N-Q\">ANA LUA CAIANO<\/a><\/strong><em><a href=\"https:\/\/open.spotify.com\/intl-es\/artist\/6TeD6DGSCfviinhl40SvYF?si=3-C3encLRGO45HcGVv-N-Q\"> in <\/a><\/em><strong><a href=\"https:\/\/open.spotify.com\/intl-es\/artist\/6TeD6DGSCfviinhl40SvYF?si=3-C3encLRGO45HcGVv-N-Q\">Spotify<\/a><\/strong><\/p>\n\n\n\n<p class=\"has-text-align-right wp-block-paragraph\"><em><a href=\"https:\/\/www.instagram.com\/mazo.madriz\/\">Sigue a <\/a><\/em><strong><a href=\"https:\/\/www.instagram.com\/mazo.madriz\/\">MAZO <\/a><\/strong><em><a href=\"https:\/\/www.instagram.com\/mazo.madriz\/\">in <\/a><\/em><strong><a href=\"https:\/\/www.instagram.com\/mazo.madriz\/\">Instagram<\/a><\/strong><\/p>\n<\/div>\n<\/div>\n\n\n\n<div style=\"height:100px\" aria-hidden=\"true\" class=\"wp-block-spacer\"><\/div>\n\n\n\n<hr class=\"wp-block-separator has-alpha-channel-opacity\"\/>\n\n\n\n<div style=\"height:100px\" aria-hidden=\"true\" class=\"wp-block-spacer\"><\/div>\n\n\n<h2 class=\"tribe-block__related-events__title\">Related Events<\/h2>\n\n<ul  class=\"tribe-related-events tribe-clearfix\" >\n\t\t\t<li>\n\t\n<div class=\"tribe-related-events-thumbnail\">\n\t<a href=\"https:\/\/cafelapalma.com\/en\/programacion\/funkin-donuts\/\" class=\"url\" rel=\"bookmark\" tabindex=\"-1\" aria-hidden=\"true\"><img loading=\"lazy\" decoding=\"async\" width=\"693\" height=\"1040\" src=\"https:\/\/cafelapalma.com\/wp-content\/uploads\/2026\/07\/FD-vert2-bn-693x1040.jpg\" class=\"attachment-large size-large wp-post-image\" alt=\"\" \/><\/a>\n<\/div>\n\t<div class=\"tribe-related-event-info\">\n\t<h3 class=\"tribe-related-events-title\">\n\t\t<a href=\"https:\/\/cafelapalma.com\/en\/programacion\/funkin-donuts\/\" class=\"tribe-event-url\" rel=\"bookmark\">\n\t\t\tFUNKIN&#8217; DONUTS\t\t<\/a>\n\t<\/h3>\n\t<span class=\"tribe-event-date-start\">5  September@22:00<\/span><span class=\"tribe-event-time\">23:45<\/span><\/div>\n<\/li>\n\t\t\t<li>\n\t\n<div class=\"tribe-related-events-thumbnail\">\n\t<a href=\"https:\/\/cafelapalma.com\/en\/programacion\/backstage-le-petit-truffle-mayo\/\" class=\"url\" rel=\"bookmark\" tabindex=\"-1\" aria-hidden=\"true\"><img loading=\"lazy\" decoding=\"async\" width=\"780\" height=\"1040\" src=\"https:\/\/cafelapalma.com\/wp-content\/uploads\/2026\/07\/Imagen-TruffleMayo-LePetit-i-1-780x1040.png\" class=\"attachment-large size-large wp-post-image\" alt=\"\" \/><\/a>\n<\/div>\n\t<div class=\"tribe-related-event-info\">\n\t<h3 class=\"tribe-related-events-title\">\n\t\t<a href=\"https:\/\/cafelapalma.com\/en\/programacion\/backstage-le-petit-truffle-mayo\/\" class=\"tribe-event-url\" rel=\"bookmark\">\n\t\t\tBACKSTAGE: LE PETIT + TRUFFLE MAYO\t\t<\/a>\n\t<\/h3>\n\t<span class=\"tribe-event-date-start\">5  September@23:55<\/span><\/div>\n<\/li>\n\t\t\t<li>\n\t\n<div class=\"tribe-related-events-thumbnail\">\n\t<a href=\"https:\/\/cafelapalma.com\/en\/programacion\/willie-deville-concierto-benefico-x-venezuela\/\" class=\"url\" rel=\"bookmark\" tabindex=\"-1\" aria-hidden=\"true\"><img loading=\"lazy\" decoding=\"async\" width=\"1020\" height=\"531\" src=\"https:\/\/cafelapalma.com\/wp-content\/uploads\/2026\/08\/Willie-deville-1100x572-1-1040x541.jpg\" class=\"attachment-large size-large wp-post-image\" alt=\"\" \/><\/a>\n<\/div>\n\t<div class=\"tribe-related-event-info\">\n\t<h3 class=\"tribe-related-events-title\">\n\t\t<a href=\"https:\/\/cafelapalma.com\/en\/programacion\/willie-deville-concierto-benefico-x-venezuela\/\" class=\"tribe-event-url\" rel=\"bookmark\">\n\t\t\tWILLIE DEVILLE: CONCIERTO BEN\u00c9FICO X VENEZUELA\t\t<\/a>\n\t<\/h3>\n\t<span class=\"tribe-event-date-start\">6  September@21:00<\/span><span class=\"tribe-event-time\">23:45<\/span><\/div>\n<\/li>\n\t<\/ul>","protected":false},"excerpt":{"rendered":"<p>Va a quedarse en este mismo sitio en el que se ha posado. As\u00ed lo dice en el t\u00edtulo de su espectacular e imponente \u00e1lbum de debut: una suerte de explotation sonora, una obra maestra visceral en la que se fusionan universos como los de la m\u00fasica electr\u00f3nica, la tradici\u00f3n portuguesa, la world music y &hellip; <\/p>","protected":false},"author":2,"featured_media":30011,"template":"","meta":{"_tec_requires_first_save":false,"_uag_custom_page_level_css":"","loftloader_page_shortcode":"","_EventAllDay":false,"_EventTimezone":"Europe\/Madrid","_EventStartDate":"2025-02-14 22:00:00","_EventEndDate":"2025-02-14 23:45:00","_EventStartDateUTC":"2025-02-14 21:00:00","_EventEndDateUTC":"2025-02-14 22:45:00","_EventShowMap":false,"_EventShowMapLink":false,"_EventURL":"https:\/\/dice.fm\/event\/l83opr-ana-lua-caiano-en-mazo-14th-feb-caf-la-palma-madrid-tickets","_EventCost":"ENTRADAS AGOTADAS","_EventCostDescription":"","_EventCurrencySymbol":"\u20ac","_EventCurrencyCode":"USD","_EventCurrencyPosition":"suffix","_EventDateTimeSeparator":"@","_EventTimeRangeSeparator":"-","_EventOrganizerID":[],"_EventVenueID":[],"_OrganizerEmail":"","_OrganizerPhone":"","_OrganizerWebsite":"","_VenueAddress":"","_VenueCity":"","_VenueCountry":"","_VenueProvince":"","_VenueState":"","_VenueZip":"","_VenuePhone":"","_VenueURL":"","_VenueStateProvince":"","_VenueLat":"","_VenueLng":"","_VenueShowMap":false,"_VenueShowMapLink":false,"_tribe_blocks_recurrence_rules":"","_tribe_blocks_recurrence_description":"","_tribe_blocks_recurrence_exclusions":"","_ecp_custom_2":"","_tribe_events_status":"","_tribe_events_status_reason":"","_tribe_events_is_hybrid":"","_tribe_events_is_virtual":"","_tribe_events_virtual_video_source":"","_tribe_events_virtual_embed_video":"","_tribe_events_virtual_linked_button_text":"","_tribe_events_virtual_linked_button":"","_tribe_events_virtual_show_embed_at":"","_tribe_events_virtual_show_embed_to":[],"_tribe_events_virtual_show_on_event":"","_tribe_events_virtual_show_on_views":"","_tribe_events_virtual_url":"","footnotes":""},"tags":[11175,16577,1363,8869,2865,9147,9146,1357,16580,11172,12056,12057,16579,9300,16581,9220],"tribe_events_cat":[8963],"class_list":["post-30009","tribe_events","type-tribe_events","status-publish","has-post-thumbnail","hentry","tag-alan-queipo","tag-ana-lua-caiano","tag-cafe-la-palma","tag-cafe-la-palma-2","tag-conciertos-cafe-la-palma","tag-conciertos-madrid","tag-conciertos-malasana","tag-electronica","tag-glitch-pop","tag-javi-ferrara","tag-mazo","tag-mazo-madrid","tag-portugal","tag-sound-isidro","tag-vou-ficar-neste-quadrado","tag-world-music","tribe_events_cat-concierto","cat_concierto"],"uagb_featured_image_src":{"full":["https:\/\/cafelapalma.com\/wp-content\/uploads\/2024\/11\/ana_lua_caiano.jpg",563,1000,false],"thumbnail":["https:\/\/cafelapalma.com\/wp-content\/uploads\/2024\/11\/ana_lua_caiano-150x150.jpg",150,150,true],"medium":["https:\/\/cafelapalma.com\/wp-content\/uploads\/2024\/11\/ana_lua_caiano-169x300.jpg",169,300,true],"medium_large":["https:\/\/cafelapalma.com\/wp-content\/uploads\/2024\/11\/ana_lua_caiano.jpg",563,1000,false],"large":["https:\/\/cafelapalma.com\/wp-content\/uploads\/2024\/11\/ana_lua_caiano.jpg",563,1000,false],"1536x1536":["https:\/\/cafelapalma.com\/wp-content\/uploads\/2024\/11\/ana_lua_caiano.jpg",563,1000,false],"2048x2048":["https:\/\/cafelapalma.com\/wp-content\/uploads\/2024\/11\/ana_lua_caiano.jpg",563,1000,false],"trp-custom-language-flag":["https:\/\/cafelapalma.com\/wp-content\/uploads\/2024\/11\/ana_lua_caiano.jpg",7,12,false],"blossom-feminine-slider":["https:\/\/cafelapalma.com\/wp-content\/uploads\/2024\/11\/ana_lua_caiano-563x649.jpg",563,649,true],"blossom-feminine-featured":["https:\/\/cafelapalma.com\/wp-content\/uploads\/2024\/11\/ana_lua_caiano-563x600.jpg",563,600,true],"blossom-feminine-with-sidebar":["https:\/\/cafelapalma.com\/wp-content\/uploads\/2024\/11\/ana_lua_caiano-563x600.jpg",563,600,true],"blossom-feminine-blog":["https:\/\/cafelapalma.com\/wp-content\/uploads\/2024\/11\/ana_lua_caiano-435x435.jpg",435,435,true],"blossom-feminine-cat":["https:\/\/cafelapalma.com\/wp-content\/uploads\/2024\/11\/ana_lua_caiano-450x300.jpg",450,300,true],"blossom-feminine-related":["https:\/\/cafelapalma.com\/wp-content\/uploads\/2024\/11\/ana_lua_caiano-320x200.jpg",320,200,true],"blossom-feminine-schema":["https:\/\/cafelapalma.com\/wp-content\/uploads\/2024\/11\/ana_lua_caiano-34x60.jpg",34,60,true]},"uagb_author_info":{"display_name":"Victor","author_link":"https:\/\/cafelapalma.com\/en\/author\/comunicacion\/"},"uagb_comment_info":0,"uagb_excerpt":"Va a quedarse en este mismo sitio en el que se ha posado. As\u00ed lo dice en el t\u00edtulo de su espectacular e imponente \u00e1lbum de debut: una suerte de explotation sonora, una obra maestra visceral en la que se fusionan universos como los de la m\u00fasica electr\u00f3nica, la tradici\u00f3n portuguesa, la world music y&hellip;","_links":{"self":[{"href":"https:\/\/cafelapalma.com\/en\/wp-json\/wp\/v2\/tribe_events\/30009","targetHints":{"allow":["GET"]}}],"collection":[{"href":"https:\/\/cafelapalma.com\/en\/wp-json\/wp\/v2\/tribe_events"}],"about":[{"href":"https:\/\/cafelapalma.com\/en\/wp-json\/wp\/v2\/types\/tribe_events"}],"author":[{"embeddable":true,"href":"https:\/\/cafelapalma.com\/en\/wp-json\/wp\/v2\/users\/2"}],"version-history":[{"count":0,"href":"https:\/\/cafelapalma.com\/en\/wp-json\/wp\/v2\/tribe_events\/30009\/revisions"}],"wp:featuredmedia":[{"embeddable":true,"href":"https:\/\/cafelapalma.com\/en\/wp-json\/wp\/v2\/media\/30011"}],"wp:attachment":[{"href":"https:\/\/cafelapalma.com\/en\/wp-json\/wp\/v2\/media?parent=30009"}],"wp:term":[{"taxonomy":"post_tag","embeddable":true,"href":"https:\/\/cafelapalma.com\/en\/wp-json\/wp\/v2\/tags?post=30009"},{"taxonomy":"tribe_events_cat","embeddable":true,"href":"https:\/\/cafelapalma.com\/en\/wp-json\/wp\/v2\/tribe_events_cat?post=30009"}],"curies":[{"name":"wp","href":"https:\/\/api.w.org\/{rel}","templated":true}]}}

<div  class="tribe-events-schedule tribe-clearfix" >
	<p class="tribe-events-schedule__datetime">
		<span class="tribe-events-schedule__date tribe-events-schedule__date--start">
			14  February  2025		</span>

					<span class="tribe-events-schedule__separator tribe-events-schedule__separator--date">
				@			</span>
			<span class="tribe-events-schedule__time tribe-events-schedule__time--start">
				22:00			</span>
		
									<span class="tribe-events-schedule__separator tribe-events-schedule__separator--time">
					&#8211;				</span>
			
							<span class="tribe-events-schedule__time tribe-events-schedule__time--end">
					23:45				</span>
			
						</p>
</div>


<div  class="tribe-block tribe-block__event-price" >
			<span class="tribe-block__event-price__cost"> ENTRADAS AGOTADAS </span>
				<span class="tribe-block__event-price__description">#soldout</span>
	</div>



<div style="height:100px" aria-hidden="true" class="wp-block-spacer"></div>



<div class="wp-block-columns is-layout-flex wp-container-core-columns-is-layout-8f761849 wp-block-columns-is-layout-flex">
<div class="wp-block-column is-layout-flow wp-block-column-is-layout-flow" style="flex-basis:33.33%">
<figure class="wp-block-image size-large"><img loading="lazy" decoding="async" width="743" height="1040" src="https://cafelapalma.com/wp-content/uploads/2024/11/ALUA-SO-A3WEB-743x1040.jpg" alt="" class="wp-image-30549" srcset="https://cafelapalma.com/wp-content/uploads/2024/11/ALUA-SO-A3WEB-743x1040.jpg 743w, https://cafelapalma.com/wp-content/uploads/2024/11/ALUA-SO-A3WEB-214x300.jpg 214w, https://cafelapalma.com/wp-content/uploads/2024/11/ALUA-SO-A3WEB-768x1075.jpg 768w, https://cafelapalma.com/wp-content/uploads/2024/11/ALUA-SO-A3WEB-43x60.jpg 43w, https://cafelapalma.com/wp-content/uploads/2024/11/ALUA-SO-A3WEB.jpg 1080w" sizes="auto, (max-width: 743px) 100vw, 743px" /></figure>
</div>



<div class="wp-block-column is-layout-flow wp-block-column-is-layout-flow" style="flex-basis:66.66%">
<div style="height:100px" aria-hidden="true" class="wp-block-spacer"></div>



<p class="has-text-align-left wp-block-paragraph">Va a quedarse en este mismo sitio en el que se ha posado. Así lo dice en el título de su espectacular e imponente álbum de debut: una suerte de <em>explotation </em>sonora, una obra maestra visceral en la que se fusionan universos como los de la música electrónica, la tradición portuguesa, la world music y el glitch pop más andrógino.</p>



<p class="has-text-align-left wp-block-paragraph">A eso es a lo que suena <strong><em>“Vou Ficar Neste Quadrado”</em></strong>, el brillante debut de la portuguesa ANA LUA CAIANO, quien se presenta el próximo 14 de febrero de la mano de <strong>MAZO </strong>para que, en vez de ir a cenar a <strong>La Tagliatella</strong>, te enamores de una de las artistas con mayor futuro de <strong>Europa</strong>.</p>



<p class="has-text-align-right wp-block-paragraph"><em><a href="https://open.spotify.com/intl-es/artist/6TeD6DGSCfviinhl40SvYF?si=3-C3encLRGO45HcGVv-N-Q">Listen to </a></em><strong><a href="https://open.spotify.com/intl-es/artist/6TeD6DGSCfviinhl40SvYF?si=3-C3encLRGO45HcGVv-N-Q">ANA LUA CAIANO</a></strong><em><a href="https://open.spotify.com/intl-es/artist/6TeD6DGSCfviinhl40SvYF?si=3-C3encLRGO45HcGVv-N-Q"> in </a></em><strong><a href="https://open.spotify.com/intl-es/artist/6TeD6DGSCfviinhl40SvYF?si=3-C3encLRGO45HcGVv-N-Q">Spotify</a></strong></p>



<p class="has-text-align-right wp-block-paragraph"><em><a href="https://www.instagram.com/mazo.madriz/">Sigue a </a></em><strong><a href="https://www.instagram.com/mazo.madriz/">MAZO </a></strong><em><a href="https://www.instagram.com/mazo.madriz/">in </a></em><strong><a href="https://www.instagram.com/mazo.madriz/">Instagram</a></strong></p>
</div>
</div>



<div style="height:100px" aria-hidden="true" class="wp-block-spacer"></div>



<hr class="wp-block-separator has-alpha-channel-opacity"/>



<div style="height:100px" aria-hidden="true" class="wp-block-spacer"></div>


<h2 class="tribe-block__related-events__title">Related Events</h2>

<ul  class="tribe-related-events tribe-clearfix" >
			<li>
	
<div class="tribe-related-events-thumbnail">
	<a href="https://cafelapalma.com/en/programacion/funkin-donuts/" class="url" rel="bookmark" tabindex="-1" aria-hidden="true"><img loading="lazy" decoding="async" width="693" height="1040" src="https://cafelapalma.com/wp-content/uploads/2026/07/FD-vert2-bn-693x1040.jpg" class="attachment-large size-large wp-post-image" alt="" /></a>
</div>
	<div class="tribe-related-event-info">
	<h3 class="tribe-related-events-title">
		<a href="https://cafelapalma.com/en/programacion/funkin-donuts/" class="tribe-event-url" rel="bookmark">
			FUNKIN&#8217; DONUTS		</a>
	</h3>
	<span class="tribe-event-date-start">5  September@22:00</span><span class="tribe-event-time">23:45</span></div>
</li>
			<li>
	
<div class="tribe-related-events-thumbnail">
	<a href="https://cafelapalma.com/en/programacion/backstage-le-petit-truffle-mayo/" class="url" rel="bookmark" tabindex="-1" aria-hidden="true"><img loading="lazy" decoding="async" width="780" height="1040" src="https://cafelapalma.com/wp-content/uploads/2026/07/Imagen-TruffleMayo-LePetit-i-1-780x1040.png" class="attachment-large size-large wp-post-image" alt="" /></a>
</div>
	<div class="tribe-related-event-info">
	<h3 class="tribe-related-events-title">
		<a href="https://cafelapalma.com/en/programacion/backstage-le-petit-truffle-mayo/" class="tribe-event-url" rel="bookmark">
			BACKSTAGE: LE PETIT + TRUFFLE MAYO		</a>
	</h3>
	<span class="tribe-event-date-start">5  September@23:55</span></div>
</li>
			<li>
	
<div class="tribe-related-events-thumbnail">
	<a href="https://cafelapalma.com/en/programacion/willie-deville-concierto-benefico-x-venezuela/" class="url" rel="bookmark" tabindex="-1" aria-hidden="true"><img loading="lazy" decoding="async" width="1020" height="531" src="https://cafelapalma.com/wp-content/uploads/2026/08/Willie-deville-1100x572-1-1040x541.jpg" class="attachment-large size-large wp-post-image" alt="" /></a>
</div>
	<div class="tribe-related-event-info">
	<h3 class="tribe-related-events-title">
		<a href="https://cafelapalma.com/en/programacion/willie-deville-concierto-benefico-x-venezuela/" class="tribe-event-url" rel="bookmark">
			WILLIE DEVILLE: CONCIERTO BENÉFICO X VENEZUELA		</a>
	</h3>
	<span class="tribe-event-date-start">6  September@21:00</span><span class="tribe-event-time">23:45</span></div>
</li>
	</ul>

<p>Va a quedarse en este mismo sitio en el que se ha posado. Así lo dice en el título de su espectacular e imponente álbum de debut: una suerte de explotation sonora, una obra maestra visceral en la que se fusionan universos como los de la música electrónica, la tradición portuguesa, la world music y &hellip; </p>

Va a quedarse en este mismo sitio en el que se ha posado. Así lo dice en el título de su espectacular e imponente álbum de debut: una suerte de explotation sonora, una obra maestra visceral en la que se fusionan universos como los de la música electrónica, la tradición portuguesa, la world music y&hellip;
