{"id":30050,"date":"2024-12-04T20:23:18","date_gmt":"2024-12-04T19:23:18","guid":{"rendered":"https:\/\/cafelapalma.com\/programacion\/guachines-de-goyo-copy\/"},"modified":"2024-12-04T20:24:44","modified_gmt":"2024-12-04T19:24:44","slug":"guachines-de-goyo-2","status":"publish","type":"tribe_events","link":"https:\/\/cafelapalma.com\/en\/programacion\/guachines-de-goyo-2\/","title":{"rendered":"GUACHINES DE GOYO"},"content":{"rendered":"<div  class=\"tribe-events-schedule tribe-clearfix\" >\n\t<p class=\"tribe-events-schedule__datetime\">\n\t\t<span class=\"tribe-events-schedule__date tribe-events-schedule__date--start\">\n\t\t\t30  December  2024\t\t<\/span>\n\n\t\t\t\t\t<span class=\"tribe-events-schedule__separator tribe-events-schedule__separator--date\">\n\t\t\t\t@\t\t\t<\/span>\n\t\t\t<span class=\"tribe-events-schedule__time tribe-events-schedule__time--start\">\n\t\t\t\t21:00\t\t\t<\/span>\n\t\t\n\t\t\t\t\t\t\t\t\t<span class=\"tribe-events-schedule__separator tribe-events-schedule__separator--time\">\n\t\t\t\t\t&#8211;\t\t\t\t<\/span>\n\t\t\t\n\t\t\t\t\t\t\t<span class=\"tribe-events-schedule__time tribe-events-schedule__time--end\">\n\t\t\t\t\t22:45\t\t\t\t<\/span>\n\t\t\t\n\t\t\t\t\t\t<\/p>\n<\/div>\n\n\n<div  class=\"tribe-block tribe-block__event-price\" >\n\t\t\t<span class=\"tribe-block__event-price__cost\"> 10\u20ac <\/span>\n\t\t\t\t<span class=\"tribe-block__event-price__description\">+ gg Anticipada | 12\u20ac Taquilla<\/span>\n\t<\/div>\n\n\n\n<div style=\"height:100px\" aria-hidden=\"true\" class=\"wp-block-spacer\"><\/div>\n\n\n\n<div class=\"wp-block-columns is-layout-flex wp-container-core-columns-is-layout-8f761849 wp-block-columns-is-layout-flex\">\n<div class=\"wp-block-column is-layout-flow wp-block-column-is-layout-flow\" style=\"flex-basis:33.33%\">\n<figure class=\"wp-block-image size-full\"><img loading=\"lazy\" decoding=\"async\" width=\"333\" height=\"500\" src=\"https:\/\/cafelapalma.com\/wp-content\/uploads\/2024\/12\/GUACHINES-GOYO-DIC-A3-LOW.jpg\" alt=\"\" class=\"wp-image-30051\" srcset=\"https:\/\/cafelapalma.com\/wp-content\/uploads\/2024\/12\/GUACHINES-GOYO-DIC-A3-LOW.jpg 333w, https:\/\/cafelapalma.com\/wp-content\/uploads\/2024\/12\/GUACHINES-GOYO-DIC-A3-LOW-200x300.jpg 200w, https:\/\/cafelapalma.com\/wp-content\/uploads\/2024\/12\/GUACHINES-GOYO-DIC-A3-LOW-40x60.jpg 40w\" sizes=\"auto, (max-width: 333px) 100vw, 333px\" \/><\/figure>\n\n\n<div  class=\"tribe-block tribe-block__event-website\" >\n\t<a\n\t\thref=\"https:\/\/www.passline.com\/eventos\/guachines-de-goyo-2\"\n\t\ttarget=\"_self\"\n\t\t\t>\n\t\tBUY TICKETS\t<\/a>\n<\/div>\n<\/div>\n\n\n\n<div class=\"wp-block-column is-layout-flow wp-block-column-is-layout-flow\" style=\"flex-basis:66.66%\">\n<div style=\"height:100px\" aria-hidden=\"true\" class=\"wp-block-spacer\"><\/div>\n\n\n\n<p class=\"has-text-align-left wp-block-paragraph\">\u00a1Ya lleg\u00f3 la cumbia terap\u00e9utica!<\/p>\n\n\n\n<p class=\"has-text-align-left wp-block-paragraph\">Con todos ustedes, salidos y criados de las barras del parque de <strong>El Retiro<\/strong> de <strong>Madrid<\/strong>, los <strong>GUACHINES DE GOYO<\/strong>. Un grupo con una energ\u00eda contagiosa all\u00e1 por donde van, pura alegr\u00eda y danza primitiva, eso es lo que provocan en su p\u00fablico. Locura a ritmo de cumbia y un toque de cante flamenco, acariciado por la el\u00e9ctrica melod\u00eda de su clarinete.<\/p>\n\n\n\n<p class=\"has-text-align-left wp-block-paragraph\">En pleno proceso de crecimiento, <strong>Los Guachines<\/strong> ya comienzan a componer sus propios temas, adem\u00e1s de las versiones con su claro sello de identidad que han tenido tan buena recepci\u00f3n en sus conciertos.<\/p>\n\n\n\n<p class=\"has-text-align-left wp-block-paragraph\">Avisamos: no habr\u00e1 asientos porque no te querr\u00e1s sentar, \u00a1y tu cadera se mover\u00e1 sin previo aviso!<\/p>\n\n\n\n<p class=\"has-text-align-right wp-block-paragraph\"><em><a href=\"https:\/\/www.instagram.com\/losguachinesdegoyo\/\">Sigue a <\/a><\/em><strong><a href=\"https:\/\/www.instagram.com\/losguachinesdegoyo\/\">LOS GUACHINES DE GOYO<\/a><\/strong><em><a href=\"https:\/\/www.instagram.com\/losguachinesdegoyo\/\"> in <\/a><\/em><strong><a href=\"https:\/\/www.instagram.com\/losguachinesdegoyo\/\">Instagram<\/a><\/strong><\/p>\n<\/div>\n<\/div>\n\n\n\n<div style=\"height:100px\" aria-hidden=\"true\" class=\"wp-block-spacer\"><\/div>\n\n\n\n<hr class=\"wp-block-separator has-alpha-channel-opacity\"\/>\n\n\n\n<div style=\"height:100px\" aria-hidden=\"true\" class=\"wp-block-spacer\"><\/div>\n\n\n<h2 class=\"tribe-block__related-events__title\">Related Events<\/h2>\n\n<ul  class=\"tribe-related-events tribe-clearfix\" >\n\t\t\t<li>\n\t\n<div class=\"tribe-related-events-thumbnail\">\n\t<a href=\"https:\/\/cafelapalma.com\/en\/programacion\/willie-deville-concierto-benefico-x-venezuela\/\" class=\"url\" rel=\"bookmark\" tabindex=\"-1\" aria-hidden=\"true\"><img loading=\"lazy\" decoding=\"async\" width=\"1020\" height=\"531\" src=\"https:\/\/cafelapalma.com\/wp-content\/uploads\/2026\/08\/Willie-deville-1100x572-1-1040x541.jpg\" class=\"attachment-large size-large wp-post-image\" alt=\"\" \/><\/a>\n<\/div>\n\t<div class=\"tribe-related-event-info\">\n\t<h3 class=\"tribe-related-events-title\">\n\t\t<a href=\"https:\/\/cafelapalma.com\/en\/programacion\/willie-deville-concierto-benefico-x-venezuela\/\" class=\"tribe-event-url\" rel=\"bookmark\">\n\t\t\tWILLIE DEVILLE: CONCIERTO BEN\u00c9FICO X VENEZUELA\t\t<\/a>\n\t<\/h3>\n\t<span class=\"tribe-event-date-start\">6  September@21:00<\/span><span class=\"tribe-event-time\">23:45<\/span><\/div>\n<\/li>\n\t\t\t<li>\n\t\n<div class=\"tribe-related-events-thumbnail\">\n\t<a href=\"https:\/\/cafelapalma.com\/en\/programacion\/new-boix\/\" class=\"url\" rel=\"bookmark\" tabindex=\"-1\" aria-hidden=\"true\"><img loading=\"lazy\" decoding=\"async\" width=\"694\" height=\"1040\" src=\"https:\/\/cafelapalma.com\/wp-content\/uploads\/2026\/05\/WhatsApp-Image-2026-04-29-at-12.00.28-694x1040.jpeg\" class=\"attachment-large size-large wp-post-image\" alt=\"\" \/><\/a>\n<\/div>\n\t<div class=\"tribe-related-event-info\">\n\t<h3 class=\"tribe-related-events-title\">\n\t\t<a href=\"https:\/\/cafelapalma.com\/en\/programacion\/new-boix\/\" class=\"tribe-event-url\" rel=\"bookmark\">\n\t\t\tNEW BOIX\t\t<\/a>\n\t<\/h3>\n\t<span class=\"tribe-event-date-start\">10  September@22:00<\/span><span class=\"tribe-event-time\">23:45<\/span><\/div>\n<\/li>\n\t\t\t<li>\n\t\n<div class=\"tribe-related-events-thumbnail\">\n\t<a href=\"https:\/\/cafelapalma.com\/en\/programacion\/eric-rohmer-seasunday\/\" class=\"url\" rel=\"bookmark\" tabindex=\"-1\" aria-hidden=\"true\"><img loading=\"lazy\" decoding=\"async\" width=\"693\" height=\"1040\" src=\"https:\/\/cafelapalma.com\/wp-content\/uploads\/2026\/07\/ERIC-ROHMER-VERTICAL-1-693x1040.jpg\" class=\"attachment-large size-large wp-post-image\" alt=\"\" \/><\/a>\n<\/div>\n\t<div class=\"tribe-related-event-info\">\n\t<h3 class=\"tribe-related-events-title\">\n\t\t<a href=\"https:\/\/cafelapalma.com\/en\/programacion\/eric-rohmer-seasunday\/\" class=\"tribe-event-url\" rel=\"bookmark\">\n\t\t\tERIC ROHMER + SEASUNDAY\t\t<\/a>\n\t<\/h3>\n\t<span class=\"tribe-event-date-start\">11  September@21:00<\/span><span class=\"tribe-event-time\">23:45<\/span><\/div>\n<\/li>\n\t<\/ul>","protected":false},"excerpt":{"rendered":"<p>\u00a1Ya lleg\u00f3 la cumbia terap\u00e9utica! Con todos ustedes, salidos y criados de las barras del parque de El Retiro de Madrid, los GUACHINES DE GOYO. Un grupo con una energ\u00eda contagiosa all\u00e1 por donde van, pura alegr\u00eda y danza primitiva, eso es lo que provocan en su p\u00fablico. Locura a ritmo de cumbia y un &hellip; <\/p>","protected":false},"author":2,"featured_media":29409,"template":"","meta":{"_tec_requires_first_save":false,"_uag_custom_page_level_css":"","loftloader_page_shortcode":"","_EventAllDay":false,"_EventTimezone":"Europe\/Madrid","_EventStartDate":"2024-12-30 21:00:00","_EventEndDate":"2024-12-30 22:45:00","_EventStartDateUTC":"2024-12-30 20:00:00","_EventEndDateUTC":"2024-12-30 21:45:00","_EventShowMap":false,"_EventShowMapLink":false,"_EventURL":"https:\/\/www.passline.com\/eventos\/guachines-de-goyo-2","_EventCost":"10","_EventCostDescription":"","_EventCurrencySymbol":"\u20ac","_EventCurrencyCode":"USD","_EventCurrencyPosition":"suffix","_EventDateTimeSeparator":"@","_EventTimeRangeSeparator":"-","_EventOrganizerID":[],"_EventVenueID":[],"_OrganizerEmail":"","_OrganizerPhone":"","_OrganizerWebsite":"","_VenueAddress":"","_VenueCity":"","_VenueCountry":"","_VenueProvince":"","_VenueState":"","_VenueZip":"","_VenuePhone":"","_VenueURL":"","_VenueStateProvince":"","_VenueLat":"","_VenueLng":"","_VenueShowMap":false,"_VenueShowMapLink":false,"_tribe_blocks_recurrence_rules":"","_tribe_blocks_recurrence_description":"","_tribe_blocks_recurrence_exclusions":"","_ecp_custom_2":"","_tribe_events_status":"","_tribe_events_status_reason":"","_tribe_events_is_hybrid":"","_tribe_events_is_virtual":"","_tribe_events_virtual_video_source":"","_tribe_events_virtual_embed_video":"","_tribe_events_virtual_linked_button_text":"","_tribe_events_virtual_linked_button":"","_tribe_events_virtual_show_embed_at":"","_tribe_events_virtual_show_embed_to":[],"_tribe_events_virtual_show_on_event":"","_tribe_events_virtual_show_on_views":"","_tribe_events_virtual_url":"","footnotes":""},"tags":[1363,2865,9147,9146,9916,16173,16174,9220],"tribe_events_cat":[8963],"class_list":["post-30050","tribe_events","type-tribe_events","status-publish","has-post-thumbnail","hentry","tag-cafe-la-palma","tag-conciertos-cafe-la-palma","tag-conciertos-madrid","tag-conciertos-malasana","tag-cumbia","tag-guachines-de-goyo","tag-parque-de-el-retiro","tag-world-music","tribe_events_cat-concierto","cat_concierto"],"uagb_featured_image_src":{"full":["https:\/\/cafelapalma.com\/wp-content\/uploads\/2024\/09\/GUACHINES-PIC.jpg",1504,1233,false],"thumbnail":["https:\/\/cafelapalma.com\/wp-content\/uploads\/2024\/09\/GUACHINES-PIC-150x150.jpg",150,150,true],"medium":["https:\/\/cafelapalma.com\/wp-content\/uploads\/2024\/09\/GUACHINES-PIC-300x246.jpg",300,246,true],"medium_large":["https:\/\/cafelapalma.com\/wp-content\/uploads\/2024\/09\/GUACHINES-PIC-768x630.jpg",768,630,true],"large":["https:\/\/cafelapalma.com\/wp-content\/uploads\/2024\/09\/GUACHINES-PIC-1040x853.jpg",1020,837,true],"1536x1536":["https:\/\/cafelapalma.com\/wp-content\/uploads\/2024\/09\/GUACHINES-PIC.jpg",1504,1233,false],"2048x2048":["https:\/\/cafelapalma.com\/wp-content\/uploads\/2024\/09\/GUACHINES-PIC.jpg",1504,1233,false],"trp-custom-language-flag":["https:\/\/cafelapalma.com\/wp-content\/uploads\/2024\/09\/GUACHINES-PIC.jpg",15,12,false],"blossom-feminine-slider":["https:\/\/cafelapalma.com\/wp-content\/uploads\/2024\/09\/GUACHINES-PIC-1504x649.jpg",1504,649,true],"blossom-feminine-featured":["https:\/\/cafelapalma.com\/wp-content\/uploads\/2024\/09\/GUACHINES-PIC-1410x600.jpg",1410,600,true],"blossom-feminine-with-sidebar":["https:\/\/cafelapalma.com\/wp-content\/uploads\/2024\/09\/GUACHINES-PIC-1020x600.jpg",1020,600,true],"blossom-feminine-blog":["https:\/\/cafelapalma.com\/wp-content\/uploads\/2024\/09\/GUACHINES-PIC-435x435.jpg",435,435,true],"blossom-feminine-cat":["https:\/\/cafelapalma.com\/wp-content\/uploads\/2024\/09\/GUACHINES-PIC-450x300.jpg",450,300,true],"blossom-feminine-related":["https:\/\/cafelapalma.com\/wp-content\/uploads\/2024\/09\/GUACHINES-PIC-320x200.jpg",320,200,true],"blossom-feminine-schema":["https:\/\/cafelapalma.com\/wp-content\/uploads\/2024\/09\/GUACHINES-PIC-73x60.jpg",73,60,true]},"uagb_author_info":{"display_name":"Victor","author_link":"https:\/\/cafelapalma.com\/en\/author\/comunicacion\/"},"uagb_comment_info":0,"uagb_excerpt":"\u00a1Ya lleg\u00f3 la cumbia terap\u00e9utica! Con todos ustedes, salidos y criados de las barras del parque de El Retiro de Madrid, los GUACHINES DE GOYO. Un grupo con una energ\u00eda contagiosa all\u00e1 por donde van, pura alegr\u00eda y danza primitiva, eso es lo que provocan en su p\u00fablico. Locura a ritmo de cumbia y un&hellip;","_links":{"self":[{"href":"https:\/\/cafelapalma.com\/en\/wp-json\/wp\/v2\/tribe_events\/30050","targetHints":{"allow":["GET"]}}],"collection":[{"href":"https:\/\/cafelapalma.com\/en\/wp-json\/wp\/v2\/tribe_events"}],"about":[{"href":"https:\/\/cafelapalma.com\/en\/wp-json\/wp\/v2\/types\/tribe_events"}],"author":[{"embeddable":true,"href":"https:\/\/cafelapalma.com\/en\/wp-json\/wp\/v2\/users\/2"}],"version-history":[{"count":0,"href":"https:\/\/cafelapalma.com\/en\/wp-json\/wp\/v2\/tribe_events\/30050\/revisions"}],"wp:featuredmedia":[{"embeddable":true,"href":"https:\/\/cafelapalma.com\/en\/wp-json\/wp\/v2\/media\/29409"}],"wp:attachment":[{"href":"https:\/\/cafelapalma.com\/en\/wp-json\/wp\/v2\/media?parent=30050"}],"wp:term":[{"taxonomy":"post_tag","embeddable":true,"href":"https:\/\/cafelapalma.com\/en\/wp-json\/wp\/v2\/tags?post=30050"},{"taxonomy":"tribe_events_cat","embeddable":true,"href":"https:\/\/cafelapalma.com\/en\/wp-json\/wp\/v2\/tribe_events_cat?post=30050"}],"curies":[{"name":"wp","href":"https:\/\/api.w.org\/{rel}","templated":true}]}}

<div  class="tribe-events-schedule tribe-clearfix" >
	<p class="tribe-events-schedule__datetime">
		<span class="tribe-events-schedule__date tribe-events-schedule__date--start">
			30  December  2024		</span>

					<span class="tribe-events-schedule__separator tribe-events-schedule__separator--date">
				@			</span>
			<span class="tribe-events-schedule__time tribe-events-schedule__time--start">
				21:00			</span>
		
									<span class="tribe-events-schedule__separator tribe-events-schedule__separator--time">
					&#8211;				</span>
			
							<span class="tribe-events-schedule__time tribe-events-schedule__time--end">
					22:45				</span>
			
						</p>
</div>


<div  class="tribe-block tribe-block__event-price" >
			<span class="tribe-block__event-price__cost"> 10€ </span>
				<span class="tribe-block__event-price__description">+ gg Anticipada | 12€ Taquilla</span>
	</div>



<div style="height:100px" aria-hidden="true" class="wp-block-spacer"></div>



<div class="wp-block-columns is-layout-flex wp-container-core-columns-is-layout-8f761849 wp-block-columns-is-layout-flex">
<div class="wp-block-column is-layout-flow wp-block-column-is-layout-flow" style="flex-basis:33.33%">
<figure class="wp-block-image size-full"><img loading="lazy" decoding="async" width="333" height="500" src="https://cafelapalma.com/wp-content/uploads/2024/12/GUACHINES-GOYO-DIC-A3-LOW.jpg" alt="" class="wp-image-30051" srcset="https://cafelapalma.com/wp-content/uploads/2024/12/GUACHINES-GOYO-DIC-A3-LOW.jpg 333w, https://cafelapalma.com/wp-content/uploads/2024/12/GUACHINES-GOYO-DIC-A3-LOW-200x300.jpg 200w, https://cafelapalma.com/wp-content/uploads/2024/12/GUACHINES-GOYO-DIC-A3-LOW-40x60.jpg 40w" sizes="auto, (max-width: 333px) 100vw, 333px" /></figure>


<div  class="tribe-block tribe-block__event-website" >
	<a
		href="https://www.passline.com/eventos/guachines-de-goyo-2"
		target="_self"
			>
		BUY TICKETS	</a>
</div>
</div>



<div class="wp-block-column is-layout-flow wp-block-column-is-layout-flow" style="flex-basis:66.66%">
<div style="height:100px" aria-hidden="true" class="wp-block-spacer"></div>



<p class="has-text-align-left wp-block-paragraph">¡Ya llegó la cumbia terapéutica!</p>



<p class="has-text-align-left wp-block-paragraph">Con todos ustedes, salidos y criados de las barras del parque de <strong>El Retiro</strong> de <strong>Madrid</strong>, los <strong>GUACHINES DE GOYO</strong>. Un grupo con una energía contagiosa allá por donde van, pura alegría y danza primitiva, eso es lo que provocan en su público. Locura a ritmo de cumbia y un toque de cante flamenco, acariciado por la eléctrica melodía de su clarinete.</p>



<p class="has-text-align-left wp-block-paragraph">En pleno proceso de crecimiento, <strong>Los Guachines</strong> ya comienzan a componer sus propios temas, además de las versiones con su claro sello de identidad que han tenido tan buena recepción en sus conciertos.</p>



<p class="has-text-align-left wp-block-paragraph">Avisamos: no habrá asientos porque no te querrás sentar, ¡y tu cadera se moverá sin previo aviso!</p>



<p class="has-text-align-right wp-block-paragraph"><em><a href="https://www.instagram.com/losguachinesdegoyo/">Sigue a </a></em><strong><a href="https://www.instagram.com/losguachinesdegoyo/">LOS GUACHINES DE GOYO</a></strong><em><a href="https://www.instagram.com/losguachinesdegoyo/"> in </a></em><strong><a href="https://www.instagram.com/losguachinesdegoyo/">Instagram</a></strong></p>
</div>
</div>



<div style="height:100px" aria-hidden="true" class="wp-block-spacer"></div>



<hr class="wp-block-separator has-alpha-channel-opacity"/>



<div style="height:100px" aria-hidden="true" class="wp-block-spacer"></div>


<h2 class="tribe-block__related-events__title">Related Events</h2>

<ul  class="tribe-related-events tribe-clearfix" >
			<li>
	
<div class="tribe-related-events-thumbnail">
	<a href="https://cafelapalma.com/en/programacion/willie-deville-concierto-benefico-x-venezuela/" class="url" rel="bookmark" tabindex="-1" aria-hidden="true"><img loading="lazy" decoding="async" width="1020" height="531" src="https://cafelapalma.com/wp-content/uploads/2026/08/Willie-deville-1100x572-1-1040x541.jpg" class="attachment-large size-large wp-post-image" alt="" /></a>
</div>
	<div class="tribe-related-event-info">
	<h3 class="tribe-related-events-title">
		<a href="https://cafelapalma.com/en/programacion/willie-deville-concierto-benefico-x-venezuela/" class="tribe-event-url" rel="bookmark">
			WILLIE DEVILLE: CONCIERTO BENÉFICO X VENEZUELA		</a>
	</h3>
	<span class="tribe-event-date-start">6  September@21:00</span><span class="tribe-event-time">23:45</span></div>
</li>
			<li>
	
<div class="tribe-related-events-thumbnail">
	<a href="https://cafelapalma.com/en/programacion/new-boix/" class="url" rel="bookmark" tabindex="-1" aria-hidden="true"><img loading="lazy" decoding="async" width="694" height="1040" src="https://cafelapalma.com/wp-content/uploads/2026/05/WhatsApp-Image-2026-04-29-at-12.00.28-694x1040.jpeg" class="attachment-large size-large wp-post-image" alt="" /></a>
</div>
	<div class="tribe-related-event-info">
	<h3 class="tribe-related-events-title">
		<a href="https://cafelapalma.com/en/programacion/new-boix/" class="tribe-event-url" rel="bookmark">
			NEW BOIX		</a>
	</h3>
	<span class="tribe-event-date-start">10  September@22:00</span><span class="tribe-event-time">23:45</span></div>
</li>
			<li>
	
<div class="tribe-related-events-thumbnail">
	<a href="https://cafelapalma.com/en/programacion/eric-rohmer-seasunday/" class="url" rel="bookmark" tabindex="-1" aria-hidden="true"><img loading="lazy" decoding="async" width="693" height="1040" src="https://cafelapalma.com/wp-content/uploads/2026/07/ERIC-ROHMER-VERTICAL-1-693x1040.jpg" class="attachment-large size-large wp-post-image" alt="" /></a>
</div>
	<div class="tribe-related-event-info">
	<h3 class="tribe-related-events-title">
		<a href="https://cafelapalma.com/en/programacion/eric-rohmer-seasunday/" class="tribe-event-url" rel="bookmark">
			ERIC ROHMER + SEASUNDAY		</a>
	</h3>
	<span class="tribe-event-date-start">11  September@21:00</span><span class="tribe-event-time">23:45</span></div>
</li>
	</ul>

<p>¡Ya llegó la cumbia terapéutica! Con todos ustedes, salidos y criados de las barras del parque de El Retiro de Madrid, los GUACHINES DE GOYO. Un grupo con una energía contagiosa allá por donde van, pura alegría y danza primitiva, eso es lo que provocan en su público. Locura a ritmo de cumbia y un &hellip; </p>

¡Ya llegó la cumbia terapéutica! Con todos ustedes, salidos y criados de las barras del parque de El Retiro de Madrid, los GUACHINES DE GOYO. Un grupo con una energía contagiosa allá por donde van, pura alegría y danza primitiva, eso es lo que provocan en su público. Locura a ritmo de cumbia y un&hellip;
