{"id":30376,"date":"2025-01-16T12:18:18","date_gmt":"2025-01-16T11:18:18","guid":{"rendered":"https:\/\/cafelapalma.com\/programacion\/resaca-copy\/"},"modified":"2025-01-16T12:25:10","modified_gmt":"2025-01-16T11:25:10","slug":"resaca-2","status":"publish","type":"tribe_events","link":"https:\/\/cafelapalma.com\/en\/programacion\/resaca-2\/","title":{"rendered":"RESAC:A"},"content":{"rendered":"<div  class=\"tribe-events-schedule tribe-clearfix\" >\n\t<p class=\"tribe-events-schedule__datetime\">\n\t\t<span class=\"tribe-events-schedule__date tribe-events-schedule__date--start\">\n\t\t\t31  January  2025\t\t<\/span>\n\n\t\t\t\t\t<span class=\"tribe-events-schedule__separator tribe-events-schedule__separator--date\">\n\t\t\t\t@\t\t\t<\/span>\n\t\t\t<span class=\"tribe-events-schedule__time tribe-events-schedule__time--start\">\n\t\t\t\t23:50\t\t\t<\/span>\n\t\t\n\t\t\t\t\t\t\t\t\t<span class=\"tribe-events-schedule__separator tribe-events-schedule__separator--time\">\n\t\t\t\t\t&#8211;\t\t\t\t<\/span>\n\t\t\t\n\t\t\t\t\t\t\t<span class=\"tribe-events-schedule__time tribe-events-schedule__time--end\">\n\t\t\t\t\t23:55\t\t\t\t<\/span>\n\t\t\t\n\t\t\t\t\t\t<\/p>\n<\/div>\n\n\n<div  class=\"tribe-block tribe-block__event-price\" >\n\t\t\t<span class=\"tribe-block__event-price__cost\"> 11\u20ac <\/span>\n\t\t\t\t<span class=\"tribe-block__event-price__description\">+ gg Anticipada | 13\u20ac Taquilla. Incluye UNA CONSUMICI\u00d3N.<\/span>\n\t<\/div>\n\n\n\n<div style=\"height:100px\" aria-hidden=\"true\" class=\"wp-block-spacer\"><\/div>\n\n\n\n<div class=\"wp-block-columns is-layout-flex wp-container-core-columns-is-layout-8f761849 wp-block-columns-is-layout-flex\">\n<div class=\"wp-block-column is-layout-flow wp-block-column-is-layout-flow\" style=\"flex-basis:33.33%\">\n<figure class=\"wp-block-image size-large\"><img loading=\"lazy\" decoding=\"async\" width=\"735\" height=\"1040\" src=\"https:\/\/cafelapalma.com\/wp-content\/uploads\/2025\/01\/RESACA-A3-LOW-735x1040.jpg\" alt=\"\" class=\"wp-image-30378\" srcset=\"https:\/\/cafelapalma.com\/wp-content\/uploads\/2025\/01\/RESACA-A3-LOW-735x1040.jpg 735w, https:\/\/cafelapalma.com\/wp-content\/uploads\/2025\/01\/RESACA-A3-LOW-212x300.jpg 212w, https:\/\/cafelapalma.com\/wp-content\/uploads\/2025\/01\/RESACA-A3-LOW-768x1087.jpg 768w, https:\/\/cafelapalma.com\/wp-content\/uploads\/2025\/01\/RESACA-A3-LOW-42x60.jpg 42w, https:\/\/cafelapalma.com\/wp-content\/uploads\/2025\/01\/RESACA-A3-LOW.jpg 1080w\" sizes=\"auto, (max-width: 735px) 100vw, 735px\" \/><\/figure>\n\n\n<div  class=\"tribe-block tribe-block__event-website\" >\n\t<a\n\t\thref=\"https:\/\/www.passline.com\/eventos\/resaca-2\"\n\t\ttarget=\"_self\"\n\t\t\t>\n\t\tBUY TICKETS\t<\/a>\n<\/div>\n<\/div>\n\n\n\n<div class=\"wp-block-column is-layout-flow wp-block-column-is-layout-flow\" style=\"flex-basis:66.66%\">\n<div style=\"height:100px\" aria-hidden=\"true\" class=\"wp-block-spacer\"><\/div>\n\n\n\n<p class=\"has-text-align-left wp-block-paragraph\">\u00bfRecuperadxs ya de la resaca navide\u00f1a?<\/p>\n\n\n\n<p class=\"has-text-align-left wp-block-paragraph\">Esperamos que s\u00ed porque, despu\u00e9s del primer sold-out, vuelve la fiesta que combina lo mejor de la m\u00fasica alternativa y del pop contempor\u00e1neo. Sin tonter\u00edas, sin caretas: la m\u00fasica que te mola y punto.<\/p>\n\n\n\n<p class=\"has-text-align-left wp-block-paragraph\">Esta vez bailaremos un DJ set guitarrero de Vicente Calder\u00f3n (en el d\u00eda de lanzamiento de su primer disco) y volveremos al 2005 en una c\u00e1psula del tiempo que repasar\u00e1 los mayores temones de un a\u00f1o que muchxs no pudimos vivir de fiesta. La noche la cerrar\u00e1n por todo lo alto los anfitriones <em>de la maison<\/em>, como ya empieza a ser costumbre.<\/p>\n\n\n\n<p class=\"has-text-align-left wp-block-paragraph\"><em>Una fiesta como cuando te molaba la m\u00fasica que pon\u00edan de fiesta.<\/em><\/p>\n\n\n\n<p class=\"has-text-align-left wp-block-paragraph\"><em>Una fiesta en casa de un colega sin ser en casa de un colega.<\/em><\/p>\n\n\n\n<p class=\"has-text-align-left wp-block-paragraph\"><em>Una fiesta como a las que ibas cuando no ten\u00edas resaca.<\/em><\/p>\n\n\n\n<p class=\"has-text-align-right wp-block-paragraph\"><em><a href=\"https:\/\/www.instagram.com\/resacccca\/\">Sigue a <strong>RESAC:A<\/strong> in <\/a><\/em><strong><a href=\"https:\/\/www.instagram.com\/resacccca\/\">Instagram<\/a><\/strong><\/p>\n<\/div>\n<\/div>\n\n\n\n<div style=\"height:100px\" aria-hidden=\"true\" class=\"wp-block-spacer\"><\/div>\n\n\n\n<hr class=\"wp-block-separator has-alpha-channel-opacity\"\/>\n\n\n\n<div style=\"height:100px\" aria-hidden=\"true\" class=\"wp-block-spacer\"><\/div>\n\n\n<h2 class=\"tribe-block__related-events__title\">Related Events<\/h2>\n\n<ul  class=\"tribe-related-events tribe-clearfix\" >\n\t\t\t<li>\n\t\n<div class=\"tribe-related-events-thumbnail\">\n\t<a href=\"https:\/\/cafelapalma.com\/en\/programacion\/willie-deville-concierto-benefico-x-venezuela\/\" class=\"url\" rel=\"bookmark\" tabindex=\"-1\" aria-hidden=\"true\"><img loading=\"lazy\" decoding=\"async\" width=\"1020\" height=\"531\" src=\"https:\/\/cafelapalma.com\/wp-content\/uploads\/2026\/08\/Willie-deville-1100x572-1-1040x541.jpg\" class=\"attachment-large size-large wp-post-image\" alt=\"\" \/><\/a>\n<\/div>\n\t<div class=\"tribe-related-event-info\">\n\t<h3 class=\"tribe-related-events-title\">\n\t\t<a href=\"https:\/\/cafelapalma.com\/en\/programacion\/willie-deville-concierto-benefico-x-venezuela\/\" class=\"tribe-event-url\" rel=\"bookmark\">\n\t\t\tWILLIE DEVILLE: CONCIERTO BEN\u00c9FICO X VENEZUELA\t\t<\/a>\n\t<\/h3>\n\t<span class=\"tribe-event-date-start\">6  September@21:00<\/span><span class=\"tribe-event-time\">23:45<\/span><\/div>\n<\/li>\n\t\t\t<li>\n\t\n<div class=\"tribe-related-events-thumbnail\">\n\t<a href=\"https:\/\/cafelapalma.com\/en\/programacion\/new-boix\/\" class=\"url\" rel=\"bookmark\" tabindex=\"-1\" aria-hidden=\"true\"><img loading=\"lazy\" decoding=\"async\" width=\"694\" height=\"1040\" src=\"https:\/\/cafelapalma.com\/wp-content\/uploads\/2026\/05\/WhatsApp-Image-2026-04-29-at-12.00.28-694x1040.jpeg\" class=\"attachment-large size-large wp-post-image\" alt=\"\" \/><\/a>\n<\/div>\n\t<div class=\"tribe-related-event-info\">\n\t<h3 class=\"tribe-related-events-title\">\n\t\t<a href=\"https:\/\/cafelapalma.com\/en\/programacion\/new-boix\/\" class=\"tribe-event-url\" rel=\"bookmark\">\n\t\t\tNEW BOIX\t\t<\/a>\n\t<\/h3>\n\t<span class=\"tribe-event-date-start\">10  September@22:00<\/span><span class=\"tribe-event-time\">23:45<\/span><\/div>\n<\/li>\n\t\t\t<li>\n\t\n<div class=\"tribe-related-events-thumbnail\">\n\t<a href=\"https:\/\/cafelapalma.com\/en\/programacion\/zetaeme\/\" class=\"url\" rel=\"bookmark\" tabindex=\"-1\" aria-hidden=\"true\"><img loading=\"lazy\" decoding=\"async\" width=\"693\" height=\"1040\" src=\"https:\/\/cafelapalma.com\/wp-content\/uploads\/2026\/07\/5O3A7345-1-1-693x1040.jpg\" class=\"attachment-large size-large wp-post-image\" alt=\"\" \/><\/a>\n<\/div>\n\t<div class=\"tribe-related-event-info\">\n\t<h3 class=\"tribe-related-events-title\">\n\t\t<a href=\"https:\/\/cafelapalma.com\/en\/programacion\/zetaeme\/\" class=\"tribe-event-url\" rel=\"bookmark\">\n\t\t\tZETAEME\t\t<\/a>\n\t<\/h3>\n\t<span class=\"tribe-event-date-start\">10  September@23:55<\/span><\/div>\n<\/li>\n\t<\/ul>","protected":false},"excerpt":{"rendered":"<p>\u00bfRecuperadxs ya de la resaca navide\u00f1a? Esperamos que s\u00ed porque, despu\u00e9s del primer sold-out, vuelve la fiesta que combina lo mejor de la m\u00fasica alternativa y del pop contempor\u00e1neo. Sin tonter\u00edas, sin caretas: la m\u00fasica que te mola y punto. Esta vez bailaremos un DJ set guitarrero de Vicente Calder\u00f3n (en el d\u00eda de lanzamiento &hellip; <\/p>","protected":false},"author":2,"featured_media":30379,"template":"","meta":{"_tec_requires_first_save":false,"_uag_custom_page_level_css":"","loftloader_page_shortcode":"","_EventAllDay":false,"_EventTimezone":"Europe\/Madrid","_EventStartDate":"2025-01-31 23:50:00","_EventEndDate":"2025-01-31 23:55:00","_EventStartDateUTC":"2025-01-31 22:50:00","_EventEndDateUTC":"2025-01-31 22:55:00","_EventShowMap":false,"_EventShowMapLink":false,"_EventURL":"https:\/\/www.passline.com\/eventos\/resaca-2","_EventCost":"11","_EventCostDescription":"","_EventCurrencySymbol":"\u20ac","_EventCurrencyCode":"USD","_EventCurrencyPosition":"suffix","_EventDateTimeSeparator":"@","_EventTimeRangeSeparator":"-","_EventOrganizerID":[],"_EventVenueID":[],"_OrganizerEmail":"","_OrganizerPhone":"","_OrganizerWebsite":"","_VenueAddress":"","_VenueCity":"","_VenueCountry":"","_VenueProvince":"","_VenueState":"","_VenueZip":"","_VenuePhone":"","_VenueURL":"","_VenueStateProvince":"","_VenueLat":"","_VenueLng":"","_VenueShowMap":false,"_VenueShowMapLink":false,"_tribe_blocks_recurrence_rules":"","_tribe_blocks_recurrence_description":"","_tribe_blocks_recurrence_exclusions":"","_ecp_custom_2":"","_tribe_events_status":"","_tribe_events_status_reason":"","_tribe_events_is_hybrid":"","_tribe_events_is_virtual":"","_tribe_events_virtual_video_source":"","_tribe_events_virtual_embed_video":"","_tribe_events_virtual_linked_button_text":"","_tribe_events_virtual_linked_button":"","_tribe_events_virtual_show_embed_at":"","_tribe_events_virtual_show_embed_to":[],"_tribe_events_virtual_show_on_event":"","_tribe_events_virtual_show_on_views":"","_tribe_events_virtual_url":"","footnotes":""},"tags":[16860,11135,16861,1363,9225,14252,9227,1357,16862,8970,1355,10074,11339],"tribe_events_cat":[8964],"class_list":["post-30376","tribe_events","type-tribe_events","status-publish","has-post-thumbnail","hentry","tag-alberto-de-santos","tag-andresito-el-bachatero","tag-andrew-deleite","tag-cafe-la-palma","tag-cafe-la-palma-clubbing","tag-dharmacide","tag-djs-malasana","tag-electronica","tag-gonzalo-hoppi","tag-indie","tag-pop","tag-tabaco","tag-vicente-calderon","tribe_events_cat-clubbing","cat_clubbing"],"uagb_featured_image_src":{"full":["https:\/\/cafelapalma.com\/wp-content\/uploads\/2025\/01\/RESACA-STORIES-LOW.jpg",1080,1926,false],"thumbnail":["https:\/\/cafelapalma.com\/wp-content\/uploads\/2025\/01\/RESACA-STORIES-LOW-150x150.jpg",150,150,true],"medium":["https:\/\/cafelapalma.com\/wp-content\/uploads\/2025\/01\/RESACA-STORIES-LOW-168x300.jpg",168,300,true],"medium_large":["https:\/\/cafelapalma.com\/wp-content\/uploads\/2025\/01\/RESACA-STORIES-LOW-768x1370.jpg",768,1370,true],"large":["https:\/\/cafelapalma.com\/wp-content\/uploads\/2025\/01\/RESACA-STORIES-LOW-583x1040.jpg",583,1040,true],"1536x1536":["https:\/\/cafelapalma.com\/wp-content\/uploads\/2025\/01\/RESACA-STORIES-LOW-861x1536.jpg",861,1536,true],"2048x2048":["https:\/\/cafelapalma.com\/wp-content\/uploads\/2025\/01\/RESACA-STORIES-LOW.jpg",1080,1926,false],"trp-custom-language-flag":["https:\/\/cafelapalma.com\/wp-content\/uploads\/2025\/01\/RESACA-STORIES-LOW.jpg",7,12,false],"blossom-feminine-slider":["https:\/\/cafelapalma.com\/wp-content\/uploads\/2025\/01\/RESACA-STORIES-LOW-1080x649.jpg",1080,649,true],"blossom-feminine-featured":["https:\/\/cafelapalma.com\/wp-content\/uploads\/2025\/01\/RESACA-STORIES-LOW-1080x600.jpg",1080,600,true],"blossom-feminine-with-sidebar":["https:\/\/cafelapalma.com\/wp-content\/uploads\/2025\/01\/RESACA-STORIES-LOW-1020x600.jpg",1020,600,true],"blossom-feminine-blog":["https:\/\/cafelapalma.com\/wp-content\/uploads\/2025\/01\/RESACA-STORIES-LOW-435x435.jpg",435,435,true],"blossom-feminine-cat":["https:\/\/cafelapalma.com\/wp-content\/uploads\/2025\/01\/RESACA-STORIES-LOW-450x300.jpg",450,300,true],"blossom-feminine-related":["https:\/\/cafelapalma.com\/wp-content\/uploads\/2025\/01\/RESACA-STORIES-LOW-320x200.jpg",320,200,true],"blossom-feminine-schema":["https:\/\/cafelapalma.com\/wp-content\/uploads\/2025\/01\/RESACA-STORIES-LOW-34x60.jpg",34,60,true]},"uagb_author_info":{"display_name":"Victor","author_link":"https:\/\/cafelapalma.com\/en\/author\/comunicacion\/"},"uagb_comment_info":0,"uagb_excerpt":"\u00bfRecuperadxs ya de la resaca navide\u00f1a? Esperamos que s\u00ed porque, despu\u00e9s del primer sold-out, vuelve la fiesta que combina lo mejor de la m\u00fasica alternativa y del pop contempor\u00e1neo. Sin tonter\u00edas, sin caretas: la m\u00fasica que te mola y punto. Esta vez bailaremos un DJ set guitarrero de Vicente Calder\u00f3n (en el d\u00eda de lanzamiento&hellip;","_links":{"self":[{"href":"https:\/\/cafelapalma.com\/en\/wp-json\/wp\/v2\/tribe_events\/30376","targetHints":{"allow":["GET"]}}],"collection":[{"href":"https:\/\/cafelapalma.com\/en\/wp-json\/wp\/v2\/tribe_events"}],"about":[{"href":"https:\/\/cafelapalma.com\/en\/wp-json\/wp\/v2\/types\/tribe_events"}],"author":[{"embeddable":true,"href":"https:\/\/cafelapalma.com\/en\/wp-json\/wp\/v2\/users\/2"}],"version-history":[{"count":0,"href":"https:\/\/cafelapalma.com\/en\/wp-json\/wp\/v2\/tribe_events\/30376\/revisions"}],"wp:featuredmedia":[{"embeddable":true,"href":"https:\/\/cafelapalma.com\/en\/wp-json\/wp\/v2\/media\/30379"}],"wp:attachment":[{"href":"https:\/\/cafelapalma.com\/en\/wp-json\/wp\/v2\/media?parent=30376"}],"wp:term":[{"taxonomy":"post_tag","embeddable":true,"href":"https:\/\/cafelapalma.com\/en\/wp-json\/wp\/v2\/tags?post=30376"},{"taxonomy":"tribe_events_cat","embeddable":true,"href":"https:\/\/cafelapalma.com\/en\/wp-json\/wp\/v2\/tribe_events_cat?post=30376"}],"curies":[{"name":"wp","href":"https:\/\/api.w.org\/{rel}","templated":true}]}}

<div  class="tribe-events-schedule tribe-clearfix" >
	<p class="tribe-events-schedule__datetime">
		<span class="tribe-events-schedule__date tribe-events-schedule__date--start">
			31  January  2025		</span>

					<span class="tribe-events-schedule__separator tribe-events-schedule__separator--date">
				@			</span>
			<span class="tribe-events-schedule__time tribe-events-schedule__time--start">
				23:50			</span>
		
									<span class="tribe-events-schedule__separator tribe-events-schedule__separator--time">
					&#8211;				</span>
			
							<span class="tribe-events-schedule__time tribe-events-schedule__time--end">
					23:55				</span>
			
						</p>
</div>


<div  class="tribe-block tribe-block__event-price" >
			<span class="tribe-block__event-price__cost"> 11€ </span>
				<span class="tribe-block__event-price__description">+ gg Anticipada | 13€ Taquilla. Incluye UNA CONSUMICIÓN.</span>
	</div>



<div style="height:100px" aria-hidden="true" class="wp-block-spacer"></div>



<div class="wp-block-columns is-layout-flex wp-container-core-columns-is-layout-8f761849 wp-block-columns-is-layout-flex">
<div class="wp-block-column is-layout-flow wp-block-column-is-layout-flow" style="flex-basis:33.33%">
<figure class="wp-block-image size-large"><img loading="lazy" decoding="async" width="735" height="1040" src="https://cafelapalma.com/wp-content/uploads/2025/01/RESACA-A3-LOW-735x1040.jpg" alt="" class="wp-image-30378" srcset="https://cafelapalma.com/wp-content/uploads/2025/01/RESACA-A3-LOW-735x1040.jpg 735w, https://cafelapalma.com/wp-content/uploads/2025/01/RESACA-A3-LOW-212x300.jpg 212w, https://cafelapalma.com/wp-content/uploads/2025/01/RESACA-A3-LOW-768x1087.jpg 768w, https://cafelapalma.com/wp-content/uploads/2025/01/RESACA-A3-LOW-42x60.jpg 42w, https://cafelapalma.com/wp-content/uploads/2025/01/RESACA-A3-LOW.jpg 1080w" sizes="auto, (max-width: 735px) 100vw, 735px" /></figure>


<div  class="tribe-block tribe-block__event-website" >
	<a
		href="https://www.passline.com/eventos/resaca-2"
		target="_self"
			>
		BUY TICKETS	</a>
</div>
</div>



<div class="wp-block-column is-layout-flow wp-block-column-is-layout-flow" style="flex-basis:66.66%">
<div style="height:100px" aria-hidden="true" class="wp-block-spacer"></div>



<p class="has-text-align-left wp-block-paragraph">¿Recuperadxs ya de la resaca navideña?</p>



<p class="has-text-align-left wp-block-paragraph">Esperamos que sí porque, después del primer sold-out, vuelve la fiesta que combina lo mejor de la música alternativa y del pop contemporáneo. Sin tonterías, sin caretas: la música que te mola y punto.</p>



<p class="has-text-align-left wp-block-paragraph">Esta vez bailaremos un DJ set guitarrero de Vicente Calderón (en el día de lanzamiento de su primer disco) y volveremos al 2005 en una cápsula del tiempo que repasará los mayores temones de un año que muchxs no pudimos vivir de fiesta. La noche la cerrarán por todo lo alto los anfitriones <em>de la maison</em>, como ya empieza a ser costumbre.</p>



<p class="has-text-align-left wp-block-paragraph"><em>Una fiesta como cuando te molaba la música que ponían de fiesta.</em></p>



<p class="has-text-align-left wp-block-paragraph"><em>Una fiesta en casa de un colega sin ser en casa de un colega.</em></p>



<p class="has-text-align-left wp-block-paragraph"><em>Una fiesta como a las que ibas cuando no tenías resaca.</em></p>



<p class="has-text-align-right wp-block-paragraph"><em><a href="https://www.instagram.com/resacccca/">Sigue a <strong>RESAC:A</strong> in </a></em><strong><a href="https://www.instagram.com/resacccca/">Instagram</a></strong></p>
</div>
</div>



<div style="height:100px" aria-hidden="true" class="wp-block-spacer"></div>



<hr class="wp-block-separator has-alpha-channel-opacity"/>



<div style="height:100px" aria-hidden="true" class="wp-block-spacer"></div>


<h2 class="tribe-block__related-events__title">Related Events</h2>

<ul  class="tribe-related-events tribe-clearfix" >
			<li>
	
<div class="tribe-related-events-thumbnail">
	<a href="https://cafelapalma.com/en/programacion/willie-deville-concierto-benefico-x-venezuela/" class="url" rel="bookmark" tabindex="-1" aria-hidden="true"><img loading="lazy" decoding="async" width="1020" height="531" src="https://cafelapalma.com/wp-content/uploads/2026/08/Willie-deville-1100x572-1-1040x541.jpg" class="attachment-large size-large wp-post-image" alt="" /></a>
</div>
	<div class="tribe-related-event-info">
	<h3 class="tribe-related-events-title">
		<a href="https://cafelapalma.com/en/programacion/willie-deville-concierto-benefico-x-venezuela/" class="tribe-event-url" rel="bookmark">
			WILLIE DEVILLE: CONCIERTO BENÉFICO X VENEZUELA		</a>
	</h3>
	<span class="tribe-event-date-start">6  September@21:00</span><span class="tribe-event-time">23:45</span></div>
</li>
			<li>
	
<div class="tribe-related-events-thumbnail">
	<a href="https://cafelapalma.com/en/programacion/new-boix/" class="url" rel="bookmark" tabindex="-1" aria-hidden="true"><img loading="lazy" decoding="async" width="694" height="1040" src="https://cafelapalma.com/wp-content/uploads/2026/05/WhatsApp-Image-2026-04-29-at-12.00.28-694x1040.jpeg" class="attachment-large size-large wp-post-image" alt="" /></a>
</div>
	<div class="tribe-related-event-info">
	<h3 class="tribe-related-events-title">
		<a href="https://cafelapalma.com/en/programacion/new-boix/" class="tribe-event-url" rel="bookmark">
			NEW BOIX		</a>
	</h3>
	<span class="tribe-event-date-start">10  September@22:00</span><span class="tribe-event-time">23:45</span></div>
</li>
			<li>
	
<div class="tribe-related-events-thumbnail">
	<a href="https://cafelapalma.com/en/programacion/zetaeme/" class="url" rel="bookmark" tabindex="-1" aria-hidden="true"><img loading="lazy" decoding="async" width="693" height="1040" src="https://cafelapalma.com/wp-content/uploads/2026/07/5O3A7345-1-1-693x1040.jpg" class="attachment-large size-large wp-post-image" alt="" /></a>
</div>
	<div class="tribe-related-event-info">
	<h3 class="tribe-related-events-title">
		<a href="https://cafelapalma.com/en/programacion/zetaeme/" class="tribe-event-url" rel="bookmark">
			ZETAEME		</a>
	</h3>
	<span class="tribe-event-date-start">10  September@23:55</span></div>
</li>
	</ul>

<p>¿Recuperadxs ya de la resaca navideña? Esperamos que sí porque, después del primer sold-out, vuelve la fiesta que combina lo mejor de la música alternativa y del pop contemporáneo. Sin tonterías, sin caretas: la música que te mola y punto. Esta vez bailaremos un DJ set guitarrero de Vicente Calderón (en el día de lanzamiento &hellip; </p>

¿Recuperadxs ya de la resaca navideña? Esperamos que sí porque, después del primer sold-out, vuelve la fiesta que combina lo mejor de la música alternativa y del pop contemporáneo. Sin tonterías, sin caretas: la música que te mola y punto. Esta vez bailaremos un DJ set guitarrero de Vicente Calderón (en el día de lanzamiento&hellip;
