{"id":30427,"date":"2025-01-23T19:15:41","date_gmt":"2025-01-23T18:15:41","guid":{"rendered":"https:\/\/cafelapalma.com\/?post_type=tribe_events&#038;p=30427"},"modified":"2025-01-23T19:15:48","modified_gmt":"2025-01-23T18:15:48","slug":"pluriel-tribe-in-the-city-especial-san-valentin","status":"publish","type":"tribe_events","link":"https:\/\/cafelapalma.com\/en\/programacion\/pluriel-tribe-in-the-city-especial-san-valentin\/","title":{"rendered":"iMonq + ROMA FARAH + ZAMEH"},"content":{"rendered":"<div  class=\"tribe-events-schedule tribe-clearfix\" >\n\t<p class=\"tribe-events-schedule__datetime\">\n\t\t<span class=\"tribe-events-schedule__date tribe-events-schedule__date--start\">\n\t\t\t14  February  2025\t\t<\/span>\n\n\t\t\t\t\t<span class=\"tribe-events-schedule__separator tribe-events-schedule__separator--date\">\n\t\t\t\t@\t\t\t<\/span>\n\t\t\t<span class=\"tribe-events-schedule__time tribe-events-schedule__time--start\">\n\t\t\t\t23:50\t\t\t<\/span>\n\t\t\n\t\t\t\t\t\t\t\t\t<span class=\"tribe-events-schedule__separator tribe-events-schedule__separator--time\">\n\t\t\t\t\t&#8211;\t\t\t\t<\/span>\n\t\t\t\n\t\t\t\t\t\t\t<span class=\"tribe-events-schedule__time tribe-events-schedule__time--end\">\n\t\t\t\t\t23:55\t\t\t\t<\/span>\n\t\t\t\n\t\t\t\t\t\t<\/p>\n<\/div>\n\n\n<div  class=\"tribe-block tribe-block__event-price\" >\n\t\t\t<span class=\"tribe-block__event-price__cost\"> 11\u20ac <\/span>\n\t\t\t\t<span class=\"tribe-block__event-price__description\">+ gg Anticipada | 13\u20ac Taquilla de 00:00 a 01:30 | 14\u20ac Taquilla de 01:30 a cierre. Todos los tramos de entrada incluyen UNA CONSUMICI\u00d3N. Canjeable por DOS CERVEZAS DE BARRIL antes de las 01:30<\/span>\n\t<\/div>\n\n\n\n<div style=\"height:100px\" aria-hidden=\"true\" class=\"wp-block-spacer\"><\/div>\n\n\n\n<div class=\"wp-block-columns is-layout-flex wp-container-core-columns-is-layout-8f761849 wp-block-columns-is-layout-flex\">\n<div class=\"wp-block-column is-layout-flow wp-block-column-is-layout-flow\" style=\"flex-basis:33.33%\">\n<figure class=\"wp-block-image size-full\"><img decoding=\"async\" src=\"https:\/\/cafelapalma.com\/wp-content\/uploads\/2025\/01\/PLURIEL-A3-LOW.jpg\" alt=\"\" class=\"wp-image-30428\"\/><\/figure>\n\n\n<div  class=\"tribe-block tribe-block__event-website\" >\n\t<a\n\t\thref=\"https:\/\/www.passline.com\/eventos\/pluriel-especial-san-valentin\"\n\t\ttarget=\"_self\"\n\t\t\t>\n\t\tBUY TICKETS\t<\/a>\n<\/div>\n<\/div>\n\n\n\n<div class=\"wp-block-column is-layout-flow wp-block-column-is-layout-flow\" style=\"flex-basis:66.66%\">\n<div style=\"height:100px\" aria-hidden=\"true\" class=\"wp-block-spacer\"><\/div>\n\n\n\n<p class=\"has-text-align-left wp-block-paragraph\">En este D\u00eda de los Enamorados, ven a vibrar y bailar en un espacio seguro donde el amor se siente en cada rinc\u00f3n. D\u00e9jate envolver por la electr\u00f3nica de PLURIEL y disfruta y comparte los valores que nos unen: paz, amor, unidad y respeto.<\/p>\n\n\n\n<p class=\"has-text-align-left wp-block-paragraph\">Directamente desde Sevilla, <strong>iMonq <\/strong>llega para revolucionar la escena con su vibrante <em>groove<\/em>. Con influencias del ritmo urbano y el calor del sur, sus sets son una experiencia cargada de energ\u00eda, donde los bajos profundos y las melod\u00edas m\u00e1s sonoras invitan a perderse en la pista. Este joven talento sevillano promete convertir cada sesi\u00f3n en una verdadera fiesta, fusionando lo mejor del house y el <em>groove <\/em>con un toque personal que conecta con el alma de la ciudad.<\/p>\n\n\n\n<p class=\"wp-block-paragraph\"><\/p>\n\n\n\n<p class=\"has-text-align-left wp-block-paragraph\"><strong>Roma Farah <\/strong>y <strong>Zameh <\/strong>son <strong>Primos <\/strong>y est\u00e1n de vuelta, listos para tomar la pista con su inconfundible estilo. Su tech house caracter\u00edstico promete una noche de ritmo y energ\u00eda, manteniendo el ambiente en movimiento como de costumbre.<\/p>\n\n\n\n<p class=\"has-text-align-right wp-block-paragraph\"><em><a href=\"https:\/\/www.instagram.com\/_pluriel\/\">Sigue a <\/a><\/em><strong><a href=\"https:\/\/www.instagram.com\/_pluriel\/\">PLURIEL DJ COLLECTIVE<\/a><\/strong><em><a href=\"https:\/\/www.instagram.com\/_pluriel\/\"> in <\/a><\/em><strong><a href=\"https:\/\/www.instagram.com\/_pluriel\/\">Instagram<\/a><\/strong><\/p>\n<\/div>\n<\/div>\n\n\n\n<div style=\"height:100px\" aria-hidden=\"true\" class=\"wp-block-spacer\"><\/div>\n\n\n\n<hr class=\"wp-block-separator has-alpha-channel-opacity\"\/>\n\n\n\n<div style=\"height:100px\" aria-hidden=\"true\" class=\"wp-block-spacer\"><\/div>\n\n\n<h2 class=\"tribe-block__related-events__title\">Related Events<\/h2>\n\n<ul  class=\"tribe-related-events tribe-clearfix\" >\n\t\t\t<li>\n\t\n<div class=\"tribe-related-events-thumbnail\">\n\t<a href=\"https:\/\/cafelapalma.com\/en\/programacion\/backstage-le-petit-truffle-mayo\/\" class=\"url\" rel=\"bookmark\" tabindex=\"-1\" aria-hidden=\"true\"><img loading=\"lazy\" decoding=\"async\" width=\"780\" height=\"1040\" src=\"https:\/\/cafelapalma.com\/wp-content\/uploads\/2026\/07\/Imagen-TruffleMayo-LePetit-i-1-780x1040.png\" class=\"attachment-large size-large wp-post-image\" alt=\"\" \/><\/a>\n<\/div>\n\t<div class=\"tribe-related-event-info\">\n\t<h3 class=\"tribe-related-events-title\">\n\t\t<a href=\"https:\/\/cafelapalma.com\/en\/programacion\/backstage-le-petit-truffle-mayo\/\" class=\"tribe-event-url\" rel=\"bookmark\">\n\t\t\tBACKSTAGE: LE PETIT + TRUFFLE MAYO\t\t<\/a>\n\t<\/h3>\n\t<span class=\"tribe-event-date-start\">5  September@23:55<\/span><\/div>\n<\/li>\n\t\t\t<li>\n\t\n<div class=\"tribe-related-events-thumbnail\">\n\t<a href=\"https:\/\/cafelapalma.com\/en\/programacion\/zetaeme\/\" class=\"url\" rel=\"bookmark\" tabindex=\"-1\" aria-hidden=\"true\"><img loading=\"lazy\" decoding=\"async\" width=\"693\" height=\"1040\" src=\"https:\/\/cafelapalma.com\/wp-content\/uploads\/2026\/07\/5O3A7345-1-1-693x1040.jpg\" class=\"attachment-large size-large wp-post-image\" alt=\"\" \/><\/a>\n<\/div>\n\t<div class=\"tribe-related-event-info\">\n\t<h3 class=\"tribe-related-events-title\">\n\t\t<a href=\"https:\/\/cafelapalma.com\/en\/programacion\/zetaeme\/\" class=\"tribe-event-url\" rel=\"bookmark\">\n\t\t\tZETAEME\t\t<\/a>\n\t<\/h3>\n\t<span class=\"tribe-event-date-start\">10  September@23:55<\/span><\/div>\n<\/li>\n\t\t\t<li>\n\t\n<div class=\"tribe-related-events-thumbnail\">\n\t<a href=\"https:\/\/cafelapalma.com\/en\/programacion\/jarana-luis-demonde-banana-dr-k-salazar\/\" class=\"url\" rel=\"bookmark\" tabindex=\"-1\" aria-hidden=\"true\"><img loading=\"lazy\" decoding=\"async\" width=\"735\" height=\"1040\" src=\"https:\/\/cafelapalma.com\/wp-content\/uploads\/2026\/08\/JARANA-CAFE-LA-PALMA-A3-2026-copia3-1-735x1040.jpg\" class=\"attachment-large size-large wp-post-image\" alt=\"\" \/><\/a>\n<\/div>\n\t<div class=\"tribe-related-event-info\">\n\t<h3 class=\"tribe-related-events-title\">\n\t\t<a href=\"https:\/\/cafelapalma.com\/en\/programacion\/jarana-luis-demonde-banana-dr-k-salazar\/\" class=\"tribe-event-url\" rel=\"bookmark\">\n\t\t\tJARANA: LUIS DEMONDE + BANANA + DR K + SALAZAR\t\t<\/a>\n\t<\/h3>\n\t<span class=\"tribe-event-date-start\">11  September@23:59<\/span><\/div>\n<\/li>\n\t<\/ul>","protected":false},"excerpt":{"rendered":"<p>En este D\u00eda de los Enamorados, ven a vibrar y bailar en un espacio seguro donde el amor se siente en cada rinc\u00f3n. D\u00e9jate envolver por la electr\u00f3nica de PLURIEL y disfruta y comparte los valores que nos unen: paz, amor, unidad y respeto. Directamente desde Sevilla, iMonq llega para revolucionar la escena con su &hellip; <\/p>","protected":false},"author":2,"featured_media":30429,"template":"","meta":{"_tec_requires_first_save":false,"_uag_custom_page_level_css":"","loftloader_page_shortcode":"","_EventAllDay":false,"_EventTimezone":"Europe\/Madrid","_EventStartDate":"2025-02-14 23:50:00","_EventEndDate":"2025-02-14 23:55:00","_EventStartDateUTC":"2025-02-14 22:50:00","_EventEndDateUTC":"2025-02-14 22:55:00","_EventShowMap":false,"_EventShowMapLink":false,"_EventURL":"https:\/\/www.passline.com\/eventos\/pluriel-especial-san-valentin","_EventCost":"11","_EventCostDescription":"","_EventCurrencySymbol":"\u20ac","_EventCurrencyCode":"USD","_EventCurrencyPosition":"suffix","_EventDateTimeSeparator":"@","_EventTimeRangeSeparator":"-","_EventOrganizerID":[],"_EventVenueID":[],"_OrganizerEmail":"","_OrganizerPhone":"","_OrganizerWebsite":"","_VenueAddress":"","_VenueCity":"","_VenueCountry":"","_VenueProvince":"","_VenueState":"","_VenueZip":"","_VenuePhone":"","_VenueURL":"","_VenueStateProvince":"","_VenueLat":"","_VenueLng":"","_VenueShowMap":false,"_VenueShowMapLink":false,"_tribe_blocks_recurrence_rules":"","_tribe_blocks_recurrence_description":"","_tribe_blocks_recurrence_exclusions":"","_ecp_custom_2":"","_tribe_events_status":"","_tribe_events_status_reason":"","_tribe_events_is_hybrid":"","_tribe_events_is_virtual":"","_tribe_events_virtual_video_source":"","_tribe_events_virtual_embed_video":"","_tribe_events_virtual_linked_button_text":"","_tribe_events_virtual_linked_button":"","_tribe_events_virtual_show_embed_at":"","_tribe_events_virtual_show_embed_to":[],"_tribe_events_virtual_show_on_event":"","_tribe_events_virtual_show_on_views":"","_tribe_events_virtual_url":"","footnotes":""},"tags":[],"tribe_events_cat":[8964],"class_list":["post-30427","tribe_events","type-tribe_events","status-publish","has-post-thumbnail","hentry","tribe_events_cat-clubbing","cat_clubbing"],"uagb_featured_image_src":{"full":["https:\/\/cafelapalma.com\/wp-content\/uploads\/2025\/01\/PLURIEL-FRONT.jpg",619,1237,false],"thumbnail":["https:\/\/cafelapalma.com\/wp-content\/uploads\/2025\/01\/PLURIEL-FRONT-150x150.jpg",150,150,true],"medium":["https:\/\/cafelapalma.com\/wp-content\/uploads\/2025\/01\/PLURIEL-FRONT-150x300.jpg",150,300,true],"medium_large":["https:\/\/cafelapalma.com\/wp-content\/uploads\/2025\/01\/PLURIEL-FRONT.jpg",619,1237,false],"large":["https:\/\/cafelapalma.com\/wp-content\/uploads\/2025\/01\/PLURIEL-FRONT-520x1040.jpg",520,1040,true],"1536x1536":["https:\/\/cafelapalma.com\/wp-content\/uploads\/2025\/01\/PLURIEL-FRONT.jpg",619,1237,false],"2048x2048":["https:\/\/cafelapalma.com\/wp-content\/uploads\/2025\/01\/PLURIEL-FRONT.jpg",619,1237,false],"trp-custom-language-flag":["https:\/\/cafelapalma.com\/wp-content\/uploads\/2025\/01\/PLURIEL-FRONT.jpg",6,12,false],"blossom-feminine-slider":["https:\/\/cafelapalma.com\/wp-content\/uploads\/2025\/01\/PLURIEL-FRONT-619x649.jpg",619,649,true],"blossom-feminine-featured":["https:\/\/cafelapalma.com\/wp-content\/uploads\/2025\/01\/PLURIEL-FRONT-619x600.jpg",619,600,true],"blossom-feminine-with-sidebar":["https:\/\/cafelapalma.com\/wp-content\/uploads\/2025\/01\/PLURIEL-FRONT-619x600.jpg",619,600,true],"blossom-feminine-blog":["https:\/\/cafelapalma.com\/wp-content\/uploads\/2025\/01\/PLURIEL-FRONT-435x435.jpg",435,435,true],"blossom-feminine-cat":["https:\/\/cafelapalma.com\/wp-content\/uploads\/2025\/01\/PLURIEL-FRONT-450x300.jpg",450,300,true],"blossom-feminine-related":["https:\/\/cafelapalma.com\/wp-content\/uploads\/2025\/01\/PLURIEL-FRONT-320x200.jpg",320,200,true],"blossom-feminine-schema":["https:\/\/cafelapalma.com\/wp-content\/uploads\/2025\/01\/PLURIEL-FRONT-30x60.jpg",30,60,true]},"uagb_author_info":{"display_name":"Victor","author_link":"https:\/\/cafelapalma.com\/en\/author\/comunicacion\/"},"uagb_comment_info":0,"uagb_excerpt":"En este D\u00eda de los Enamorados, ven a vibrar y bailar en un espacio seguro donde el amor se siente en cada rinc\u00f3n. D\u00e9jate envolver por la electr\u00f3nica de PLURIEL y disfruta y comparte los valores que nos unen: paz, amor, unidad y respeto. Directamente desde Sevilla, iMonq llega para revolucionar la escena con su&hellip;","_links":{"self":[{"href":"https:\/\/cafelapalma.com\/en\/wp-json\/wp\/v2\/tribe_events\/30427","targetHints":{"allow":["GET"]}}],"collection":[{"href":"https:\/\/cafelapalma.com\/en\/wp-json\/wp\/v2\/tribe_events"}],"about":[{"href":"https:\/\/cafelapalma.com\/en\/wp-json\/wp\/v2\/types\/tribe_events"}],"author":[{"embeddable":true,"href":"https:\/\/cafelapalma.com\/en\/wp-json\/wp\/v2\/users\/2"}],"version-history":[{"count":0,"href":"https:\/\/cafelapalma.com\/en\/wp-json\/wp\/v2\/tribe_events\/30427\/revisions"}],"wp:featuredmedia":[{"embeddable":true,"href":"https:\/\/cafelapalma.com\/en\/wp-json\/wp\/v2\/media\/30429"}],"wp:attachment":[{"href":"https:\/\/cafelapalma.com\/en\/wp-json\/wp\/v2\/media?parent=30427"}],"wp:term":[{"taxonomy":"post_tag","embeddable":true,"href":"https:\/\/cafelapalma.com\/en\/wp-json\/wp\/v2\/tags?post=30427"},{"taxonomy":"tribe_events_cat","embeddable":true,"href":"https:\/\/cafelapalma.com\/en\/wp-json\/wp\/v2\/tribe_events_cat?post=30427"}],"curies":[{"name":"wp","href":"https:\/\/api.w.org\/{rel}","templated":true}]}}

<div  class="tribe-events-schedule tribe-clearfix" >
	<p class="tribe-events-schedule__datetime">
		<span class="tribe-events-schedule__date tribe-events-schedule__date--start">
			14  February  2025		</span>

					<span class="tribe-events-schedule__separator tribe-events-schedule__separator--date">
				@			</span>
			<span class="tribe-events-schedule__time tribe-events-schedule__time--start">
				23:50			</span>
		
									<span class="tribe-events-schedule__separator tribe-events-schedule__separator--time">
					&#8211;				</span>
			
							<span class="tribe-events-schedule__time tribe-events-schedule__time--end">
					23:55				</span>
			
						</p>
</div>


<div  class="tribe-block tribe-block__event-price" >
			<span class="tribe-block__event-price__cost"> 11€ </span>
				<span class="tribe-block__event-price__description">+ gg Anticipada | 13€ Taquilla de 00:00 a 01:30 | 14€ Taquilla de 01:30 a cierre. Todos los tramos de entrada incluyen UNA CONSUMICIÓN. Canjeable por DOS CERVEZAS DE BARRIL antes de las 01:30</span>
	</div>



<div style="height:100px" aria-hidden="true" class="wp-block-spacer"></div>



<div class="wp-block-columns is-layout-flex wp-container-core-columns-is-layout-8f761849 wp-block-columns-is-layout-flex">
<div class="wp-block-column is-layout-flow wp-block-column-is-layout-flow" style="flex-basis:33.33%">
<figure class="wp-block-image size-full"><img decoding="async" src="https://cafelapalma.com/wp-content/uploads/2025/01/PLURIEL-A3-LOW.jpg" alt="" class="wp-image-30428"/></figure>


<div  class="tribe-block tribe-block__event-website" >
	<a
		href="https://www.passline.com/eventos/pluriel-especial-san-valentin"
		target="_self"
			>
		BUY TICKETS	</a>
</div>
</div>



<div class="wp-block-column is-layout-flow wp-block-column-is-layout-flow" style="flex-basis:66.66%">
<div style="height:100px" aria-hidden="true" class="wp-block-spacer"></div>



<p class="has-text-align-left wp-block-paragraph">En este Día de los Enamorados, ven a vibrar y bailar en un espacio seguro donde el amor se siente en cada rincón. Déjate envolver por la electrónica de PLURIEL y disfruta y comparte los valores que nos unen: paz, amor, unidad y respeto.</p>



<p class="has-text-align-left wp-block-paragraph">Directamente desde Sevilla, <strong>iMonq </strong>llega para revolucionar la escena con su vibrante <em>groove</em>. Con influencias del ritmo urbano y el calor del sur, sus sets son una experiencia cargada de energía, donde los bajos profundos y las melodías más sonoras invitan a perderse en la pista. Este joven talento sevillano promete convertir cada sesión en una verdadera fiesta, fusionando lo mejor del house y el <em>groove </em>con un toque personal que conecta con el alma de la ciudad.</p>



<p class="wp-block-paragraph"></p>



<p class="has-text-align-left wp-block-paragraph"><strong>Roma Farah </strong>y <strong>Zameh </strong>son <strong>Primos </strong>y están de vuelta, listos para tomar la pista con su inconfundible estilo. Su tech house característico promete una noche de ritmo y energía, manteniendo el ambiente en movimiento como de costumbre.</p>



<p class="has-text-align-right wp-block-paragraph"><em><a href="https://www.instagram.com/_pluriel/">Sigue a </a></em><strong><a href="https://www.instagram.com/_pluriel/">PLURIEL DJ COLLECTIVE</a></strong><em><a href="https://www.instagram.com/_pluriel/"> in </a></em><strong><a href="https://www.instagram.com/_pluriel/">Instagram</a></strong></p>
</div>
</div>



<div style="height:100px" aria-hidden="true" class="wp-block-spacer"></div>



<hr class="wp-block-separator has-alpha-channel-opacity"/>



<div style="height:100px" aria-hidden="true" class="wp-block-spacer"></div>


<h2 class="tribe-block__related-events__title">Related Events</h2>

<ul  class="tribe-related-events tribe-clearfix" >
			<li>
	
<div class="tribe-related-events-thumbnail">
	<a href="https://cafelapalma.com/en/programacion/backstage-le-petit-truffle-mayo/" class="url" rel="bookmark" tabindex="-1" aria-hidden="true"><img loading="lazy" decoding="async" width="780" height="1040" src="https://cafelapalma.com/wp-content/uploads/2026/07/Imagen-TruffleMayo-LePetit-i-1-780x1040.png" class="attachment-large size-large wp-post-image" alt="" /></a>
</div>
	<div class="tribe-related-event-info">
	<h3 class="tribe-related-events-title">
		<a href="https://cafelapalma.com/en/programacion/backstage-le-petit-truffle-mayo/" class="tribe-event-url" rel="bookmark">
			BACKSTAGE: LE PETIT + TRUFFLE MAYO		</a>
	</h3>
	<span class="tribe-event-date-start">5  September@23:55</span></div>
</li>
			<li>
	
<div class="tribe-related-events-thumbnail">
	<a href="https://cafelapalma.com/en/programacion/zetaeme/" class="url" rel="bookmark" tabindex="-1" aria-hidden="true"><img loading="lazy" decoding="async" width="693" height="1040" src="https://cafelapalma.com/wp-content/uploads/2026/07/5O3A7345-1-1-693x1040.jpg" class="attachment-large size-large wp-post-image" alt="" /></a>
</div>
	<div class="tribe-related-event-info">
	<h3 class="tribe-related-events-title">
		<a href="https://cafelapalma.com/en/programacion/zetaeme/" class="tribe-event-url" rel="bookmark">
			ZETAEME		</a>
	</h3>
	<span class="tribe-event-date-start">10  September@23:55</span></div>
</li>
			<li>
	
<div class="tribe-related-events-thumbnail">
	<a href="https://cafelapalma.com/en/programacion/jarana-luis-demonde-banana-dr-k-salazar/" class="url" rel="bookmark" tabindex="-1" aria-hidden="true"><img loading="lazy" decoding="async" width="735" height="1040" src="https://cafelapalma.com/wp-content/uploads/2026/08/JARANA-CAFE-LA-PALMA-A3-2026-copia3-1-735x1040.jpg" class="attachment-large size-large wp-post-image" alt="" /></a>
</div>
	<div class="tribe-related-event-info">
	<h3 class="tribe-related-events-title">
		<a href="https://cafelapalma.com/en/programacion/jarana-luis-demonde-banana-dr-k-salazar/" class="tribe-event-url" rel="bookmark">
			JARANA: LUIS DEMONDE + BANANA + DR K + SALAZAR		</a>
	</h3>
	<span class="tribe-event-date-start">11  September@23:59</span></div>
</li>
	</ul>

<p>En este Día de los Enamorados, ven a vibrar y bailar en un espacio seguro donde el amor se siente en cada rincón. Déjate envolver por la electrónica de PLURIEL y disfruta y comparte los valores que nos unen: paz, amor, unidad y respeto. Directamente desde Sevilla, iMonq llega para revolucionar la escena con su &hellip; </p>

En este Día de los Enamorados, ven a vibrar y bailar en un espacio seguro donde el amor se siente en cada rincón. Déjate envolver por la electrónica de PLURIEL y disfruta y comparte los valores que nos unen: paz, amor, unidad y respeto. Directamente desde Sevilla, iMonq llega para revolucionar la escena con su&hellip;
