{"id":31253,"date":"2025-05-13T16:38:25","date_gmt":"2025-05-13T14:38:25","guid":{"rendered":"https:\/\/cafelapalma.com\/?post_type=tribe_events&#038;p=31253"},"modified":"2025-05-13T16:38:26","modified_gmt":"2025-05-13T14:38:26","slug":"madrid-music-tech-hub","status":"publish","type":"tribe_events","link":"https:\/\/cafelapalma.com\/en\/programacion\/madrid-music-tech-hub\/","title":{"rendered":"TECNOLOG\u00cdA, NEGOCIO Y NETWORKING PARA EL ARTISTA DE 2025"},"content":{"rendered":"<div  class=\"tribe-events-schedule tribe-clearfix\" >\n\t<p class=\"tribe-events-schedule__datetime\">\n\t\t<span class=\"tribe-events-schedule__date tribe-events-schedule__date--start\">\n\t\t\t28  May  2025\t\t<\/span>\n\n\t\t\t\t\t<span class=\"tribe-events-schedule__separator tribe-events-schedule__separator--date\">\n\t\t\t\t@\t\t\t<\/span>\n\t\t\t<span class=\"tribe-events-schedule__time tribe-events-schedule__time--start\">\n\t\t\t\t18:30\t\t\t<\/span>\n\t\t\n\t\t\t\t\t\t\t\t\t<span class=\"tribe-events-schedule__separator tribe-events-schedule__separator--time\">\n\t\t\t\t\t&#8211;\t\t\t\t<\/span>\n\t\t\t\n\t\t\t\t\t\t\t<span class=\"tribe-events-schedule__time tribe-events-schedule__time--end\">\n\t\t\t\t\t21:00\t\t\t\t<\/span>\n\t\t\t\n\t\t\t\t\t\t<\/p>\n<\/div>\n\n\n<div  class=\"tribe-block tribe-block__event-price\" >\n\t\t\t<span class=\"tribe-block__event-price__cost\"> ENTRADA LIBRE <\/span>\n\t\t\t\t<span class=\"tribe-block__event-price__description\">mediante inscripci\u00f3n previa<\/span>\n\t<\/div>\n\n\n\n<div style=\"height:100px\" aria-hidden=\"true\" class=\"wp-block-spacer\"><\/div>\n\n\n\n<div class=\"wp-block-columns is-layout-flex wp-container-core-columns-is-layout-8f761849 wp-block-columns-is-layout-flex\">\n<div class=\"wp-block-column is-layout-flow wp-block-column-is-layout-flow\" style=\"flex-basis:33.33%\">\n<figure class=\"wp-block-image size-large\"><img loading=\"lazy\" decoding=\"async\" width=\"736\" height=\"1040\" src=\"https:\/\/cafelapalma.com\/wp-content\/uploads\/2025\/05\/MTECHHUBA3-LOWDEF-736x1040.jpg\" alt=\"\" class=\"wp-image-31254\" srcset=\"https:\/\/cafelapalma.com\/wp-content\/uploads\/2025\/05\/MTECHHUBA3-LOWDEF-736x1040.jpg 736w, https:\/\/cafelapalma.com\/wp-content\/uploads\/2025\/05\/MTECHHUBA3-LOWDEF-212x300.jpg 212w, https:\/\/cafelapalma.com\/wp-content\/uploads\/2025\/05\/MTECHHUBA3-LOWDEF-768x1086.jpg 768w, https:\/\/cafelapalma.com\/wp-content\/uploads\/2025\/05\/MTECHHUBA3-LOWDEF-1086x1536.jpg 1086w, https:\/\/cafelapalma.com\/wp-content\/uploads\/2025\/05\/MTECHHUBA3-LOWDEF-1449x2048.jpg 1449w, https:\/\/cafelapalma.com\/wp-content\/uploads\/2025\/05\/MTECHHUBA3-LOWDEF-8x12.jpg 8w, https:\/\/cafelapalma.com\/wp-content\/uploads\/2025\/05\/MTECHHUBA3-LOWDEF-42x60.jpg 42w\" sizes=\"auto, (max-width: 736px) 100vw, 736px\" \/><\/figure>\n\n\n<div  class=\"tribe-block tribe-block__event-website\" >\n\t<a\n\t\thref=\"https:\/\/www.eventbrite.co.uk\/e\/music-tech-hub-tecnologia-negocio-y-networking-para-el-artista-de-2025-tickets-1345144696999?aff=oddtdtcreator\"\n\t\ttarget=\"_self\"\n\t\t\t>\n\t\tINSCRIPCIONES\t<\/a>\n<\/div>\n<\/div>\n\n\n\n<div class=\"wp-block-column is-layout-flow wp-block-column-is-layout-flow\" style=\"flex-basis:66.66%\">\n<div style=\"height:100px\" aria-hidden=\"true\" class=\"wp-block-spacer\"><\/div>\n\n\n\n<p class=\"has-text-align-left wp-block-paragraph\">Encuentro de profesionales del sector donde exploraremos ejemplos pr\u00e1cticos y casos de \u00e9xito para potenciar el desarrollo de negocio y crecimiento profesional del artista. Una oportunidad \u00fanica para descubrir nuevas herramientas y conectar con actores clave de la industria musical, creando sinergias para el futuro del artista.<\/p>\n\n\n\n<p class=\"has-text-align-left wp-block-paragraph\">Organizado por <strong>Music Tech Hub Madrid<\/strong>, contaremos con la presencia <strong>Shamusic <\/strong>(blockchain y network), <strong>limbo music<\/strong> (distribuci\u00f3n), <strong>BreakEvent <\/strong>(directos), <strong>NotNoise <\/strong>(promoci\u00f3n) o <strong>Chordal <\/strong>(sync) entre otros.<\/p>\n\n\n\n<p class=\"has-text-align-left wp-block-paragraph\">Ven a descubrir novedades y tecnolog\u00edas para potenciar el desarrollo de la carrera musical del artista de 2025 y reconectar con colegas de la industria.<\/p>\n\n\n\n<p class=\"has-text-align-center wp-block-paragraph\"><strong><em>#MusicTechHub #MusicTechHubMadrid #industriamusical #ia #tech #blockchain #networking<\/em><\/strong><\/p>\n<\/div>\n<\/div>\n\n\n\n<div style=\"height:100px\" aria-hidden=\"true\" class=\"wp-block-spacer\"><\/div>\n\n\n\n<hr class=\"wp-block-separator has-alpha-channel-opacity\"\/>\n\n\n\n<div style=\"height:100px\" aria-hidden=\"true\" class=\"wp-block-spacer\"><\/div>\n\n\n<h2 class=\"tribe-block__related-events__title\">Related Events<\/h2>\n\n<ul  class=\"tribe-related-events tribe-clearfix\" >\n\t\t\t<li>\n\t\n<div class=\"tribe-related-events-thumbnail\">\n\t<a href=\"https:\/\/cafelapalma.com\/en\/programacion\/funkin-donuts\/\" class=\"url\" rel=\"bookmark\" tabindex=\"-1\" aria-hidden=\"true\"><img loading=\"lazy\" decoding=\"async\" width=\"693\" height=\"1040\" src=\"https:\/\/cafelapalma.com\/wp-content\/uploads\/2026\/07\/FD-vert2-bn-693x1040.jpg\" class=\"attachment-large size-large wp-post-image\" alt=\"\" \/><\/a>\n<\/div>\n\t<div class=\"tribe-related-event-info\">\n\t<h3 class=\"tribe-related-events-title\">\n\t\t<a href=\"https:\/\/cafelapalma.com\/en\/programacion\/funkin-donuts\/\" class=\"tribe-event-url\" rel=\"bookmark\">\n\t\t\tFUNKIN&#8217; DONUTS\t\t<\/a>\n\t<\/h3>\n\t<span class=\"tribe-event-date-start\">5  September@22:00<\/span><span class=\"tribe-event-time\">23:45<\/span><\/div>\n<\/li>\n\t\t\t<li>\n\t\n<div class=\"tribe-related-events-thumbnail\">\n\t<a href=\"https:\/\/cafelapalma.com\/en\/programacion\/backstage-le-petit-truffle-mayo\/\" class=\"url\" rel=\"bookmark\" tabindex=\"-1\" aria-hidden=\"true\"><img loading=\"lazy\" decoding=\"async\" width=\"780\" height=\"1040\" src=\"https:\/\/cafelapalma.com\/wp-content\/uploads\/2026\/07\/Imagen-TruffleMayo-LePetit-i-1-780x1040.png\" class=\"attachment-large size-large wp-post-image\" alt=\"\" \/><\/a>\n<\/div>\n\t<div class=\"tribe-related-event-info\">\n\t<h3 class=\"tribe-related-events-title\">\n\t\t<a href=\"https:\/\/cafelapalma.com\/en\/programacion\/backstage-le-petit-truffle-mayo\/\" class=\"tribe-event-url\" rel=\"bookmark\">\n\t\t\tBACKSTAGE: LE PETIT + TRUFFLE MAYO\t\t<\/a>\n\t<\/h3>\n\t<span class=\"tribe-event-date-start\">5  September@23:55<\/span><\/div>\n<\/li>\n\t\t\t<li>\n\t\n<div class=\"tribe-related-events-thumbnail\">\n\t<a href=\"https:\/\/cafelapalma.com\/en\/programacion\/willie-deville-concierto-benefico-x-venezuela\/\" class=\"url\" rel=\"bookmark\" tabindex=\"-1\" aria-hidden=\"true\"><img loading=\"lazy\" decoding=\"async\" width=\"1020\" height=\"531\" src=\"https:\/\/cafelapalma.com\/wp-content\/uploads\/2026\/08\/Willie-deville-1100x572-1-1040x541.jpg\" class=\"attachment-large size-large wp-post-image\" alt=\"\" \/><\/a>\n<\/div>\n\t<div class=\"tribe-related-event-info\">\n\t<h3 class=\"tribe-related-events-title\">\n\t\t<a href=\"https:\/\/cafelapalma.com\/en\/programacion\/willie-deville-concierto-benefico-x-venezuela\/\" class=\"tribe-event-url\" rel=\"bookmark\">\n\t\t\tWILLIE DEVILLE: CONCIERTO BEN\u00c9FICO X VENEZUELA\t\t<\/a>\n\t<\/h3>\n\t<span class=\"tribe-event-date-start\">6  September@21:00<\/span><span class=\"tribe-event-time\">23:45<\/span><\/div>\n<\/li>\n\t<\/ul>","protected":false},"excerpt":{"rendered":"<p>Encuentro de profesionales del sector donde exploraremos ejemplos pr\u00e1cticos y casos de \u00e9xito para potenciar el desarrollo de negocio y crecimiento profesional del artista. Una oportunidad \u00fanica para descubrir nuevas herramientas y conectar con actores clave de la industria musical, creando sinergias para el futuro del artista. Organizado por Music Tech Hub Madrid, contaremos con &hellip; <\/p>","protected":false},"author":2,"featured_media":31255,"template":"","meta":{"_tec_requires_first_save":false,"_uag_custom_page_level_css":"","loftloader_page_shortcode":"","_EventAllDay":false,"_EventTimezone":"Europe\/Madrid","_EventStartDate":"2025-05-28 18:30:00","_EventEndDate":"2025-05-28 21:00:00","_EventStartDateUTC":"2025-05-28 16:30:00","_EventEndDateUTC":"2025-05-28 19:00:00","_EventShowMap":false,"_EventShowMapLink":false,"_EventURL":"https:\/\/www.eventbrite.co.uk\/e\/music-tech-hub-tecnologia-negocio-y-networking-para-el-artista-de-2025-tickets-1345144696999?aff=oddtdtcreator","_EventCost":"ENTRADA LIBRE","_EventCostDescription":"","_EventCurrencySymbol":"\u20ac","_EventCurrencyCode":"USD","_EventCurrencyPosition":"suffix","_EventDateTimeSeparator":"@","_EventTimeRangeSeparator":"-","_EventOrganizerID":[],"_EventVenueID":[],"_OrganizerEmail":"","_OrganizerPhone":"","_OrganizerWebsite":"","_VenueAddress":"","_VenueCity":"","_VenueCountry":"","_VenueProvince":"","_VenueState":"","_VenueZip":"","_VenuePhone":"","_VenueURL":"","_VenueStateProvince":"","_VenueLat":"","_VenueLng":"","_VenueShowMap":false,"_VenueShowMapLink":false,"_tribe_blocks_recurrence_rules":"","_tribe_blocks_recurrence_description":"","_tribe_blocks_recurrence_exclusions":"","_ecp_custom_2":"","_tribe_events_status":"","_tribe_events_status_reason":"","_tribe_events_is_hybrid":"","_tribe_events_is_virtual":"","_tribe_events_virtual_video_source":"","_tribe_events_virtual_embed_video":"","_tribe_events_virtual_linked_button_text":"","_tribe_events_virtual_linked_button":"","_tribe_events_virtual_show_embed_at":"","_tribe_events_virtual_show_embed_to":[],"_tribe_events_virtual_show_on_event":"","_tribe_events_virtual_show_on_views":"","_tribe_events_virtual_url":"","footnotes":""},"tags":[17518,17515,1363,8869,17517,17514,17511,17512,17516,17513],"tribe_events_cat":[9510],"class_list":["post-31253","tribe_events","type-tribe_events","status-publish","has-post-thumbnail","hentry","tag-musictechhub-musictechhubmadrid-industriamusical-ia-tech-blockchain-networking","tag-breakevent","tag-cafe-la-palma","tag-cafe-la-palma-2","tag-chordal","tag-limbo-music","tag-madrid-music-tech-hub","tag-music-tech-hub-madrid","tag-notnoise","tag-shamusic","tribe_events_cat-actividades","cat_actividades"],"uagb_featured_image_src":{"full":["https:\/\/cafelapalma.com\/wp-content\/uploads\/2025\/05\/MTECHFRONT.jpg",1080,1920,false],"thumbnail":["https:\/\/cafelapalma.com\/wp-content\/uploads\/2025\/05\/MTECHFRONT-150x150.jpg",150,150,true],"medium":["https:\/\/cafelapalma.com\/wp-content\/uploads\/2025\/05\/MTECHFRONT-169x300.jpg",169,300,true],"medium_large":["https:\/\/cafelapalma.com\/wp-content\/uploads\/2025\/05\/MTECHFRONT-768x1365.jpg",768,1365,true],"large":["https:\/\/cafelapalma.com\/wp-content\/uploads\/2025\/05\/MTECHFRONT-585x1040.jpg",585,1040,true],"1536x1536":["https:\/\/cafelapalma.com\/wp-content\/uploads\/2025\/05\/MTECHFRONT-864x1536.jpg",864,1536,true],"2048x2048":["https:\/\/cafelapalma.com\/wp-content\/uploads\/2025\/05\/MTECHFRONT.jpg",1080,1920,false],"trp-custom-language-flag":["https:\/\/cafelapalma.com\/wp-content\/uploads\/2025\/05\/MTECHFRONT-7x12.jpg",7,12,true],"blossom-feminine-slider":["https:\/\/cafelapalma.com\/wp-content\/uploads\/2025\/05\/MTECHFRONT-1080x649.jpg",1080,649,true],"blossom-feminine-featured":["https:\/\/cafelapalma.com\/wp-content\/uploads\/2025\/05\/MTECHFRONT-1080x600.jpg",1080,600,true],"blossom-feminine-with-sidebar":["https:\/\/cafelapalma.com\/wp-content\/uploads\/2025\/05\/MTECHFRONT-1020x600.jpg",1020,600,true],"blossom-feminine-blog":["https:\/\/cafelapalma.com\/wp-content\/uploads\/2025\/05\/MTECHFRONT-435x435.jpg",435,435,true],"blossom-feminine-cat":["https:\/\/cafelapalma.com\/wp-content\/uploads\/2025\/05\/MTECHFRONT-450x300.jpg",450,300,true],"blossom-feminine-related":["https:\/\/cafelapalma.com\/wp-content\/uploads\/2025\/05\/MTECHFRONT-320x200.jpg",320,200,true],"blossom-feminine-schema":["https:\/\/cafelapalma.com\/wp-content\/uploads\/2025\/05\/MTECHFRONT-34x60.jpg",34,60,true]},"uagb_author_info":{"display_name":"Victor","author_link":"https:\/\/cafelapalma.com\/en\/author\/comunicacion\/"},"uagb_comment_info":0,"uagb_excerpt":"Encuentro de profesionales del sector donde exploraremos ejemplos pr\u00e1cticos y casos de \u00e9xito para potenciar el desarrollo de negocio y crecimiento profesional del artista. Una oportunidad \u00fanica para descubrir nuevas herramientas y conectar con actores clave de la industria musical, creando sinergias para el futuro del artista. Organizado por Music Tech Hub Madrid, contaremos con&hellip;","_links":{"self":[{"href":"https:\/\/cafelapalma.com\/en\/wp-json\/wp\/v2\/tribe_events\/31253","targetHints":{"allow":["GET"]}}],"collection":[{"href":"https:\/\/cafelapalma.com\/en\/wp-json\/wp\/v2\/tribe_events"}],"about":[{"href":"https:\/\/cafelapalma.com\/en\/wp-json\/wp\/v2\/types\/tribe_events"}],"author":[{"embeddable":true,"href":"https:\/\/cafelapalma.com\/en\/wp-json\/wp\/v2\/users\/2"}],"version-history":[{"count":0,"href":"https:\/\/cafelapalma.com\/en\/wp-json\/wp\/v2\/tribe_events\/31253\/revisions"}],"wp:featuredmedia":[{"embeddable":true,"href":"https:\/\/cafelapalma.com\/en\/wp-json\/wp\/v2\/media\/31255"}],"wp:attachment":[{"href":"https:\/\/cafelapalma.com\/en\/wp-json\/wp\/v2\/media?parent=31253"}],"wp:term":[{"taxonomy":"post_tag","embeddable":true,"href":"https:\/\/cafelapalma.com\/en\/wp-json\/wp\/v2\/tags?post=31253"},{"taxonomy":"tribe_events_cat","embeddable":true,"href":"https:\/\/cafelapalma.com\/en\/wp-json\/wp\/v2\/tribe_events_cat?post=31253"}],"curies":[{"name":"wp","href":"https:\/\/api.w.org\/{rel}","templated":true}]}}

TECNOLOGÍA, NEGOCIO Y NETWORKING PARA EL ARTISTA DE 2025

<div  class="tribe-events-schedule tribe-clearfix" >
	<p class="tribe-events-schedule__datetime">
		<span class="tribe-events-schedule__date tribe-events-schedule__date--start">
			28  May  2025		</span>

					<span class="tribe-events-schedule__separator tribe-events-schedule__separator--date">
				@			</span>
			<span class="tribe-events-schedule__time tribe-events-schedule__time--start">
				18:30			</span>
		
									<span class="tribe-events-schedule__separator tribe-events-schedule__separator--time">
					&#8211;				</span>
			
							<span class="tribe-events-schedule__time tribe-events-schedule__time--end">
					21:00				</span>
			
						</p>
</div>


<div  class="tribe-block tribe-block__event-price" >
			<span class="tribe-block__event-price__cost"> ENTRADA LIBRE </span>
				<span class="tribe-block__event-price__description">mediante inscripción previa</span>
	</div>



<div style="height:100px" aria-hidden="true" class="wp-block-spacer"></div>



<div class="wp-block-columns is-layout-flex wp-container-core-columns-is-layout-8f761849 wp-block-columns-is-layout-flex">
<div class="wp-block-column is-layout-flow wp-block-column-is-layout-flow" style="flex-basis:33.33%">
<figure class="wp-block-image size-large"><img loading="lazy" decoding="async" width="736" height="1040" src="https://cafelapalma.com/wp-content/uploads/2025/05/MTECHHUBA3-LOWDEF-736x1040.jpg" alt="" class="wp-image-31254" srcset="https://cafelapalma.com/wp-content/uploads/2025/05/MTECHHUBA3-LOWDEF-736x1040.jpg 736w, https://cafelapalma.com/wp-content/uploads/2025/05/MTECHHUBA3-LOWDEF-212x300.jpg 212w, https://cafelapalma.com/wp-content/uploads/2025/05/MTECHHUBA3-LOWDEF-768x1086.jpg 768w, https://cafelapalma.com/wp-content/uploads/2025/05/MTECHHUBA3-LOWDEF-1086x1536.jpg 1086w, https://cafelapalma.com/wp-content/uploads/2025/05/MTECHHUBA3-LOWDEF-1449x2048.jpg 1449w, https://cafelapalma.com/wp-content/uploads/2025/05/MTECHHUBA3-LOWDEF-8x12.jpg 8w, https://cafelapalma.com/wp-content/uploads/2025/05/MTECHHUBA3-LOWDEF-42x60.jpg 42w" sizes="auto, (max-width: 736px) 100vw, 736px" /></figure>


<div  class="tribe-block tribe-block__event-website" >
	<a
		href="https://www.eventbrite.co.uk/e/music-tech-hub-tecnologia-negocio-y-networking-para-el-artista-de-2025-tickets-1345144696999?aff=oddtdtcreator"
		target="_self"
			>
		INSCRIPCIONES	</a>
</div>
</div>



<div class="wp-block-column is-layout-flow wp-block-column-is-layout-flow" style="flex-basis:66.66%">
<div style="height:100px" aria-hidden="true" class="wp-block-spacer"></div>



<p class="has-text-align-left wp-block-paragraph">Encuentro de profesionales del sector donde exploraremos ejemplos prácticos y casos de éxito para potenciar el desarrollo de negocio y crecimiento profesional del artista. Una oportunidad única para descubrir nuevas herramientas y conectar con actores clave de la industria musical, creando sinergias para el futuro del artista.</p>



<p class="has-text-align-left wp-block-paragraph">Organizado por <strong>Music Tech Hub Madrid</strong>, contaremos con la presencia <strong>Shamusic </strong>(blockchain y network), <strong>limbo music</strong> (distribución), <strong>BreakEvent </strong>(directos), <strong>NotNoise </strong>(promoción) o <strong>Chordal </strong>(sync) entre otros.</p>



<p class="has-text-align-left wp-block-paragraph">Ven a descubrir novedades y tecnologías para potenciar el desarrollo de la carrera musical del artista de 2025 y reconectar con colegas de la industria.</p>



<p class="has-text-align-center wp-block-paragraph"><strong><em>#MusicTechHub #MusicTechHubMadrid #industriamusical #ia #tech #blockchain #networking</em></strong></p>
</div>
</div>



<div style="height:100px" aria-hidden="true" class="wp-block-spacer"></div>



<hr class="wp-block-separator has-alpha-channel-opacity"/>



<div style="height:100px" aria-hidden="true" class="wp-block-spacer"></div>


<h2 class="tribe-block__related-events__title">Related Events</h2>

<ul  class="tribe-related-events tribe-clearfix" >
			<li>
	
<div class="tribe-related-events-thumbnail">
	<a href="https://cafelapalma.com/en/programacion/funkin-donuts/" class="url" rel="bookmark" tabindex="-1" aria-hidden="true"><img loading="lazy" decoding="async" width="693" height="1040" src="https://cafelapalma.com/wp-content/uploads/2026/07/FD-vert2-bn-693x1040.jpg" class="attachment-large size-large wp-post-image" alt="" /></a>
</div>
	<div class="tribe-related-event-info">
	<h3 class="tribe-related-events-title">
		<a href="https://cafelapalma.com/en/programacion/funkin-donuts/" class="tribe-event-url" rel="bookmark">
			FUNKIN&#8217; DONUTS		</a>
	</h3>
	<span class="tribe-event-date-start">5  September@22:00</span><span class="tribe-event-time">23:45</span></div>
</li>
			<li>
	
<div class="tribe-related-events-thumbnail">
	<a href="https://cafelapalma.com/en/programacion/backstage-le-petit-truffle-mayo/" class="url" rel="bookmark" tabindex="-1" aria-hidden="true"><img loading="lazy" decoding="async" width="780" height="1040" src="https://cafelapalma.com/wp-content/uploads/2026/07/Imagen-TruffleMayo-LePetit-i-1-780x1040.png" class="attachment-large size-large wp-post-image" alt="" /></a>
</div>
	<div class="tribe-related-event-info">
	<h3 class="tribe-related-events-title">
		<a href="https://cafelapalma.com/en/programacion/backstage-le-petit-truffle-mayo/" class="tribe-event-url" rel="bookmark">
			BACKSTAGE: LE PETIT + TRUFFLE MAYO		</a>
	</h3>
	<span class="tribe-event-date-start">5  September@23:55</span></div>
</li>
			<li>
	
<div class="tribe-related-events-thumbnail">
	<a href="https://cafelapalma.com/en/programacion/willie-deville-concierto-benefico-x-venezuela/" class="url" rel="bookmark" tabindex="-1" aria-hidden="true"><img loading="lazy" decoding="async" width="1020" height="531" src="https://cafelapalma.com/wp-content/uploads/2026/08/Willie-deville-1100x572-1-1040x541.jpg" class="attachment-large size-large wp-post-image" alt="" /></a>
</div>
	<div class="tribe-related-event-info">
	<h3 class="tribe-related-events-title">
		<a href="https://cafelapalma.com/en/programacion/willie-deville-concierto-benefico-x-venezuela/" class="tribe-event-url" rel="bookmark">
			WILLIE DEVILLE: CONCIERTO BENÉFICO X VENEZUELA		</a>
	</h3>
	<span class="tribe-event-date-start">6  September@21:00</span><span class="tribe-event-time">23:45</span></div>
</li>
	</ul>

<p>Encuentro de profesionales del sector donde exploraremos ejemplos prácticos y casos de éxito para potenciar el desarrollo de negocio y crecimiento profesional del artista. Una oportunidad única para descubrir nuevas herramientas y conectar con actores clave de la industria musical, creando sinergias para el futuro del artista. Organizado por Music Tech Hub Madrid, contaremos con &hellip; </p>

Encuentro de profesionales del sector donde exploraremos ejemplos prácticos y casos de éxito para potenciar el desarrollo de negocio y crecimiento profesional del artista. Una oportunidad única para descubrir nuevas herramientas y conectar con actores clave de la industria musical, creando sinergias para el futuro del artista. Organizado por Music Tech Hub Madrid, contaremos con&hellip;
