{"id":31396,"date":"2025-06-02T17:36:27","date_gmt":"2025-06-02T15:36:27","guid":{"rendered":"https:\/\/cafelapalma.com\/?post_type=tribe_events&#038;p=31396"},"modified":"2025-06-02T17:49:05","modified_gmt":"2025-06-02T15:49:05","slug":"divaastral-fran-sanchez","status":"publish","type":"tribe_events","link":"https:\/\/cafelapalma.com\/en\/programacion\/divaastral-fran-sanchez\/","title":{"rendered":"DIVAASTRAL por FRAN S\u00c1NCHEZ"},"content":{"rendered":"<div  class=\"tribe-events-schedule tribe-clearfix\" >\n\t<p class=\"tribe-events-schedule__datetime\">\n\t\t<span class=\"tribe-events-schedule__date tribe-events-schedule__date--start\">\n\t\t\t29  June  2025\t\t<\/span>\n\n\t\t\t\t\t<span class=\"tribe-events-schedule__separator tribe-events-schedule__separator--date\">\n\t\t\t\t@\t\t\t<\/span>\n\t\t\t<span class=\"tribe-events-schedule__time tribe-events-schedule__time--start\">\n\t\t\t\t02:00\t\t\t<\/span>\n\t\t\n\t\t\t\t\t\t\t\t\t<span class=\"tribe-events-schedule__separator tribe-events-schedule__separator--time\">\n\t\t\t\t\t&#8211;\t\t\t\t<\/span>\n\t\t\t\n\t\t\t\t\t\t\t<span class=\"tribe-events-schedule__time tribe-events-schedule__time--end\">\n\t\t\t\t\t02:30\t\t\t\t<\/span>\n\t\t\t\n\t\t\t\t\t\t<\/p>\n<\/div>\n\n\n\n<p class=\"wp-block-paragraph\">Hasta al <strong>domingo 29 de junio<\/strong><\/p>\n\n\n<div  class=\"tribe-block tribe-block__event-price\" >\n\t\t\t<span class=\"tribe-block__event-price__cost\"> ENTRADA LIBRE <\/span>\n\t\t\t\t<span class=\"tribe-block__event-price__description\">En horario del local<\/span>\n\t<\/div>\n\n\n\n<div style=\"height:100px\" aria-hidden=\"true\" class=\"wp-block-spacer\"><\/div>\n\n\n\n<div class=\"wp-block-columns is-layout-flex wp-container-core-columns-is-layout-8f761849 wp-block-columns-is-layout-flex\">\n<div class=\"wp-block-column is-layout-flow wp-block-column-is-layout-flow\" style=\"flex-basis:33.33%\">\n<figure class=\"wp-block-image size-full\"><img loading=\"lazy\" decoding=\"async\" width=\"594\" height=\"868\" src=\"https:\/\/cafelapalma.com\/wp-content\/uploads\/2025\/06\/DIVAASTRAL.jpg\" alt=\"\" class=\"wp-image-31397\" srcset=\"https:\/\/cafelapalma.com\/wp-content\/uploads\/2025\/06\/DIVAASTRAL.jpg 594w, https:\/\/cafelapalma.com\/wp-content\/uploads\/2025\/06\/DIVAASTRAL-205x300.jpg 205w, https:\/\/cafelapalma.com\/wp-content\/uploads\/2025\/06\/DIVAASTRAL-8x12.jpg 8w, https:\/\/cafelapalma.com\/wp-content\/uploads\/2025\/06\/DIVAASTRAL-41x60.jpg 41w\" sizes=\"auto, (max-width: 594px) 100vw, 594px\" \/><\/figure>\n<\/div>\n\n\n\n<div class=\"wp-block-column is-layout-flow wp-block-column-is-layout-flow\" style=\"flex-basis:66.66%\">\n<div style=\"height:100px\" aria-hidden=\"true\" class=\"wp-block-spacer\"><\/div>\n\n\n\n<p class=\"has-text-align-left wp-block-paragraph\"><strong>DIVAASTRAL <\/strong>nace como la b\u00fasqueda personal de su autor <strong>Fran S\u00e1nchez<\/strong> \u2014<strong><em>frankamentefran<\/em><\/strong>\u2014: una manera de entender el rostro como territorio emocional y simb\u00f3lico. A trav\u00e9s del l\u00e1piz, el artista va<br>descubriendo c\u00f3mo lo \u00edntimo se vuelve universal, c\u00f3mo una mirada o un gesto puede contener mundos.<\/p>\n\n\n\n<p class=\"has-text-align-left wp-block-paragraph\">Esta serie de retratos es el resultado de a\u00f1os de observaci\u00f3n, de referencias que le han formado y acompa\u00f1ado: iconos del cine, voces de la m\u00fasica, artistas que marcaron una \u00e9poca, que dejaron huella, rompieron moldes y nos ense\u00f1aron, que hab\u00eda lugar<br>para formas distintas de habitar el mundo. Cada dibujo es una conversaci\u00f3n silenciosa con esos referentes, pero tambi\u00e9n una forma de encontrar su propia voz. Cada retrato es una especie de altar, un gesto de admiraci\u00f3n y una afirmaci\u00f3n silenciosa de existencia<\/p>\n\n\n\n<p class=\"has-text-align-right wp-block-paragraph\"><em><a href=\"https:\/\/www.instagram.com\/frankamentefran\/\">Sigue a <\/a><\/em><strong><a href=\"https:\/\/www.instagram.com\/frankamentefran\/\">FRAN S\u00c1NCHEZ<\/a><\/strong><em><a href=\"https:\/\/www.instagram.com\/frankamentefran\/\"> in <\/a><\/em><strong><a href=\"https:\/\/www.instagram.com\/frankamentefran\/\">Instagram<\/a><\/strong><\/p>\n<\/div>\n<\/div>\n\n\n\n<div style=\"height:100px\" aria-hidden=\"true\" class=\"wp-block-spacer\"><\/div>\n\n\n\n<hr class=\"wp-block-separator has-alpha-channel-opacity is-style-wide\"\/>\n\n\n\n<div style=\"height:100px\" aria-hidden=\"true\" class=\"wp-block-spacer\"><\/div>\n\n\n<h2 class=\"tribe-block__related-events__title\">Related Events<\/h2>\n\n<ul  class=\"tribe-related-events tribe-clearfix\" >\n\t\t\t<li>\n\t\n<div class=\"tribe-related-events-thumbnail\">\n\t<a href=\"https:\/\/cafelapalma.com\/en\/programacion\/funkin-donuts\/\" class=\"url\" rel=\"bookmark\" tabindex=\"-1\" aria-hidden=\"true\"><img loading=\"lazy\" decoding=\"async\" width=\"693\" height=\"1040\" src=\"https:\/\/cafelapalma.com\/wp-content\/uploads\/2026\/07\/FD-vert2-bn-693x1040.jpg\" class=\"attachment-large size-large wp-post-image\" alt=\"\" \/><\/a>\n<\/div>\n\t<div class=\"tribe-related-event-info\">\n\t<h3 class=\"tribe-related-events-title\">\n\t\t<a href=\"https:\/\/cafelapalma.com\/en\/programacion\/funkin-donuts\/\" class=\"tribe-event-url\" rel=\"bookmark\">\n\t\t\tFUNKIN&#8217; DONUTS\t\t<\/a>\n\t<\/h3>\n\t<span class=\"tribe-event-date-start\">5  September@22:00<\/span><span class=\"tribe-event-time\">23:45<\/span><\/div>\n<\/li>\n\t\t\t<li>\n\t\n<div class=\"tribe-related-events-thumbnail\">\n\t<a href=\"https:\/\/cafelapalma.com\/en\/programacion\/backstage-le-petit-truffle-mayo\/\" class=\"url\" rel=\"bookmark\" tabindex=\"-1\" aria-hidden=\"true\"><img loading=\"lazy\" decoding=\"async\" width=\"780\" height=\"1040\" src=\"https:\/\/cafelapalma.com\/wp-content\/uploads\/2026\/07\/Imagen-TruffleMayo-LePetit-i-1-780x1040.png\" class=\"attachment-large size-large wp-post-image\" alt=\"\" \/><\/a>\n<\/div>\n\t<div class=\"tribe-related-event-info\">\n\t<h3 class=\"tribe-related-events-title\">\n\t\t<a href=\"https:\/\/cafelapalma.com\/en\/programacion\/backstage-le-petit-truffle-mayo\/\" class=\"tribe-event-url\" rel=\"bookmark\">\n\t\t\tBACKSTAGE: LE PETIT + TRUFFLE MAYO\t\t<\/a>\n\t<\/h3>\n\t<span class=\"tribe-event-date-start\">5  September@23:55<\/span><\/div>\n<\/li>\n\t\t\t<li>\n\t\n<div class=\"tribe-related-events-thumbnail\">\n\t<a href=\"https:\/\/cafelapalma.com\/en\/programacion\/willie-deville-concierto-benefico-x-venezuela\/\" class=\"url\" rel=\"bookmark\" tabindex=\"-1\" aria-hidden=\"true\"><img loading=\"lazy\" decoding=\"async\" width=\"1020\" height=\"531\" src=\"https:\/\/cafelapalma.com\/wp-content\/uploads\/2026\/08\/Willie-deville-1100x572-1-1040x541.jpg\" class=\"attachment-large size-large wp-post-image\" alt=\"\" \/><\/a>\n<\/div>\n\t<div class=\"tribe-related-event-info\">\n\t<h3 class=\"tribe-related-events-title\">\n\t\t<a href=\"https:\/\/cafelapalma.com\/en\/programacion\/willie-deville-concierto-benefico-x-venezuela\/\" class=\"tribe-event-url\" rel=\"bookmark\">\n\t\t\tWILLIE DEVILLE: CONCIERTO BEN\u00c9FICO X VENEZUELA\t\t<\/a>\n\t<\/h3>\n\t<span class=\"tribe-event-date-start\">6  September@21:00<\/span><span class=\"tribe-event-time\">23:45<\/span><\/div>\n<\/li>\n\t<\/ul>","protected":false},"excerpt":{"rendered":"<p>Hasta al domingo 29 de junio DIVAASTRAL nace como la b\u00fasqueda personal de su autor Fran S\u00e1nchez \u2014frankamentefran\u2014: una manera de entender el rostro como territorio emocional y simb\u00f3lico. A trav\u00e9s del l\u00e1piz, el artista vadescubriendo c\u00f3mo lo \u00edntimo se vuelve universal, c\u00f3mo una mirada o un gesto puede contener mundos. Esta serie de retratos &hellip; <\/p>","protected":false},"author":2,"featured_media":31398,"template":"","meta":{"_tec_requires_first_save":false,"_uag_custom_page_level_css":"","loftloader_page_shortcode":"","_EventAllDay":false,"_EventTimezone":"Europe\/Madrid","_EventStartDate":"2025-06-29 02:00:00","_EventEndDate":"2025-06-29 02:30:00","_EventStartDateUTC":"2025-06-29 00:00:00","_EventEndDateUTC":"2025-06-29 00:30:00","_EventShowMap":false,"_EventShowMapLink":false,"_EventURL":"","_EventCost":"ENTRADA LIBRE","_EventCostDescription":"","_EventCurrencySymbol":"\u20ac","_EventCurrencyCode":"","_EventCurrencyPosition":"suffix","_EventDateTimeSeparator":"@","_EventTimeRangeSeparator":"-","_EventOrganizerID":[],"_EventVenueID":[0],"_OrganizerEmail":"","_OrganizerPhone":"","_OrganizerWebsite":"","_VenueAddress":"","_VenueCity":"","_VenueCountry":"","_VenueProvince":"","_VenueState":"","_VenueZip":"","_VenuePhone":"","_VenueURL":"","_VenueStateProvince":"","_VenueLat":"","_VenueLng":"","_VenueShowMap":false,"_VenueShowMapLink":false,"_tribe_blocks_recurrence_rules":"","_tribe_blocks_recurrence_description":"","_tribe_blocks_recurrence_exclusions":"","_ecp_custom_2":"","_tribe_events_status":"","_tribe_events_status_reason":"","_tribe_events_is_hybrid":"","_tribe_events_is_virtual":"","_tribe_events_virtual_video_source":"","_tribe_events_virtual_embed_video":"","_tribe_events_virtual_linked_button_text":"","_tribe_events_virtual_linked_button":"","_tribe_events_virtual_show_embed_at":"","_tribe_events_virtual_show_embed_to":[],"_tribe_events_virtual_show_on_event":"","_tribe_events_virtual_show_on_views":"","_tribe_events_virtual_url":"","footnotes":""},"tags":[9128,1363,17626,16322,17621,17625,11900,11899,11901,17623,17620,13532,17624,13944,17622,11837],"tribe_events_cat":[16536,8965],"class_list":["post-31396","tribe_events","type-tribe_events","status-publish","has-post-thumbnail","hentry","tag-arte","tag-cafe-la-palma","tag-cine","tag-dibujo","tag-divaastral","tag-divas","tag-expos","tag-exposiciones-cafe-la-palma","tag-fast-expos","tag-fran-sanchez","tag-frankamentefran","tag-galerias-de-arte-malasana","tag-iconos-pop","tag-mado","tag-natacha-nazer","tag-pintura","tribe_events_cat-carrusel","tribe_events_cat-exposicion","cat_carrusel","cat_exposicion"],"uagb_featured_image_src":{"full":["https:\/\/cafelapalma.com\/wp-content\/uploads\/2025\/06\/frankamentepic.jpg",797,1195,false],"thumbnail":["https:\/\/cafelapalma.com\/wp-content\/uploads\/2025\/06\/frankamentepic-150x150.jpg",150,150,true],"medium":["https:\/\/cafelapalma.com\/wp-content\/uploads\/2025\/06\/frankamentepic-200x300.jpg",200,300,true],"medium_large":["https:\/\/cafelapalma.com\/wp-content\/uploads\/2025\/06\/frankamentepic-768x1152.jpg",768,1152,true],"large":["https:\/\/cafelapalma.com\/wp-content\/uploads\/2025\/06\/frankamentepic-694x1040.jpg",694,1040,true],"1536x1536":["https:\/\/cafelapalma.com\/wp-content\/uploads\/2025\/06\/frankamentepic.jpg",797,1195,false],"2048x2048":["https:\/\/cafelapalma.com\/wp-content\/uploads\/2025\/06\/frankamentepic.jpg",797,1195,false],"trp-custom-language-flag":["https:\/\/cafelapalma.com\/wp-content\/uploads\/2025\/06\/frankamentepic-8x12.jpg",8,12,true],"blossom-feminine-slider":["https:\/\/cafelapalma.com\/wp-content\/uploads\/2025\/06\/frankamentepic-797x649.jpg",797,649,true],"blossom-feminine-featured":["https:\/\/cafelapalma.com\/wp-content\/uploads\/2025\/06\/frankamentepic-797x600.jpg",797,600,true],"blossom-feminine-with-sidebar":["https:\/\/cafelapalma.com\/wp-content\/uploads\/2025\/06\/frankamentepic-797x600.jpg",797,600,true],"blossom-feminine-blog":["https:\/\/cafelapalma.com\/wp-content\/uploads\/2025\/06\/frankamentepic-435x435.jpg",435,435,true],"blossom-feminine-cat":["https:\/\/cafelapalma.com\/wp-content\/uploads\/2025\/06\/frankamentepic-450x300.jpg",450,300,true],"blossom-feminine-related":["https:\/\/cafelapalma.com\/wp-content\/uploads\/2025\/06\/frankamentepic-320x200.jpg",320,200,true],"blossom-feminine-schema":["https:\/\/cafelapalma.com\/wp-content\/uploads\/2025\/06\/frankamentepic-40x60.jpg",40,60,true]},"uagb_author_info":{"display_name":"Victor","author_link":"https:\/\/cafelapalma.com\/en\/author\/comunicacion\/"},"uagb_comment_info":0,"uagb_excerpt":"Hasta al domingo 29 de junio DIVAASTRAL nace como la b\u00fasqueda personal de su autor Fran S\u00e1nchez \u2014frankamentefran\u2014: una manera de entender el rostro como territorio emocional y simb\u00f3lico. A trav\u00e9s del l\u00e1piz, el artista vadescubriendo c\u00f3mo lo \u00edntimo se vuelve universal, c\u00f3mo una mirada o un gesto puede contener mundos. Esta serie de retratos&hellip;","_links":{"self":[{"href":"https:\/\/cafelapalma.com\/en\/wp-json\/wp\/v2\/tribe_events\/31396","targetHints":{"allow":["GET"]}}],"collection":[{"href":"https:\/\/cafelapalma.com\/en\/wp-json\/wp\/v2\/tribe_events"}],"about":[{"href":"https:\/\/cafelapalma.com\/en\/wp-json\/wp\/v2\/types\/tribe_events"}],"author":[{"embeddable":true,"href":"https:\/\/cafelapalma.com\/en\/wp-json\/wp\/v2\/users\/2"}],"version-history":[{"count":0,"href":"https:\/\/cafelapalma.com\/en\/wp-json\/wp\/v2\/tribe_events\/31396\/revisions"}],"wp:featuredmedia":[{"embeddable":true,"href":"https:\/\/cafelapalma.com\/en\/wp-json\/wp\/v2\/media\/31398"}],"wp:attachment":[{"href":"https:\/\/cafelapalma.com\/en\/wp-json\/wp\/v2\/media?parent=31396"}],"wp:term":[{"taxonomy":"post_tag","embeddable":true,"href":"https:\/\/cafelapalma.com\/en\/wp-json\/wp\/v2\/tags?post=31396"},{"taxonomy":"tribe_events_cat","embeddable":true,"href":"https:\/\/cafelapalma.com\/en\/wp-json\/wp\/v2\/tribe_events_cat?post=31396"}],"curies":[{"name":"wp","href":"https:\/\/api.w.org\/{rel}","templated":true}]}}

DIVAASTRAL por FRAN SÁNCHEZ

<div  class="tribe-events-schedule tribe-clearfix" >
	<p class="tribe-events-schedule__datetime">
		<span class="tribe-events-schedule__date tribe-events-schedule__date--start">
			29  June  2025		</span>

					<span class="tribe-events-schedule__separator tribe-events-schedule__separator--date">
				@			</span>
			<span class="tribe-events-schedule__time tribe-events-schedule__time--start">
				02:00			</span>
		
									<span class="tribe-events-schedule__separator tribe-events-schedule__separator--time">
					&#8211;				</span>
			
							<span class="tribe-events-schedule__time tribe-events-schedule__time--end">
					02:30				</span>
			
						</p>
</div>



<p class="wp-block-paragraph">Hasta al <strong>domingo 29 de junio</strong></p>


<div  class="tribe-block tribe-block__event-price" >
			<span class="tribe-block__event-price__cost"> ENTRADA LIBRE </span>
				<span class="tribe-block__event-price__description">En horario del local</span>
	</div>



<div style="height:100px" aria-hidden="true" class="wp-block-spacer"></div>



<div class="wp-block-columns is-layout-flex wp-container-core-columns-is-layout-8f761849 wp-block-columns-is-layout-flex">
<div class="wp-block-column is-layout-flow wp-block-column-is-layout-flow" style="flex-basis:33.33%">
<figure class="wp-block-image size-full"><img loading="lazy" decoding="async" width="594" height="868" src="https://cafelapalma.com/wp-content/uploads/2025/06/DIVAASTRAL.jpg" alt="" class="wp-image-31397" srcset="https://cafelapalma.com/wp-content/uploads/2025/06/DIVAASTRAL.jpg 594w, https://cafelapalma.com/wp-content/uploads/2025/06/DIVAASTRAL-205x300.jpg 205w, https://cafelapalma.com/wp-content/uploads/2025/06/DIVAASTRAL-8x12.jpg 8w, https://cafelapalma.com/wp-content/uploads/2025/06/DIVAASTRAL-41x60.jpg 41w" sizes="auto, (max-width: 594px) 100vw, 594px" /></figure>
</div>



<div class="wp-block-column is-layout-flow wp-block-column-is-layout-flow" style="flex-basis:66.66%">
<div style="height:100px" aria-hidden="true" class="wp-block-spacer"></div>



<p class="has-text-align-left wp-block-paragraph"><strong>DIVAASTRAL </strong>nace como la búsqueda personal de su autor <strong>Fran Sánchez</strong> —<strong><em>frankamentefran</em></strong>—: una manera de entender el rostro como territorio emocional y simbólico. A través del lápiz, el artista va<br>descubriendo cómo lo íntimo se vuelve universal, cómo una mirada o un gesto puede contener mundos.</p>



<p class="has-text-align-left wp-block-paragraph">Esta serie de retratos es el resultado de años de observación, de referencias que le han formado y acompañado: iconos del cine, voces de la música, artistas que marcaron una época, que dejaron huella, rompieron moldes y nos enseñaron, que había lugar<br>para formas distintas de habitar el mundo. Cada dibujo es una conversación silenciosa con esos referentes, pero también una forma de encontrar su propia voz. Cada retrato es una especie de altar, un gesto de admiración y una afirmación silenciosa de existencia</p>



<p class="has-text-align-right wp-block-paragraph"><em><a href="https://www.instagram.com/frankamentefran/">Sigue a </a></em><strong><a href="https://www.instagram.com/frankamentefran/">FRAN SÁNCHEZ</a></strong><em><a href="https://www.instagram.com/frankamentefran/"> in </a></em><strong><a href="https://www.instagram.com/frankamentefran/">Instagram</a></strong></p>
</div>
</div>



<div style="height:100px" aria-hidden="true" class="wp-block-spacer"></div>



<hr class="wp-block-separator has-alpha-channel-opacity is-style-wide"/>



<div style="height:100px" aria-hidden="true" class="wp-block-spacer"></div>


<h2 class="tribe-block__related-events__title">Related Events</h2>

<ul  class="tribe-related-events tribe-clearfix" >
			<li>
	
<div class="tribe-related-events-thumbnail">
	<a href="https://cafelapalma.com/en/programacion/funkin-donuts/" class="url" rel="bookmark" tabindex="-1" aria-hidden="true"><img loading="lazy" decoding="async" width="693" height="1040" src="https://cafelapalma.com/wp-content/uploads/2026/07/FD-vert2-bn-693x1040.jpg" class="attachment-large size-large wp-post-image" alt="" /></a>
</div>
	<div class="tribe-related-event-info">
	<h3 class="tribe-related-events-title">
		<a href="https://cafelapalma.com/en/programacion/funkin-donuts/" class="tribe-event-url" rel="bookmark">
			FUNKIN&#8217; DONUTS		</a>
	</h3>
	<span class="tribe-event-date-start">5  September@22:00</span><span class="tribe-event-time">23:45</span></div>
</li>
			<li>
	
<div class="tribe-related-events-thumbnail">
	<a href="https://cafelapalma.com/en/programacion/backstage-le-petit-truffle-mayo/" class="url" rel="bookmark" tabindex="-1" aria-hidden="true"><img loading="lazy" decoding="async" width="780" height="1040" src="https://cafelapalma.com/wp-content/uploads/2026/07/Imagen-TruffleMayo-LePetit-i-1-780x1040.png" class="attachment-large size-large wp-post-image" alt="" /></a>
</div>
	<div class="tribe-related-event-info">
	<h3 class="tribe-related-events-title">
		<a href="https://cafelapalma.com/en/programacion/backstage-le-petit-truffle-mayo/" class="tribe-event-url" rel="bookmark">
			BACKSTAGE: LE PETIT + TRUFFLE MAYO		</a>
	</h3>
	<span class="tribe-event-date-start">5  September@23:55</span></div>
</li>
			<li>
	
<div class="tribe-related-events-thumbnail">
	<a href="https://cafelapalma.com/en/programacion/willie-deville-concierto-benefico-x-venezuela/" class="url" rel="bookmark" tabindex="-1" aria-hidden="true"><img loading="lazy" decoding="async" width="1020" height="531" src="https://cafelapalma.com/wp-content/uploads/2026/08/Willie-deville-1100x572-1-1040x541.jpg" class="attachment-large size-large wp-post-image" alt="" /></a>
</div>
	<div class="tribe-related-event-info">
	<h3 class="tribe-related-events-title">
		<a href="https://cafelapalma.com/en/programacion/willie-deville-concierto-benefico-x-venezuela/" class="tribe-event-url" rel="bookmark">
			WILLIE DEVILLE: CONCIERTO BENÉFICO X VENEZUELA		</a>
	</h3>
	<span class="tribe-event-date-start">6  September@21:00</span><span class="tribe-event-time">23:45</span></div>
</li>
	</ul>

<p>Hasta al domingo 29 de junio DIVAASTRAL nace como la búsqueda personal de su autor Fran Sánchez —frankamentefran—: una manera de entender el rostro como territorio emocional y simbólico. A través del lápiz, el artista vadescubriendo cómo lo íntimo se vuelve universal, cómo una mirada o un gesto puede contener mundos. Esta serie de retratos &hellip; </p>

Hasta al domingo 29 de junio DIVAASTRAL nace como la búsqueda personal de su autor Fran Sánchez —frankamentefran—: una manera de entender el rostro como territorio emocional y simbólico. A través del lápiz, el artista vadescubriendo cómo lo íntimo se vuelve universal, cómo una mirada o un gesto puede contener mundos. Esta serie de retratos&hellip;
