{"id":31922,"date":"2025-09-25T17:14:44","date_gmt":"2025-09-25T15:14:44","guid":{"rendered":"https:\/\/cafelapalma.com\/?post_type=tribe_events&#038;p=31922"},"modified":"2025-09-29T09:50:15","modified_gmt":"2025-09-29T07:50:15","slug":"mazo-irieix","status":"publish","type":"tribe_events","link":"https:\/\/cafelapalma.com\/en\/programacion\/mazo-irieix\/","title":{"rendered":"IRIEIX"},"content":{"rendered":"<div  class=\"tribe-events-schedule tribe-clearfix\" >\n\t<p class=\"tribe-events-schedule__datetime\">\n\t\t<span class=\"tribe-events-schedule__date tribe-events-schedule__date--start\">\n\t\t\t30  October  2025\t\t<\/span>\n\n\t\t\t\t\t<span class=\"tribe-events-schedule__separator tribe-events-schedule__separator--date\">\n\t\t\t\t@\t\t\t<\/span>\n\t\t\t<span class=\"tribe-events-schedule__time tribe-events-schedule__time--start\">\n\t\t\t\t22:00\t\t\t<\/span>\n\t\t\n\t\t\t\t\t\t\t\t\t<span class=\"tribe-events-schedule__separator tribe-events-schedule__separator--time\">\n\t\t\t\t\t&#8211;\t\t\t\t<\/span>\n\t\t\t\n\t\t\t\t\t\t\t<span class=\"tribe-events-schedule__time tribe-events-schedule__time--end\">\n\t\t\t\t\t23:45\t\t\t\t<\/span>\n\t\t\t\n\t\t\t\t\t\t<\/p>\n<\/div>\n\n\n<div  class=\"tribe-block tribe-block__event-price\" >\n\t\t\t<span class=\"tribe-block__event-price__cost\"> 12\u20ac <\/span>\n\t\t\t\t<span class=\"tribe-block__event-price__description\">+ gg Anticipada | 15\u20ac Taquilla<\/span>\n\t<\/div>\n\n\n\n<div style=\"height:100px\" aria-hidden=\"true\" class=\"wp-block-spacer\"><\/div>\n\n\n\n<div class=\"wp-block-columns is-layout-flex wp-container-core-columns-is-layout-8f761849 wp-block-columns-is-layout-flex\">\n<div class=\"wp-block-column is-layout-flow wp-block-column-is-layout-flow\" style=\"flex-basis:33.33%\">\n<figure class=\"wp-block-image size-full\"><img loading=\"lazy\" decoding=\"async\" width=\"640\" height=\"800\" src=\"https:\/\/cafelapalma.com\/wp-content\/uploads\/2025\/09\/RqtJSfq0.jpeg\" alt=\"\" class=\"wp-image-31926\" srcset=\"https:\/\/cafelapalma.com\/wp-content\/uploads\/2025\/09\/RqtJSfq0.jpeg 640w, https:\/\/cafelapalma.com\/wp-content\/uploads\/2025\/09\/RqtJSfq0-240x300.jpeg 240w, https:\/\/cafelapalma.com\/wp-content\/uploads\/2025\/09\/RqtJSfq0-10x12.jpeg 10w, https:\/\/cafelapalma.com\/wp-content\/uploads\/2025\/09\/RqtJSfq0-48x60.jpeg 48w\" sizes=\"auto, (max-width: 640px) 100vw, 640px\" \/><\/figure>\n\n\n<div  class=\"tribe-block tribe-block__event-website\" >\n\t<a\n\t\thref=\"https:\/\/dice.fm\/event\/wwolbr-irieix-en-mazo-30th\"\n\t\ttarget=\"_self\"\n\t\t\t>\n\t\tBUY TICKETS\t<\/a>\n<\/div>\n<\/div>\n\n\n\n<div class=\"wp-block-column is-layout-flow wp-block-column-is-layout-flow\" style=\"flex-basis:66.66%\">\n<div style=\"height:100px\" aria-hidden=\"true\" class=\"wp-block-spacer\"><\/div>\n\n\n\n<p class=\"has-text-align-left wp-block-paragraph\"><strong>IRIEIX<\/strong>\u00a0es un proyecto de electro-cantautor que gira en torno al <strong>electro-pop<\/strong>, la <strong>m\u00fasica latina<\/strong>, la autoparodia y el sad-boyerismo catal\u00e1n. Es un proyecto que naci\u00f3 para sacar a la luz las canciones que compone <strong>Llu\u00eds Margarit<\/strong>, en sus propias palabras: \u00absobre todo por los <em>jajas<\/em>, todo lo que hacemos bebe mucho del meme y el post-humor. Intentamos que las canciones no hablen de experiencias necesariamente personales sino que tratamos las canciones desde la perspectiva narrativa de un personaje que casi siempre es un perdedor que no alcanza sus objetivos\u00bb. Sin duda, todo un valor a seguir.<\/p>\n\n\n\n<p class=\"has-text-align-left wp-block-paragraph\">Su \u00faltimo EP, <strong>Irieix Dirigeix<\/strong>, recopila grandes \u00e9xitos como <em><strong>WHO THE FUCK IS IRIEIX, Cada Mat\u00ed, Cami con mi cara<\/strong>\u00a0<\/em>y m\u00e1s, as\u00ed como versiones corales a capella.<\/p>\n\n\n\n<p class=\"has-text-align-right wp-block-paragraph\"><em><a href=\"https:\/\/open.spotify.com\/intl-es\/artist\/4Leyi7Yg3GnA8dvKC1zZFu?si=Ca-t8Y9pTYC7RFWd5-UfEg\">Listen to <\/a><\/em><strong><a href=\"https:\/\/open.spotify.com\/intl-es\/artist\/4Leyi7Yg3GnA8dvKC1zZFu?si=Ca-t8Y9pTYC7RFWd5-UfEg\">IRIEIX<\/a><\/strong><em><a href=\"https:\/\/open.spotify.com\/intl-es\/artist\/4TLTwACe17KM2wSJ13zB4x?si=rWPBMSeARMiY3WO7WV1QfA\"> in <\/a><\/em><strong><a href=\"https:\/\/open.spotify.com\/intl-es\/artist\/4Leyi7Yg3GnA8dvKC1zZFu?si=Ca-t8Y9pTYC7RFWd5-UfEg\">Spotify<\/a><\/strong><\/p>\n\n\n\n<p class=\"has-text-align-center wp-block-paragraph\"><em>Organizado por <\/em><strong><a href=\"https:\/\/www.instagram.com\/mazo.madriz\/\">MAZO<\/a><\/strong><\/p>\n<\/div>\n<\/div>\n\n\n\n<div style=\"height:100px\" aria-hidden=\"true\" class=\"wp-block-spacer\"><\/div>\n\n\n\n<hr class=\"wp-block-separator has-alpha-channel-opacity\"\/>\n\n\n\n<div style=\"height:100px\" aria-hidden=\"true\" class=\"wp-block-spacer\"><\/div>\n\n\n<h2 class=\"tribe-block__related-events__title\">Related Events<\/h2>\n\n<ul  class=\"tribe-related-events tribe-clearfix\" >\n\t\t\t<li>\n\t\n<div class=\"tribe-related-events-thumbnail\">\n\t<a href=\"https:\/\/cafelapalma.com\/en\/programacion\/funkin-donuts\/\" class=\"url\" rel=\"bookmark\" tabindex=\"-1\" aria-hidden=\"true\"><img loading=\"lazy\" decoding=\"async\" width=\"693\" height=\"1040\" src=\"https:\/\/cafelapalma.com\/wp-content\/uploads\/2026\/07\/FD-vert2-bn-693x1040.jpg\" class=\"attachment-large size-large wp-post-image\" alt=\"\" \/><\/a>\n<\/div>\n\t<div class=\"tribe-related-event-info\">\n\t<h3 class=\"tribe-related-events-title\">\n\t\t<a href=\"https:\/\/cafelapalma.com\/en\/programacion\/funkin-donuts\/\" class=\"tribe-event-url\" rel=\"bookmark\">\n\t\t\tFUNKIN&#8217; DONUTS\t\t<\/a>\n\t<\/h3>\n\t<span class=\"tribe-event-date-start\">5  September@22:00<\/span><span class=\"tribe-event-time\">23:45<\/span><\/div>\n<\/li>\n\t\t\t<li>\n\t\n<div class=\"tribe-related-events-thumbnail\">\n\t<a href=\"https:\/\/cafelapalma.com\/en\/programacion\/backstage-le-petit-truffle-mayo\/\" class=\"url\" rel=\"bookmark\" tabindex=\"-1\" aria-hidden=\"true\"><img loading=\"lazy\" decoding=\"async\" width=\"780\" height=\"1040\" src=\"https:\/\/cafelapalma.com\/wp-content\/uploads\/2026\/07\/Imagen-TruffleMayo-LePetit-i-1-780x1040.png\" class=\"attachment-large size-large wp-post-image\" alt=\"\" \/><\/a>\n<\/div>\n\t<div class=\"tribe-related-event-info\">\n\t<h3 class=\"tribe-related-events-title\">\n\t\t<a href=\"https:\/\/cafelapalma.com\/en\/programacion\/backstage-le-petit-truffle-mayo\/\" class=\"tribe-event-url\" rel=\"bookmark\">\n\t\t\tBACKSTAGE: LE PETIT + TRUFFLE MAYO\t\t<\/a>\n\t<\/h3>\n\t<span class=\"tribe-event-date-start\">5  September@23:55<\/span><\/div>\n<\/li>\n\t\t\t<li>\n\t\n<div class=\"tribe-related-events-thumbnail\">\n\t<a href=\"https:\/\/cafelapalma.com\/en\/programacion\/willie-deville-concierto-benefico-x-venezuela\/\" class=\"url\" rel=\"bookmark\" tabindex=\"-1\" aria-hidden=\"true\"><img loading=\"lazy\" decoding=\"async\" width=\"1020\" height=\"531\" src=\"https:\/\/cafelapalma.com\/wp-content\/uploads\/2026\/08\/Willie-deville-1100x572-1-1040x541.jpg\" class=\"attachment-large size-large wp-post-image\" alt=\"\" \/><\/a>\n<\/div>\n\t<div class=\"tribe-related-event-info\">\n\t<h3 class=\"tribe-related-events-title\">\n\t\t<a href=\"https:\/\/cafelapalma.com\/en\/programacion\/willie-deville-concierto-benefico-x-venezuela\/\" class=\"tribe-event-url\" rel=\"bookmark\">\n\t\t\tWILLIE DEVILLE: CONCIERTO BEN\u00c9FICO X VENEZUELA\t\t<\/a>\n\t<\/h3>\n\t<span class=\"tribe-event-date-start\">6  September@21:00<\/span><span class=\"tribe-event-time\">23:45<\/span><\/div>\n<\/li>\n\t<\/ul>","protected":false},"excerpt":{"rendered":"<p>IRIEIX\u00a0es un proyecto de electro-cantautor que gira en torno al electro-pop, la m\u00fasica latina, la autoparodia y el sad-boyerismo catal\u00e1n. Es un proyecto que naci\u00f3 para sacar a la luz las canciones que compone Llu\u00eds Margarit, en sus propias palabras: \u00absobre todo por los jajas, todo lo que hacemos bebe mucho del meme y el &hellip; <\/p>","protected":false},"author":2,"featured_media":31925,"template":"","meta":{"_tec_requires_first_save":false,"_uag_custom_page_level_css":"","loftloader_page_shortcode":"","_EventAllDay":false,"_EventTimezone":"Europe\/Madrid","_EventStartDate":"2025-10-30 22:00:00","_EventEndDate":"2025-10-30 23:45:00","_EventStartDateUTC":"2025-10-30 21:00:00","_EventEndDateUTC":"2025-10-30 22:45:00","_EventShowMap":false,"_EventShowMapLink":false,"_EventURL":"https:\/\/dice.fm\/event\/wwolbr-irieix-en-mazo-30th","_EventCost":"12","_EventCostDescription":"","_EventCurrencySymbol":"\u20ac","_EventCurrencyCode":"USD","_EventCurrencyPosition":"suffix","_EventDateTimeSeparator":"@","_EventTimeRangeSeparator":"-","_EventOrganizerID":[],"_EventVenueID":[],"_OrganizerEmail":"","_OrganizerPhone":"","_OrganizerWebsite":"","_VenueAddress":"","_VenueCity":"","_VenueCountry":"","_VenueProvince":"","_VenueState":"","_VenueZip":"","_VenuePhone":"","_VenueURL":"","_VenueStateProvince":"","_VenueLat":"","_VenueLng":"","_VenueShowMap":false,"_VenueShowMapLink":false,"_tribe_blocks_recurrence_rules":"","_tribe_blocks_recurrence_description":"","_tribe_blocks_recurrence_exclusions":"","_ecp_custom_2":"","_tribe_events_status":"","_tribe_events_status_reason":"","_tribe_events_is_hybrid":"","_tribe_events_is_virtual":"","_tribe_events_virtual_video_source":"","_tribe_events_virtual_embed_video":"","_tribe_events_virtual_linked_button_text":"","_tribe_events_virtual_linked_button":"","_tribe_events_virtual_show_embed_at":"","_tribe_events_virtual_show_embed_to":[],"_tribe_events_virtual_show_on_event":"","_tribe_events_virtual_show_on_views":"","_tribe_events_virtual_url":"","footnotes":""},"tags":[11175,14134,1363,9429,17950,2865,9147,9146,10607,18006,11172,12056,9531,13171],"tribe_events_cat":[8963],"class_list":["post-31922","tribe_events","type-tribe_events","status-publish","has-post-thumbnail","hentry","tag-alan-queipo","tag-born-music-agency","tag-cafe-la-palma","tag-cantautor","tag-come","tag-conciertos-cafe-la-palma","tag-conciertos-madrid","tag-conciertos-malasana","tag-electro-pop","tag-irieix","tag-javi-ferrara","tag-mazo","tag-musica-latina","tag-primavera-labels","tribe_events_cat-concierto","cat_concierto"],"uagb_featured_image_src":{"full":["https:\/\/cafelapalma.com\/wp-content\/uploads\/2025\/09\/IRIEIX.jpg",619,875,false],"thumbnail":["https:\/\/cafelapalma.com\/wp-content\/uploads\/2025\/09\/IRIEIX-150x150.jpg",150,150,true],"medium":["https:\/\/cafelapalma.com\/wp-content\/uploads\/2025\/09\/IRIEIX-212x300.jpg",212,300,true],"medium_large":["https:\/\/cafelapalma.com\/wp-content\/uploads\/2025\/09\/IRIEIX.jpg",619,875,false],"large":["https:\/\/cafelapalma.com\/wp-content\/uploads\/2025\/09\/IRIEIX.jpg",619,875,false],"1536x1536":["https:\/\/cafelapalma.com\/wp-content\/uploads\/2025\/09\/IRIEIX.jpg",619,875,false],"2048x2048":["https:\/\/cafelapalma.com\/wp-content\/uploads\/2025\/09\/IRIEIX.jpg",619,875,false],"trp-custom-language-flag":["https:\/\/cafelapalma.com\/wp-content\/uploads\/2025\/09\/IRIEIX-8x12.jpg",8,12,true],"blossom-feminine-slider":["https:\/\/cafelapalma.com\/wp-content\/uploads\/2025\/09\/IRIEIX-619x649.jpg",619,649,true],"blossom-feminine-featured":["https:\/\/cafelapalma.com\/wp-content\/uploads\/2025\/09\/IRIEIX-619x600.jpg",619,600,true],"blossom-feminine-with-sidebar":["https:\/\/cafelapalma.com\/wp-content\/uploads\/2025\/09\/IRIEIX-619x600.jpg",619,600,true],"blossom-feminine-blog":["https:\/\/cafelapalma.com\/wp-content\/uploads\/2025\/09\/IRIEIX-435x435.jpg",435,435,true],"blossom-feminine-cat":["https:\/\/cafelapalma.com\/wp-content\/uploads\/2025\/09\/IRIEIX-450x300.jpg",450,300,true],"blossom-feminine-related":["https:\/\/cafelapalma.com\/wp-content\/uploads\/2025\/09\/IRIEIX-320x200.jpg",320,200,true],"blossom-feminine-schema":["https:\/\/cafelapalma.com\/wp-content\/uploads\/2025\/09\/IRIEIX-42x60.jpg",42,60,true]},"uagb_author_info":{"display_name":"Victor","author_link":"https:\/\/cafelapalma.com\/en\/author\/comunicacion\/"},"uagb_comment_info":0,"uagb_excerpt":"IRIEIX\u00a0es un proyecto de electro-cantautor que gira en torno al electro-pop, la m\u00fasica latina, la autoparodia y el sad-boyerismo catal\u00e1n. Es un proyecto que naci\u00f3 para sacar a la luz las canciones que compone Llu\u00eds Margarit, en sus propias palabras: \u00absobre todo por los jajas, todo lo que hacemos bebe mucho del meme y el&hellip;","_links":{"self":[{"href":"https:\/\/cafelapalma.com\/en\/wp-json\/wp\/v2\/tribe_events\/31922","targetHints":{"allow":["GET"]}}],"collection":[{"href":"https:\/\/cafelapalma.com\/en\/wp-json\/wp\/v2\/tribe_events"}],"about":[{"href":"https:\/\/cafelapalma.com\/en\/wp-json\/wp\/v2\/types\/tribe_events"}],"author":[{"embeddable":true,"href":"https:\/\/cafelapalma.com\/en\/wp-json\/wp\/v2\/users\/2"}],"version-history":[{"count":0,"href":"https:\/\/cafelapalma.com\/en\/wp-json\/wp\/v2\/tribe_events\/31922\/revisions"}],"wp:featuredmedia":[{"embeddable":true,"href":"https:\/\/cafelapalma.com\/en\/wp-json\/wp\/v2\/media\/31925"}],"wp:attachment":[{"href":"https:\/\/cafelapalma.com\/en\/wp-json\/wp\/v2\/media?parent=31922"}],"wp:term":[{"taxonomy":"post_tag","embeddable":true,"href":"https:\/\/cafelapalma.com\/en\/wp-json\/wp\/v2\/tags?post=31922"},{"taxonomy":"tribe_events_cat","embeddable":true,"href":"https:\/\/cafelapalma.com\/en\/wp-json\/wp\/v2\/tribe_events_cat?post=31922"}],"curies":[{"name":"wp","href":"https:\/\/api.w.org\/{rel}","templated":true}]}}

<div  class="tribe-events-schedule tribe-clearfix" >
	<p class="tribe-events-schedule__datetime">
		<span class="tribe-events-schedule__date tribe-events-schedule__date--start">
			30  October  2025		</span>

					<span class="tribe-events-schedule__separator tribe-events-schedule__separator--date">
				@			</span>
			<span class="tribe-events-schedule__time tribe-events-schedule__time--start">
				22:00			</span>
		
									<span class="tribe-events-schedule__separator tribe-events-schedule__separator--time">
					&#8211;				</span>
			
							<span class="tribe-events-schedule__time tribe-events-schedule__time--end">
					23:45				</span>
			
						</p>
</div>


<div  class="tribe-block tribe-block__event-price" >
			<span class="tribe-block__event-price__cost"> 12€ </span>
				<span class="tribe-block__event-price__description">+ gg Anticipada | 15€ Taquilla</span>
	</div>



<div style="height:100px" aria-hidden="true" class="wp-block-spacer"></div>



<div class="wp-block-columns is-layout-flex wp-container-core-columns-is-layout-8f761849 wp-block-columns-is-layout-flex">
<div class="wp-block-column is-layout-flow wp-block-column-is-layout-flow" style="flex-basis:33.33%">
<figure class="wp-block-image size-full"><img loading="lazy" decoding="async" width="640" height="800" src="https://cafelapalma.com/wp-content/uploads/2025/09/RqtJSfq0.jpeg" alt="" class="wp-image-31926" srcset="https://cafelapalma.com/wp-content/uploads/2025/09/RqtJSfq0.jpeg 640w, https://cafelapalma.com/wp-content/uploads/2025/09/RqtJSfq0-240x300.jpeg 240w, https://cafelapalma.com/wp-content/uploads/2025/09/RqtJSfq0-10x12.jpeg 10w, https://cafelapalma.com/wp-content/uploads/2025/09/RqtJSfq0-48x60.jpeg 48w" sizes="auto, (max-width: 640px) 100vw, 640px" /></figure>


<div  class="tribe-block tribe-block__event-website" >
	<a
		href="https://dice.fm/event/wwolbr-irieix-en-mazo-30th"
		target="_self"
			>
		BUY TICKETS	</a>
</div>
</div>



<div class="wp-block-column is-layout-flow wp-block-column-is-layout-flow" style="flex-basis:66.66%">
<div style="height:100px" aria-hidden="true" class="wp-block-spacer"></div>



<p class="has-text-align-left wp-block-paragraph"><strong>IRIEIX</strong> es un proyecto de electro-cantautor que gira en torno al <strong>electro-pop</strong>, la <strong>música latina</strong>, la autoparodia y el sad-boyerismo catalán. Es un proyecto que nació para sacar a la luz las canciones que compone <strong>Lluís Margarit</strong>, en sus propias palabras: «sobre todo por los <em>jajas</em>, todo lo que hacemos bebe mucho del meme y el post-humor. Intentamos que las canciones no hablen de experiencias necesariamente personales sino que tratamos las canciones desde la perspectiva narrativa de un personaje que casi siempre es un perdedor que no alcanza sus objetivos». Sin duda, todo un valor a seguir.</p>



<p class="has-text-align-left wp-block-paragraph">Su último EP, <strong>Irieix Dirigeix</strong>, recopila grandes éxitos como <em><strong>WHO THE FUCK IS IRIEIX, Cada Matí, Cami con mi cara</strong> </em>y más, así como versiones corales a capella.</p>



<p class="has-text-align-right wp-block-paragraph"><em><a href="https://open.spotify.com/intl-es/artist/4Leyi7Yg3GnA8dvKC1zZFu?si=Ca-t8Y9pTYC7RFWd5-UfEg">Listen to </a></em><strong><a href="https://open.spotify.com/intl-es/artist/4Leyi7Yg3GnA8dvKC1zZFu?si=Ca-t8Y9pTYC7RFWd5-UfEg">IRIEIX</a></strong><em><a href="https://open.spotify.com/intl-es/artist/4TLTwACe17KM2wSJ13zB4x?si=rWPBMSeARMiY3WO7WV1QfA"> in </a></em><strong><a href="https://open.spotify.com/intl-es/artist/4Leyi7Yg3GnA8dvKC1zZFu?si=Ca-t8Y9pTYC7RFWd5-UfEg">Spotify</a></strong></p>



<p class="has-text-align-center wp-block-paragraph"><em>Organizado por </em><strong><a href="https://www.instagram.com/mazo.madriz/">MAZO</a></strong></p>
</div>
</div>



<div style="height:100px" aria-hidden="true" class="wp-block-spacer"></div>



<hr class="wp-block-separator has-alpha-channel-opacity"/>



<div style="height:100px" aria-hidden="true" class="wp-block-spacer"></div>


<h2 class="tribe-block__related-events__title">Related Events</h2>

<ul  class="tribe-related-events tribe-clearfix" >
			<li>
	
<div class="tribe-related-events-thumbnail">
	<a href="https://cafelapalma.com/en/programacion/funkin-donuts/" class="url" rel="bookmark" tabindex="-1" aria-hidden="true"><img loading="lazy" decoding="async" width="693" height="1040" src="https://cafelapalma.com/wp-content/uploads/2026/07/FD-vert2-bn-693x1040.jpg" class="attachment-large size-large wp-post-image" alt="" /></a>
</div>
	<div class="tribe-related-event-info">
	<h3 class="tribe-related-events-title">
		<a href="https://cafelapalma.com/en/programacion/funkin-donuts/" class="tribe-event-url" rel="bookmark">
			FUNKIN&#8217; DONUTS		</a>
	</h3>
	<span class="tribe-event-date-start">5  September@22:00</span><span class="tribe-event-time">23:45</span></div>
</li>
			<li>
	
<div class="tribe-related-events-thumbnail">
	<a href="https://cafelapalma.com/en/programacion/backstage-le-petit-truffle-mayo/" class="url" rel="bookmark" tabindex="-1" aria-hidden="true"><img loading="lazy" decoding="async" width="780" height="1040" src="https://cafelapalma.com/wp-content/uploads/2026/07/Imagen-TruffleMayo-LePetit-i-1-780x1040.png" class="attachment-large size-large wp-post-image" alt="" /></a>
</div>
	<div class="tribe-related-event-info">
	<h3 class="tribe-related-events-title">
		<a href="https://cafelapalma.com/en/programacion/backstage-le-petit-truffle-mayo/" class="tribe-event-url" rel="bookmark">
			BACKSTAGE: LE PETIT + TRUFFLE MAYO		</a>
	</h3>
	<span class="tribe-event-date-start">5  September@23:55</span></div>
</li>
			<li>
	
<div class="tribe-related-events-thumbnail">
	<a href="https://cafelapalma.com/en/programacion/willie-deville-concierto-benefico-x-venezuela/" class="url" rel="bookmark" tabindex="-1" aria-hidden="true"><img loading="lazy" decoding="async" width="1020" height="531" src="https://cafelapalma.com/wp-content/uploads/2026/08/Willie-deville-1100x572-1-1040x541.jpg" class="attachment-large size-large wp-post-image" alt="" /></a>
</div>
	<div class="tribe-related-event-info">
	<h3 class="tribe-related-events-title">
		<a href="https://cafelapalma.com/en/programacion/willie-deville-concierto-benefico-x-venezuela/" class="tribe-event-url" rel="bookmark">
			WILLIE DEVILLE: CONCIERTO BENÉFICO X VENEZUELA		</a>
	</h3>
	<span class="tribe-event-date-start">6  September@21:00</span><span class="tribe-event-time">23:45</span></div>
</li>
	</ul>

<p>IRIEIX es un proyecto de electro-cantautor que gira en torno al electro-pop, la música latina, la autoparodia y el sad-boyerismo catalán. Es un proyecto que nació para sacar a la luz las canciones que compone Lluís Margarit, en sus propias palabras: «sobre todo por los jajas, todo lo que hacemos bebe mucho del meme y el &hellip; </p>

IRIEIX es un proyecto de electro-cantautor que gira en torno al electro-pop, la música latina, la autoparodia y el sad-boyerismo catalán. Es un proyecto que nació para sacar a la luz las canciones que compone Lluís Margarit, en sus propias palabras: «sobre todo por los jajas, todo lo que hacemos bebe mucho del meme y el&hellip;
