{"id":31965,"date":"2025-09-28T13:20:56","date_gmt":"2025-09-28T11:20:56","guid":{"rendered":"https:\/\/cafelapalma.com\/?post_type=tribe_events&#038;p=31965"},"modified":"2025-10-21T14:30:20","modified_gmt":"2025-10-21T12:30:20","slug":"los-ibus-2","status":"publish","type":"tribe_events","link":"https:\/\/cafelapalma.com\/en\/programacion\/los-ibus-2\/","title":{"rendered":"LOS IBUS"},"content":{"rendered":"<div  class=\"tribe-events-schedule tribe-clearfix\" >\n\t<p class=\"tribe-events-schedule__datetime\">\n\t\t<span class=\"tribe-events-schedule__date tribe-events-schedule__date--start\">\n\t\t\t25  October  2025\t\t<\/span>\n\n\t\t\t\t\t<span class=\"tribe-events-schedule__separator tribe-events-schedule__separator--date\">\n\t\t\t\t@\t\t\t<\/span>\n\t\t\t<span class=\"tribe-events-schedule__time tribe-events-schedule__time--start\">\n\t\t\t\t22:00\t\t\t<\/span>\n\t\t\n\t\t\t<\/p>\n<\/div>\n\n\n<div  class=\"tribe-block tribe-block__event-price\" >\n\t\t\t<span class=\"tribe-block__event-price__cost\"> 10\u20ac <\/span>\n\t\t\t\t<span class=\"tribe-block__event-price__description\">+ gg Anticipada | 12\u20ac Taquilla<\/span>\n\t<\/div>\n\n\n\n<div style=\"height:100px\" aria-hidden=\"true\" class=\"wp-block-spacer\"><\/div>\n\n\n\n<div class=\"wp-block-columns is-layout-flex wp-container-core-columns-is-layout-8f761849 wp-block-columns-is-layout-flex\">\n<div class=\"wp-block-column is-layout-flow wp-block-column-is-layout-flow\" style=\"flex-basis:33.33%\">\n<figure class=\"wp-block-image size-full\"><img loading=\"lazy\" decoding=\"async\" width=\"1080\" height=\"1350\" src=\"https:\/\/cafelapalma.com\/wp-content\/uploads\/2025\/09\/LOS_IBUS_VIBRA-SOLDOUT.jpg\" alt=\"\" class=\"wp-image-32189\" srcset=\"https:\/\/cafelapalma.com\/wp-content\/uploads\/2025\/09\/LOS_IBUS_VIBRA-SOLDOUT.jpg 1080w, https:\/\/cafelapalma.com\/wp-content\/uploads\/2025\/09\/LOS_IBUS_VIBRA-SOLDOUT-240x300.jpg 240w, https:\/\/cafelapalma.com\/wp-content\/uploads\/2025\/09\/LOS_IBUS_VIBRA-SOLDOUT-832x1040.jpg 832w, https:\/\/cafelapalma.com\/wp-content\/uploads\/2025\/09\/LOS_IBUS_VIBRA-SOLDOUT-768x960.jpg 768w, https:\/\/cafelapalma.com\/wp-content\/uploads\/2025\/09\/LOS_IBUS_VIBRA-SOLDOUT-10x12.jpg 10w, https:\/\/cafelapalma.com\/wp-content\/uploads\/2025\/09\/LOS_IBUS_VIBRA-SOLDOUT-48x60.jpg 48w\" sizes=\"auto, (max-width: 1080px) 100vw, 1080px\" \/><\/figure>\n\n\n<div  class=\"tribe-block tribe-block__event-website\" >\n\t<a\n\t\thref=\"https:\/\/www.passline.com\/eventos\/escenarios-vibra-mahou-los-ibus\"\n\t\ttarget=\"_self\"\n\t\t\t>\n\t\tBUY TICKETS\t<\/a>\n<\/div>\n<\/div>\n\n\n\n<div class=\"wp-block-column is-layout-flow wp-block-column-is-layout-flow\" style=\"flex-basis:66.66%\">\n<div style=\"height:100px\" aria-hidden=\"true\" class=\"wp-block-spacer\"><\/div>\n\n\n\n<p class=\"has-text-align-left wp-block-paragraph\">El nombre <strong>LOS IBUS<\/strong> o <strong>LOS IBUPPROFENOS<\/strong> <strong>DE NEOPRENO<\/strong> tiene su origen en una divertida an\u00e9cdota de uno de sus antiguos miembros fundadores. Mientras la historia se mantiene en secreto por ahora, lo \u00fanico que <strong>Los Ibus<\/strong> pueden asegurar, al igual que el indicador de la amargura en una cerveza, es traer un sabor intenso al escenario al m\u00e1s puro estilo del <strong>Rock\u2019n\u2019Roll<\/strong> de los \u2019<strong>90<\/strong>.<\/p>\n\n\n\n<p class=\"has-text-align-left wp-block-paragraph\">La m\u00fasica del grupo, inspirada principalmente por bandas ic\u00f3nicas del pop rock espa\u00f1ol, es una oda a la amistad, la libertad y la diversi\u00f3n. Sus canciones como \u201c<strong><em>Twingo<\/em><\/strong>\u201d, \u201c<strong><em>Jaula de Cristal<\/em><\/strong>\u201d, \u201c<strong><em>Tanzania<\/em><\/strong>\u201d o \u201c<em><strong>Pizza Grande<\/strong><\/em>\u201d son una mezcla de energ\u00e9ticos riffs de guitarra y letras pegadizas con las que cualquiera puede verse relacionado. Sin ninguna pretensi\u00f3n hacia lo sofisticado, <strong>Los Ibus<\/strong> traen el <strong>Rock\u2019n\u2019Roll<\/strong> de vuelta a la moda.<\/p>\n\n\n\n<p class=\"has-text-align-right wp-block-paragraph\"><em><a href=\"https:\/\/open.spotify.com\/intl-es\/artist\/28xI1L1VYJXU9XnhzWmHdR?si=ccfDz0XpTd-ag70wkd9lLQ\">Listen to <\/a><\/em><strong><a href=\"https:\/\/open.spotify.com\/intl-es\/artist\/0WENYpslSmcCnF0WhqgFTI?si=dmnab53DT7CVpdnGIgS1RQ\">LOS IBUS<\/a><\/strong><em><a href=\"https:\/\/open.spotify.com\/intl-es\/artist\/28xI1L1VYJXU9XnhzWmHdR?si=ccfDz0XpTd-ag70wkd9lLQ\"> in <\/a><\/em><strong><a href=\"https:\/\/open.spotify.com\/intl-es\/artist\/28xI1L1VYJXU9XnhzWmHdR?si=ccfDz0XpTd-ag70wkd9lLQ\">Spotify<\/a><\/strong><\/p>\n<\/div>\n<\/div>\n\n\n\n<div style=\"height:100px\" aria-hidden=\"true\" class=\"wp-block-spacer\"><\/div>\n\n\n\n<hr class=\"wp-block-separator has-alpha-channel-opacity\"\/>\n\n\n\n<div style=\"height:100px\" aria-hidden=\"true\" class=\"wp-block-spacer\"><\/div>\n\n\n<h2 class=\"tribe-block__related-events__title\">Related Events<\/h2>\n\n<ul  class=\"tribe-related-events tribe-clearfix\" >\n\t\t\t<li>\n\t\n<div class=\"tribe-related-events-thumbnail\">\n\t<a href=\"https:\/\/cafelapalma.com\/en\/programacion\/funkin-donuts\/\" class=\"url\" rel=\"bookmark\" tabindex=\"-1\" aria-hidden=\"true\"><img loading=\"lazy\" decoding=\"async\" width=\"693\" height=\"1040\" src=\"https:\/\/cafelapalma.com\/wp-content\/uploads\/2026\/07\/FD-vert2-bn-693x1040.jpg\" class=\"attachment-large size-large wp-post-image\" alt=\"\" \/><\/a>\n<\/div>\n\t<div class=\"tribe-related-event-info\">\n\t<h3 class=\"tribe-related-events-title\">\n\t\t<a href=\"https:\/\/cafelapalma.com\/en\/programacion\/funkin-donuts\/\" class=\"tribe-event-url\" rel=\"bookmark\">\n\t\t\tFUNKIN&#8217; DONUTS\t\t<\/a>\n\t<\/h3>\n\t<span class=\"tribe-event-date-start\">5  September@22:00<\/span><span class=\"tribe-event-time\">23:45<\/span><\/div>\n<\/li>\n\t\t\t<li>\n\t\n<div class=\"tribe-related-events-thumbnail\">\n\t<a href=\"https:\/\/cafelapalma.com\/en\/programacion\/backstage-le-petit-truffle-mayo\/\" class=\"url\" rel=\"bookmark\" tabindex=\"-1\" aria-hidden=\"true\"><img loading=\"lazy\" decoding=\"async\" width=\"780\" height=\"1040\" src=\"https:\/\/cafelapalma.com\/wp-content\/uploads\/2026\/07\/Imagen-TruffleMayo-LePetit-i-1-780x1040.png\" class=\"attachment-large size-large wp-post-image\" alt=\"\" \/><\/a>\n<\/div>\n\t<div class=\"tribe-related-event-info\">\n\t<h3 class=\"tribe-related-events-title\">\n\t\t<a href=\"https:\/\/cafelapalma.com\/en\/programacion\/backstage-le-petit-truffle-mayo\/\" class=\"tribe-event-url\" rel=\"bookmark\">\n\t\t\tBACKSTAGE: LE PETIT + TRUFFLE MAYO\t\t<\/a>\n\t<\/h3>\n\t<span class=\"tribe-event-date-start\">5  September@23:55<\/span><\/div>\n<\/li>\n\t\t\t<li>\n\t\n<div class=\"tribe-related-events-thumbnail\">\n\t<a href=\"https:\/\/cafelapalma.com\/en\/programacion\/willie-deville-concierto-benefico-x-venezuela\/\" class=\"url\" rel=\"bookmark\" tabindex=\"-1\" aria-hidden=\"true\"><img loading=\"lazy\" decoding=\"async\" width=\"1020\" height=\"531\" src=\"https:\/\/cafelapalma.com\/wp-content\/uploads\/2026\/08\/Willie-deville-1100x572-1-1040x541.jpg\" class=\"attachment-large size-large wp-post-image\" alt=\"\" \/><\/a>\n<\/div>\n\t<div class=\"tribe-related-event-info\">\n\t<h3 class=\"tribe-related-events-title\">\n\t\t<a href=\"https:\/\/cafelapalma.com\/en\/programacion\/willie-deville-concierto-benefico-x-venezuela\/\" class=\"tribe-event-url\" rel=\"bookmark\">\n\t\t\tWILLIE DEVILLE: CONCIERTO BEN\u00c9FICO X VENEZUELA\t\t<\/a>\n\t<\/h3>\n\t<span class=\"tribe-event-date-start\">6  September@21:00<\/span><span class=\"tribe-event-time\">23:45<\/span><\/div>\n<\/li>\n\t<\/ul>","protected":false},"excerpt":{"rendered":"<p>El nombre LOS IBUS o LOS IBUPPROFENOS DE NEOPRENO tiene su origen en una divertida an\u00e9cdota de uno de sus antiguos miembros fundadores. Mientras la historia se mantiene en secreto por ahora, lo \u00fanico que Los Ibus pueden asegurar, al igual que el indicador de la amargura en una cerveza, es traer un sabor intenso &hellip; <\/p>","protected":false},"author":2,"featured_media":31966,"template":"","meta":{"_tec_requires_first_save":false,"_uag_custom_page_level_css":"","loftloader_page_shortcode":"","_EventAllDay":false,"_EventTimezone":"Europe\/Madrid","_EventStartDate":"2025-10-25 22:00:00","_EventEndDate":"2025-10-25 22:00:00","_EventStartDateUTC":"2025-10-25 20:00:00","_EventEndDateUTC":"2025-10-25 20:00:00","_EventShowMap":false,"_EventShowMapLink":false,"_EventURL":"https:\/\/www.passline.com\/eventos\/escenarios-vibra-mahou-los-ibus","_EventCost":"10","_EventCostDescription":"","_EventCurrencySymbol":"\u20ac","_EventCurrencyCode":"USD","_EventCurrencyPosition":"suffix","_EventDateTimeSeparator":"@","_EventTimeRangeSeparator":"-","_EventOrganizerID":[],"_EventVenueID":[],"_OrganizerEmail":"","_OrganizerPhone":"","_OrganizerWebsite":"","_VenueAddress":"","_VenueCity":"","_VenueCountry":"","_VenueProvince":"","_VenueState":"","_VenueZip":"","_VenuePhone":"","_VenueURL":"","_VenueStateProvince":"","_VenueLat":"","_VenueLng":"","_VenueShowMap":false,"_VenueShowMapLink":false,"_tribe_blocks_recurrence_rules":"","_tribe_blocks_recurrence_description":"","_tribe_blocks_recurrence_exclusions":"","_ecp_custom_2":"","_tribe_events_status":"","_tribe_events_status_reason":"","_tribe_events_is_hybrid":"","_tribe_events_is_virtual":"","_tribe_events_virtual_video_source":"","_tribe_events_virtual_embed_video":"","_tribe_events_virtual_linked_button_text":"","_tribe_events_virtual_linked_button":"","_tribe_events_virtual_show_embed_at":"","_tribe_events_virtual_show_embed_to":[],"_tribe_events_virtual_show_on_event":"","_tribe_events_virtual_show_on_views":"","_tribe_events_virtual_url":"","footnotes":""},"tags":[1363,2865,9147,9146,9623,16790,16787,16783,9167,16789,9194],"tribe_events_cat":[8963],"class_list":["post-31965","tribe_events","type-tribe_events","status-publish","has-post-thumbnail","hentry","tag-cafe-la-palma","tag-conciertos-cafe-la-palma","tag-conciertos-madrid","tag-conciertos-malasana","tag-escenarios-vibra-mahou","tag-jaula-de-cristal","tag-los-ibuprofenos-de-neopreno","tag-los-ibus","tag-rock-roll","tag-twingo","tag-vibra-mahou","tribe_events_cat-concierto","cat_concierto"],"uagb_featured_image_src":{"full":["https:\/\/cafelapalma.com\/wp-content\/uploads\/2025\/09\/Cartel_A3-scaled.jpeg",2119,3000,false],"thumbnail":["https:\/\/cafelapalma.com\/wp-content\/uploads\/2025\/09\/Cartel_A3-150x150.jpeg",150,150,true],"medium":["https:\/\/cafelapalma.com\/wp-content\/uploads\/2025\/09\/Cartel_A3-212x300.jpeg",212,300,true],"medium_large":["https:\/\/cafelapalma.com\/wp-content\/uploads\/2025\/09\/Cartel_A3-768x1087.jpeg",768,1087,true],"large":["https:\/\/cafelapalma.com\/wp-content\/uploads\/2025\/09\/Cartel_A3-735x1040.jpeg",735,1040,true],"1536x1536":["https:\/\/cafelapalma.com\/wp-content\/uploads\/2025\/09\/Cartel_A3-1085x1536.jpeg",1085,1536,true],"2048x2048":["https:\/\/cafelapalma.com\/wp-content\/uploads\/2025\/09\/Cartel_A3-1447x2048.jpeg",1447,2048,true],"trp-custom-language-flag":["https:\/\/cafelapalma.com\/wp-content\/uploads\/2025\/09\/Cartel_A3-8x12.jpeg",8,12,true],"blossom-feminine-slider":["https:\/\/cafelapalma.com\/wp-content\/uploads\/2025\/09\/Cartel_A3-1920x649.jpeg",1920,649,true],"blossom-feminine-featured":["https:\/\/cafelapalma.com\/wp-content\/uploads\/2025\/09\/Cartel_A3-1410x600.jpeg",1410,600,true],"blossom-feminine-with-sidebar":["https:\/\/cafelapalma.com\/wp-content\/uploads\/2025\/09\/Cartel_A3-1020x600.jpeg",1020,600,true],"blossom-feminine-blog":["https:\/\/cafelapalma.com\/wp-content\/uploads\/2025\/09\/Cartel_A3-435x435.jpeg",435,435,true],"blossom-feminine-cat":["https:\/\/cafelapalma.com\/wp-content\/uploads\/2025\/09\/Cartel_A3-450x300.jpeg",450,300,true],"blossom-feminine-related":["https:\/\/cafelapalma.com\/wp-content\/uploads\/2025\/09\/Cartel_A3-320x200.jpeg",320,200,true],"blossom-feminine-schema":["https:\/\/cafelapalma.com\/wp-content\/uploads\/2025\/09\/Cartel_A3-42x60.jpeg",42,60,true]},"uagb_author_info":{"display_name":"Victor","author_link":"https:\/\/cafelapalma.com\/en\/author\/comunicacion\/"},"uagb_comment_info":0,"uagb_excerpt":"El nombre LOS IBUS o LOS IBUPPROFENOS DE NEOPRENO tiene su origen en una divertida an\u00e9cdota de uno de sus antiguos miembros fundadores. Mientras la historia se mantiene en secreto por ahora, lo \u00fanico que Los Ibus pueden asegurar, al igual que el indicador de la amargura en una cerveza, es traer un sabor intenso&hellip;","_links":{"self":[{"href":"https:\/\/cafelapalma.com\/en\/wp-json\/wp\/v2\/tribe_events\/31965","targetHints":{"allow":["GET"]}}],"collection":[{"href":"https:\/\/cafelapalma.com\/en\/wp-json\/wp\/v2\/tribe_events"}],"about":[{"href":"https:\/\/cafelapalma.com\/en\/wp-json\/wp\/v2\/types\/tribe_events"}],"author":[{"embeddable":true,"href":"https:\/\/cafelapalma.com\/en\/wp-json\/wp\/v2\/users\/2"}],"version-history":[{"count":0,"href":"https:\/\/cafelapalma.com\/en\/wp-json\/wp\/v2\/tribe_events\/31965\/revisions"}],"wp:featuredmedia":[{"embeddable":true,"href":"https:\/\/cafelapalma.com\/en\/wp-json\/wp\/v2\/media\/31966"}],"wp:attachment":[{"href":"https:\/\/cafelapalma.com\/en\/wp-json\/wp\/v2\/media?parent=31965"}],"wp:term":[{"taxonomy":"post_tag","embeddable":true,"href":"https:\/\/cafelapalma.com\/en\/wp-json\/wp\/v2\/tags?post=31965"},{"taxonomy":"tribe_events_cat","embeddable":true,"href":"https:\/\/cafelapalma.com\/en\/wp-json\/wp\/v2\/tribe_events_cat?post=31965"}],"curies":[{"name":"wp","href":"https:\/\/api.w.org\/{rel}","templated":true}]}}

<div  class="tribe-events-schedule tribe-clearfix" >
	<p class="tribe-events-schedule__datetime">
		<span class="tribe-events-schedule__date tribe-events-schedule__date--start">
			25  October  2025		</span>

					<span class="tribe-events-schedule__separator tribe-events-schedule__separator--date">
				@			</span>
			<span class="tribe-events-schedule__time tribe-events-schedule__time--start">
				22:00			</span>
		
			</p>
</div>


<div  class="tribe-block tribe-block__event-price" >
			<span class="tribe-block__event-price__cost"> 10€ </span>
				<span class="tribe-block__event-price__description">+ gg Anticipada | 12€ Taquilla</span>
	</div>



<div style="height:100px" aria-hidden="true" class="wp-block-spacer"></div>



<div class="wp-block-columns is-layout-flex wp-container-core-columns-is-layout-8f761849 wp-block-columns-is-layout-flex">
<div class="wp-block-column is-layout-flow wp-block-column-is-layout-flow" style="flex-basis:33.33%">
<figure class="wp-block-image size-full"><img loading="lazy" decoding="async" width="1080" height="1350" src="https://cafelapalma.com/wp-content/uploads/2025/09/LOS_IBUS_VIBRA-SOLDOUT.jpg" alt="" class="wp-image-32189" srcset="https://cafelapalma.com/wp-content/uploads/2025/09/LOS_IBUS_VIBRA-SOLDOUT.jpg 1080w, https://cafelapalma.com/wp-content/uploads/2025/09/LOS_IBUS_VIBRA-SOLDOUT-240x300.jpg 240w, https://cafelapalma.com/wp-content/uploads/2025/09/LOS_IBUS_VIBRA-SOLDOUT-832x1040.jpg 832w, https://cafelapalma.com/wp-content/uploads/2025/09/LOS_IBUS_VIBRA-SOLDOUT-768x960.jpg 768w, https://cafelapalma.com/wp-content/uploads/2025/09/LOS_IBUS_VIBRA-SOLDOUT-10x12.jpg 10w, https://cafelapalma.com/wp-content/uploads/2025/09/LOS_IBUS_VIBRA-SOLDOUT-48x60.jpg 48w" sizes="auto, (max-width: 1080px) 100vw, 1080px" /></figure>


<div  class="tribe-block tribe-block__event-website" >
	<a
		href="https://www.passline.com/eventos/escenarios-vibra-mahou-los-ibus"
		target="_self"
			>
		BUY TICKETS	</a>
</div>
</div>



<div class="wp-block-column is-layout-flow wp-block-column-is-layout-flow" style="flex-basis:66.66%">
<div style="height:100px" aria-hidden="true" class="wp-block-spacer"></div>



<p class="has-text-align-left wp-block-paragraph">El nombre <strong>LOS IBUS</strong> o <strong>LOS IBUPPROFENOS</strong> <strong>DE NEOPRENO</strong> tiene su origen en una divertida anécdota de uno de sus antiguos miembros fundadores. Mientras la historia se mantiene en secreto por ahora, lo único que <strong>Los Ibus</strong> pueden asegurar, al igual que el indicador de la amargura en una cerveza, es traer un sabor intenso al escenario al más puro estilo del <strong>Rock’n’Roll</strong> de los ’<strong>90</strong>.</p>



<p class="has-text-align-left wp-block-paragraph">La música del grupo, inspirada principalmente por bandas icónicas del pop rock español, es una oda a la amistad, la libertad y la diversión. Sus canciones como “<strong><em>Twingo</em></strong>”, “<strong><em>Jaula de Cristal</em></strong>”, “<strong><em>Tanzania</em></strong>” o “<em><strong>Pizza Grande</strong></em>” son una mezcla de energéticos riffs de guitarra y letras pegadizas con las que cualquiera puede verse relacionado. Sin ninguna pretensión hacia lo sofisticado, <strong>Los Ibus</strong> traen el <strong>Rock’n’Roll</strong> de vuelta a la moda.</p>



<p class="has-text-align-right wp-block-paragraph"><em><a href="https://open.spotify.com/intl-es/artist/28xI1L1VYJXU9XnhzWmHdR?si=ccfDz0XpTd-ag70wkd9lLQ">Listen to </a></em><strong><a href="https://open.spotify.com/intl-es/artist/0WENYpslSmcCnF0WhqgFTI?si=dmnab53DT7CVpdnGIgS1RQ">LOS IBUS</a></strong><em><a href="https://open.spotify.com/intl-es/artist/28xI1L1VYJXU9XnhzWmHdR?si=ccfDz0XpTd-ag70wkd9lLQ"> in </a></em><strong><a href="https://open.spotify.com/intl-es/artist/28xI1L1VYJXU9XnhzWmHdR?si=ccfDz0XpTd-ag70wkd9lLQ">Spotify</a></strong></p>
</div>
</div>



<div style="height:100px" aria-hidden="true" class="wp-block-spacer"></div>



<hr class="wp-block-separator has-alpha-channel-opacity"/>



<div style="height:100px" aria-hidden="true" class="wp-block-spacer"></div>


<h2 class="tribe-block__related-events__title">Related Events</h2>

<ul  class="tribe-related-events tribe-clearfix" >
			<li>
	
<div class="tribe-related-events-thumbnail">
	<a href="https://cafelapalma.com/en/programacion/funkin-donuts/" class="url" rel="bookmark" tabindex="-1" aria-hidden="true"><img loading="lazy" decoding="async" width="693" height="1040" src="https://cafelapalma.com/wp-content/uploads/2026/07/FD-vert2-bn-693x1040.jpg" class="attachment-large size-large wp-post-image" alt="" /></a>
</div>
	<div class="tribe-related-event-info">
	<h3 class="tribe-related-events-title">
		<a href="https://cafelapalma.com/en/programacion/funkin-donuts/" class="tribe-event-url" rel="bookmark">
			FUNKIN&#8217; DONUTS		</a>
	</h3>
	<span class="tribe-event-date-start">5  September@22:00</span><span class="tribe-event-time">23:45</span></div>
</li>
			<li>
	
<div class="tribe-related-events-thumbnail">
	<a href="https://cafelapalma.com/en/programacion/backstage-le-petit-truffle-mayo/" class="url" rel="bookmark" tabindex="-1" aria-hidden="true"><img loading="lazy" decoding="async" width="780" height="1040" src="https://cafelapalma.com/wp-content/uploads/2026/07/Imagen-TruffleMayo-LePetit-i-1-780x1040.png" class="attachment-large size-large wp-post-image" alt="" /></a>
</div>
	<div class="tribe-related-event-info">
	<h3 class="tribe-related-events-title">
		<a href="https://cafelapalma.com/en/programacion/backstage-le-petit-truffle-mayo/" class="tribe-event-url" rel="bookmark">
			BACKSTAGE: LE PETIT + TRUFFLE MAYO		</a>
	</h3>
	<span class="tribe-event-date-start">5  September@23:55</span></div>
</li>
			<li>
	
<div class="tribe-related-events-thumbnail">
	<a href="https://cafelapalma.com/en/programacion/willie-deville-concierto-benefico-x-venezuela/" class="url" rel="bookmark" tabindex="-1" aria-hidden="true"><img loading="lazy" decoding="async" width="1020" height="531" src="https://cafelapalma.com/wp-content/uploads/2026/08/Willie-deville-1100x572-1-1040x541.jpg" class="attachment-large size-large wp-post-image" alt="" /></a>
</div>
	<div class="tribe-related-event-info">
	<h3 class="tribe-related-events-title">
		<a href="https://cafelapalma.com/en/programacion/willie-deville-concierto-benefico-x-venezuela/" class="tribe-event-url" rel="bookmark">
			WILLIE DEVILLE: CONCIERTO BENÉFICO X VENEZUELA		</a>
	</h3>
	<span class="tribe-event-date-start">6  September@21:00</span><span class="tribe-event-time">23:45</span></div>
</li>
	</ul>

<p>El nombre LOS IBUS o LOS IBUPPROFENOS DE NEOPRENO tiene su origen en una divertida anécdota de uno de sus antiguos miembros fundadores. Mientras la historia se mantiene en secreto por ahora, lo único que Los Ibus pueden asegurar, al igual que el indicador de la amargura en una cerveza, es traer un sabor intenso &hellip; </p>

El nombre LOS IBUS o LOS IBUPPROFENOS DE NEOPRENO tiene su origen en una divertida anécdota de uno de sus antiguos miembros fundadores. Mientras la historia se mantiene en secreto por ahora, lo único que Los Ibus pueden asegurar, al igual que el indicador de la amargura en una cerveza, es traer un sabor intenso&hellip;
