{"id":32006,"date":"2025-10-03T13:22:14","date_gmt":"2025-10-03T11:22:14","guid":{"rendered":"https:\/\/cafelapalma.com\/?post_type=tribe_events&#038;p=32006"},"modified":"2025-11-03T18:31:00","modified_gmt":"2025-11-03T17:31:00","slug":"noraculo-marta-delas","status":"publish","type":"tribe_events","link":"https:\/\/cafelapalma.com\/en\/programacion\/noraculo-marta-delas\/","title":{"rendered":"NOR\u00c1CULO"},"content":{"rendered":"<p class=\"wp-block-paragraph\">Desde el <strong>lunes 3 de noviembre <\/strong>hasta al <strong>lunes 1 de diciembre<\/strong>.<\/p>\n\n\n<div  class=\"tribe-block tribe-block__event-price\" >\n\t\t\t<span class=\"tribe-block__event-price__cost\"> ENTRADA LIBRE <\/span>\n\t\t\t\t<span class=\"tribe-block__event-price__description\">En horario del local<\/span>\n\t<\/div>\n\n\n\n<div style=\"height:100px\" aria-hidden=\"true\" class=\"wp-block-spacer\"><\/div>\n\n\n\n<div class=\"wp-block-columns is-layout-flex wp-container-core-columns-is-layout-8f761849 wp-block-columns-is-layout-flex\">\n<div class=\"wp-block-column is-layout-flow wp-block-column-is-layout-flow\" style=\"flex-basis:33.33%\">\n<figure class=\"wp-block-image size-full\"><img loading=\"lazy\" decoding=\"async\" width=\"2250\" height=\"2812\" src=\"https:\/\/cafelapalma.com\/wp-content\/uploads\/2025\/10\/NORACULO-PORTADA-09.jpg\" alt=\"\" class=\"wp-image-32317\" srcset=\"https:\/\/cafelapalma.com\/wp-content\/uploads\/2025\/10\/NORACULO-PORTADA-09.jpg 2250w, https:\/\/cafelapalma.com\/wp-content\/uploads\/2025\/10\/NORACULO-PORTADA-09-240x300.jpg 240w, https:\/\/cafelapalma.com\/wp-content\/uploads\/2025\/10\/NORACULO-PORTADA-09-832x1040.jpg 832w, https:\/\/cafelapalma.com\/wp-content\/uploads\/2025\/10\/NORACULO-PORTADA-09-768x960.jpg 768w, https:\/\/cafelapalma.com\/wp-content\/uploads\/2025\/10\/NORACULO-PORTADA-09-1229x1536.jpg 1229w, https:\/\/cafelapalma.com\/wp-content\/uploads\/2025\/10\/NORACULO-PORTADA-09-1639x2048.jpg 1639w, https:\/\/cafelapalma.com\/wp-content\/uploads\/2025\/10\/NORACULO-PORTADA-09-10x12.jpg 10w, https:\/\/cafelapalma.com\/wp-content\/uploads\/2025\/10\/NORACULO-PORTADA-09-48x60.jpg 48w\" sizes=\"auto, (max-width: 2250px) 100vw, 2250px\" \/><\/figure>\n<\/div>\n\n\n\n<div class=\"wp-block-column is-layout-flow wp-block-column-is-layout-flow\" style=\"flex-basis:66.66%\">\n<p class=\"wp-block-paragraph\"><\/p>\n\n\n\n<p class=\"has-text-align-left wp-block-paragraph\"><br>En una sociedad que nos exige siempre HACER, esta exposici\u00f3n es una invitacion a reflexionar sobre el NO HACER, a desactivar el piloto autom\u00e1tico y a revisar ciertas din\u00e1micas de nuestro d\u00eda a d\u00eda que llevamos grabadas a fuego.<\/p>\n\n\n\n<p class=\"has-text-align-left wp-block-paragraph\">\u00bfC\u00f3mo ser\u00eda un d\u00eda sin pedir perd\u00f3n a todas horas? \u00bfQu\u00e9 pasa si no voy a ese cumplea\u00f1os? \u00bfMe atrevo a no fingir por un d\u00eda que estoy bien?<\/p>\n\n\n\n<p class=\"has-text-align-left wp-block-paragraph\">A modo de \u201cNOr\u00e1culo\u201d, la propuesta es un juego de 30 im\u00e1genes, de las cuales se expone una selecci\u00f3n de dieciocho, que esconden un mensaje para cada d\u00eda. Un reto (o mejor, anti-reto) de 30 d\u00edas que nos de una peque\u00f1a tregua y nos permita respirar un poco mejor.<\/p>\n\n\n\n<p class=\"has-text-align-left wp-block-paragraph\">La autora de la exposici\u00f3n es MartaDelas, cantaora, ilustraora y lo que surja. Grab\u00f3 su primer single a los ocho a\u00f1os en la grabadora de su primo y tiene un dibujo a mano expuesto en el Museo de Arquitectura de Viena. Le fascinan las lenguas. Hablarlas, cantarlas y dibujarlas. A menudo inventa rituales y los vuelve imagen o canci\u00f3n.&nbsp;<\/p>\n\n\n\n<p class=\"has-text-align-left wp-block-paragraph\">Frustrada a\u00f1o tras a\u00f1o por no conseguir terminar el maldito inktober, aqu\u00ed deja una propuesta visual para disfrutar de un NO-viembre m\u00e1s asertivo.<\/p>\n\n\n\n<p class=\"has-text-align-right wp-block-paragraph\"><em><a href=\"https:\/\/www.instagram.com\/alvaropff\/\">Sigue a<\/a><\/em><strong><a href=\"https:\/\/www.instagram.com\/marta.delas\/\"> MARTA DELAS<\/a><\/strong><em><a href=\"https:\/\/www.instagram.com\/alvaropff\/\"> in <\/a><\/em><strong><a href=\"https:\/\/www.instagram.com\/marta.delas\/\">Instagram<\/a><\/strong><\/p>\n<\/div>\n<\/div>\n\n\n\n<div style=\"height:100px\" aria-hidden=\"true\" class=\"wp-block-spacer\"><\/div>\n\n\n\n<hr class=\"wp-block-separator has-alpha-channel-opacity is-style-wide\"\/>\n\n\n<div  class=\"tribe-events-schedule tribe-clearfix\" >\n\t<p class=\"tribe-events-schedule__datetime\">\n\t\t<span class=\"tribe-events-schedule__date tribe-events-schedule__date--start\">\n\t\t\t01  December  2025\t\t<\/span>\n\n\t\t\t\t\t<span class=\"tribe-events-schedule__separator tribe-events-schedule__separator--date\">\n\t\t\t\t@\t\t\t<\/span>\n\t\t\t<span class=\"tribe-events-schedule__time tribe-events-schedule__time--start\">\n\t\t\t\t02:00\t\t\t<\/span>\n\t\t\n\t\t\t\t\t\t\t\t\t<span class=\"tribe-events-schedule__separator tribe-events-schedule__separator--time\">\n\t\t\t\t\t&#8211;\t\t\t\t<\/span>\n\t\t\t\n\t\t\t\t\t\t\t<span class=\"tribe-events-schedule__time tribe-events-schedule__time--end\">\n\t\t\t\t\t02:30\t\t\t\t<\/span>\n\t\t\t\n\t\t\t\t\t\t<\/p>\n<\/div>\n\n\n<h2 class=\"tribe-block__related-events__title\">Related Events<\/h2>\n\n<ul  class=\"tribe-related-events tribe-clearfix\" >\n\t\t\t<li>\n\t\n<div class=\"tribe-related-events-thumbnail\">\n\t<a href=\"https:\/\/cafelapalma.com\/en\/programacion\/funkin-donuts\/\" class=\"url\" rel=\"bookmark\" tabindex=\"-1\" aria-hidden=\"true\"><img loading=\"lazy\" decoding=\"async\" width=\"693\" height=\"1040\" src=\"https:\/\/cafelapalma.com\/wp-content\/uploads\/2026\/07\/FD-vert2-bn-693x1040.jpg\" class=\"attachment-large size-large wp-post-image\" alt=\"\" \/><\/a>\n<\/div>\n\t<div class=\"tribe-related-event-info\">\n\t<h3 class=\"tribe-related-events-title\">\n\t\t<a href=\"https:\/\/cafelapalma.com\/en\/programacion\/funkin-donuts\/\" class=\"tribe-event-url\" rel=\"bookmark\">\n\t\t\tFUNKIN&#8217; DONUTS\t\t<\/a>\n\t<\/h3>\n\t<span class=\"tribe-event-date-start\">5  September@22:00<\/span><span class=\"tribe-event-time\">23:45<\/span><\/div>\n<\/li>\n\t\t\t<li>\n\t\n<div class=\"tribe-related-events-thumbnail\">\n\t<a href=\"https:\/\/cafelapalma.com\/en\/programacion\/backstage-le-petit-truffle-mayo\/\" class=\"url\" rel=\"bookmark\" tabindex=\"-1\" aria-hidden=\"true\"><img loading=\"lazy\" decoding=\"async\" width=\"780\" height=\"1040\" src=\"https:\/\/cafelapalma.com\/wp-content\/uploads\/2026\/07\/Imagen-TruffleMayo-LePetit-i-1-780x1040.png\" class=\"attachment-large size-large wp-post-image\" alt=\"\" \/><\/a>\n<\/div>\n\t<div class=\"tribe-related-event-info\">\n\t<h3 class=\"tribe-related-events-title\">\n\t\t<a href=\"https:\/\/cafelapalma.com\/en\/programacion\/backstage-le-petit-truffle-mayo\/\" class=\"tribe-event-url\" rel=\"bookmark\">\n\t\t\tBACKSTAGE: LE PETIT + TRUFFLE MAYO\t\t<\/a>\n\t<\/h3>\n\t<span class=\"tribe-event-date-start\">5  September@23:55<\/span><\/div>\n<\/li>\n\t\t\t<li>\n\t\n<div class=\"tribe-related-events-thumbnail\">\n\t<a href=\"https:\/\/cafelapalma.com\/en\/programacion\/willie-deville-concierto-benefico-x-venezuela\/\" class=\"url\" rel=\"bookmark\" tabindex=\"-1\" aria-hidden=\"true\"><img loading=\"lazy\" decoding=\"async\" width=\"1020\" height=\"531\" src=\"https:\/\/cafelapalma.com\/wp-content\/uploads\/2026\/08\/Willie-deville-1100x572-1-1040x541.jpg\" class=\"attachment-large size-large wp-post-image\" alt=\"\" \/><\/a>\n<\/div>\n\t<div class=\"tribe-related-event-info\">\n\t<h3 class=\"tribe-related-events-title\">\n\t\t<a href=\"https:\/\/cafelapalma.com\/en\/programacion\/willie-deville-concierto-benefico-x-venezuela\/\" class=\"tribe-event-url\" rel=\"bookmark\">\n\t\t\tWILLIE DEVILLE: CONCIERTO BEN\u00c9FICO X VENEZUELA\t\t<\/a>\n\t<\/h3>\n\t<span class=\"tribe-event-date-start\">6  September@21:00<\/span><span class=\"tribe-event-time\">23:45<\/span><\/div>\n<\/li>\n\t<\/ul>","protected":false},"excerpt":{"rendered":"<p>Desde el lunes 3 de noviembre hasta al lunes 1 de diciembre. En una sociedad que nos exige siempre HACER, esta exposici\u00f3n es una invitacion a reflexionar sobre el NO HACER, a desactivar el piloto autom\u00e1tico y a revisar ciertas din\u00e1micas de nuestro d\u00eda a d\u00eda que llevamos grabadas a fuego. \u00bfC\u00f3mo ser\u00eda un d\u00eda &hellip; <\/p>","protected":false},"author":8,"featured_media":32327,"template":"","meta":{"_tec_requires_first_save":false,"_uag_custom_page_level_css":"","loftloader_page_shortcode":"","_EventAllDay":false,"_EventTimezone":"Europe\/Madrid","_EventStartDate":"2025-12-01 02:00:00","_EventEndDate":"2025-12-01 02:30:00","_EventStartDateUTC":"2025-12-01 01:00:00","_EventEndDateUTC":"2025-12-01 01:30:00","_EventShowMap":false,"_EventShowMapLink":false,"_EventURL":"","_EventCost":"ENTRADA LIBRE","_EventCostDescription":"","_EventCurrencySymbol":"\u20ac","_EventCurrencyCode":"","_EventCurrencyPosition":"suffix","_EventDateTimeSeparator":"@","_EventTimeRangeSeparator":"-","_EventOrganizerID":[],"_EventVenueID":[0],"_OrganizerEmail":"","_OrganizerPhone":"","_OrganizerWebsite":"","_VenueAddress":"","_VenueCity":"","_VenueCountry":"","_VenueProvince":"","_VenueState":"","_VenueZip":"","_VenuePhone":"","_VenueURL":"","_VenueStateProvince":"","_VenueLat":"","_VenueLng":"","_VenueShowMap":false,"_VenueShowMapLink":false,"_tribe_blocks_recurrence_rules":"","_tribe_blocks_recurrence_description":"","_tribe_blocks_recurrence_exclusions":"","_ecp_custom_2":"","_tribe_events_status":"","_tribe_events_status_reason":"","_tribe_events_is_hybrid":"","_tribe_events_is_virtual":"","_tribe_events_virtual_video_source":"","_tribe_events_virtual_embed_video":"","_tribe_events_virtual_linked_button_text":"","_tribe_events_virtual_linked_button":"","_tribe_events_virtual_show_embed_at":"","_tribe_events_virtual_show_embed_to":[],"_tribe_events_virtual_show_on_event":"","_tribe_events_virtual_show_on_views":"","_tribe_events_virtual_url":"","footnotes":""},"tags":[1363,18018,18017,11900,11899,18064],"tribe_events_cat":[16536,8965],"class_list":["post-32006","tribe_events","type-tribe_events","status-publish","has-post-thumbnail","hentry","tag-cafe-la-palma","tag-criadoelenterado","tag-cristina-rosenvige","tag-expos","tag-exposiciones-cafe-la-palma","tag-martadelas","tribe_events_cat-carrusel","tribe_events_cat-exposicion","cat_carrusel","cat_exposicion"],"uagb_featured_image_src":{"full":["https:\/\/cafelapalma.com\/wp-content\/uploads\/2025\/10\/descarga.jpeg",1280,1264,false],"thumbnail":["https:\/\/cafelapalma.com\/wp-content\/uploads\/2025\/10\/descarga-150x150.jpeg",150,150,true],"medium":["https:\/\/cafelapalma.com\/wp-content\/uploads\/2025\/10\/descarga-300x296.jpeg",300,296,true],"medium_large":["https:\/\/cafelapalma.com\/wp-content\/uploads\/2025\/10\/descarga-768x758.jpeg",768,758,true],"large":["https:\/\/cafelapalma.com\/wp-content\/uploads\/2025\/10\/descarga-1040x1027.jpeg",1020,1007,true],"1536x1536":["https:\/\/cafelapalma.com\/wp-content\/uploads\/2025\/10\/descarga.jpeg",1280,1264,false],"2048x2048":["https:\/\/cafelapalma.com\/wp-content\/uploads\/2025\/10\/descarga.jpeg",1280,1264,false],"trp-custom-language-flag":["https:\/\/cafelapalma.com\/wp-content\/uploads\/2025\/10\/descarga-12x12.jpeg",12,12,true],"blossom-feminine-slider":["https:\/\/cafelapalma.com\/wp-content\/uploads\/2025\/10\/descarga-1280x649.jpeg",1280,649,true],"blossom-feminine-featured":["https:\/\/cafelapalma.com\/wp-content\/uploads\/2025\/10\/descarga-1280x600.jpeg",1280,600,true],"blossom-feminine-with-sidebar":["https:\/\/cafelapalma.com\/wp-content\/uploads\/2025\/10\/descarga-1020x600.jpeg",1020,600,true],"blossom-feminine-blog":["https:\/\/cafelapalma.com\/wp-content\/uploads\/2025\/10\/descarga-435x435.jpeg",435,435,true],"blossom-feminine-cat":["https:\/\/cafelapalma.com\/wp-content\/uploads\/2025\/10\/descarga-450x300.jpeg",450,300,true],"blossom-feminine-related":["https:\/\/cafelapalma.com\/wp-content\/uploads\/2025\/10\/descarga-320x200.jpeg",320,200,true],"blossom-feminine-schema":["https:\/\/cafelapalma.com\/wp-content\/uploads\/2025\/10\/descarga-61x60.jpeg",61,60,true]},"uagb_author_info":{"display_name":"Germ\u00e1n","author_link":"https:\/\/cafelapalma.com\/en\/author\/admin-2\/"},"uagb_comment_info":0,"uagb_excerpt":"Desde el lunes 3 de noviembre hasta al lunes 1 de diciembre. En una sociedad que nos exige siempre HACER, esta exposici\u00f3n es una invitacion a reflexionar sobre el NO HACER, a desactivar el piloto autom\u00e1tico y a revisar ciertas din\u00e1micas de nuestro d\u00eda a d\u00eda que llevamos grabadas a fuego. \u00bfC\u00f3mo ser\u00eda un d\u00eda&hellip;","_links":{"self":[{"href":"https:\/\/cafelapalma.com\/en\/wp-json\/wp\/v2\/tribe_events\/32006","targetHints":{"allow":["GET"]}}],"collection":[{"href":"https:\/\/cafelapalma.com\/en\/wp-json\/wp\/v2\/tribe_events"}],"about":[{"href":"https:\/\/cafelapalma.com\/en\/wp-json\/wp\/v2\/types\/tribe_events"}],"author":[{"embeddable":true,"href":"https:\/\/cafelapalma.com\/en\/wp-json\/wp\/v2\/users\/8"}],"version-history":[{"count":0,"href":"https:\/\/cafelapalma.com\/en\/wp-json\/wp\/v2\/tribe_events\/32006\/revisions"}],"wp:featuredmedia":[{"embeddable":true,"href":"https:\/\/cafelapalma.com\/en\/wp-json\/wp\/v2\/media\/32327"}],"wp:attachment":[{"href":"https:\/\/cafelapalma.com\/en\/wp-json\/wp\/v2\/media?parent=32006"}],"wp:term":[{"taxonomy":"post_tag","embeddable":true,"href":"https:\/\/cafelapalma.com\/en\/wp-json\/wp\/v2\/tags?post=32006"},{"taxonomy":"tribe_events_cat","embeddable":true,"href":"https:\/\/cafelapalma.com\/en\/wp-json\/wp\/v2\/tribe_events_cat?post=32006"}],"curies":[{"name":"wp","href":"https:\/\/api.w.org\/{rel}","templated":true}]}}

NORÁCULO

<p class="wp-block-paragraph">Desde el <strong>lunes 3 de noviembre </strong>hasta al <strong>lunes 1 de diciembre</strong>.</p>


<div  class="tribe-block tribe-block__event-price" >
			<span class="tribe-block__event-price__cost"> ENTRADA LIBRE </span>
				<span class="tribe-block__event-price__description">En horario del local</span>
	</div>



<div style="height:100px" aria-hidden="true" class="wp-block-spacer"></div>



<div class="wp-block-columns is-layout-flex wp-container-core-columns-is-layout-8f761849 wp-block-columns-is-layout-flex">
<div class="wp-block-column is-layout-flow wp-block-column-is-layout-flow" style="flex-basis:33.33%">
<figure class="wp-block-image size-full"><img loading="lazy" decoding="async" width="2250" height="2812" src="https://cafelapalma.com/wp-content/uploads/2025/10/NORACULO-PORTADA-09.jpg" alt="" class="wp-image-32317" srcset="https://cafelapalma.com/wp-content/uploads/2025/10/NORACULO-PORTADA-09.jpg 2250w, https://cafelapalma.com/wp-content/uploads/2025/10/NORACULO-PORTADA-09-240x300.jpg 240w, https://cafelapalma.com/wp-content/uploads/2025/10/NORACULO-PORTADA-09-832x1040.jpg 832w, https://cafelapalma.com/wp-content/uploads/2025/10/NORACULO-PORTADA-09-768x960.jpg 768w, https://cafelapalma.com/wp-content/uploads/2025/10/NORACULO-PORTADA-09-1229x1536.jpg 1229w, https://cafelapalma.com/wp-content/uploads/2025/10/NORACULO-PORTADA-09-1639x2048.jpg 1639w, https://cafelapalma.com/wp-content/uploads/2025/10/NORACULO-PORTADA-09-10x12.jpg 10w, https://cafelapalma.com/wp-content/uploads/2025/10/NORACULO-PORTADA-09-48x60.jpg 48w" sizes="auto, (max-width: 2250px) 100vw, 2250px" /></figure>
</div>



<div class="wp-block-column is-layout-flow wp-block-column-is-layout-flow" style="flex-basis:66.66%">
<p class="wp-block-paragraph"></p>



<p class="has-text-align-left wp-block-paragraph"><br>En una sociedad que nos exige siempre HACER, esta exposición es una invitacion a reflexionar sobre el NO HACER, a desactivar el piloto automático y a revisar ciertas dinámicas de nuestro día a día que llevamos grabadas a fuego.</p>



<p class="has-text-align-left wp-block-paragraph">¿Cómo sería un día sin pedir perdón a todas horas? ¿Qué pasa si no voy a ese cumpleaños? ¿Me atrevo a no fingir por un día que estoy bien?</p>



<p class="has-text-align-left wp-block-paragraph">A modo de “NOráculo”, la propuesta es un juego de 30 imágenes, de las cuales se expone una selección de dieciocho, que esconden un mensaje para cada día. Un reto (o mejor, anti-reto) de 30 días que nos de una pequeña tregua y nos permita respirar un poco mejor.</p>



<p class="has-text-align-left wp-block-paragraph">La autora de la exposición es MartaDelas, cantaora, ilustraora y lo que surja. Grabó su primer single a los ocho años en la grabadora de su primo y tiene un dibujo a mano expuesto en el Museo de Arquitectura de Viena. Le fascinan las lenguas. Hablarlas, cantarlas y dibujarlas. A menudo inventa rituales y los vuelve imagen o canción.&nbsp;</p>



<p class="has-text-align-left wp-block-paragraph">Frustrada año tras año por no conseguir terminar el maldito inktober, aquí deja una propuesta visual para disfrutar de un NO-viembre más asertivo.</p>



<p class="has-text-align-right wp-block-paragraph"><em><a href="https://www.instagram.com/alvaropff/">Sigue a</a></em><strong><a href="https://www.instagram.com/marta.delas/"> MARTA DELAS</a></strong><em><a href="https://www.instagram.com/alvaropff/"> in </a></em><strong><a href="https://www.instagram.com/marta.delas/">Instagram</a></strong></p>
</div>
</div>



<div style="height:100px" aria-hidden="true" class="wp-block-spacer"></div>



<hr class="wp-block-separator has-alpha-channel-opacity is-style-wide"/>


<div  class="tribe-events-schedule tribe-clearfix" >
	<p class="tribe-events-schedule__datetime">
		<span class="tribe-events-schedule__date tribe-events-schedule__date--start">
			01  December  2025		</span>

					<span class="tribe-events-schedule__separator tribe-events-schedule__separator--date">
				@			</span>
			<span class="tribe-events-schedule__time tribe-events-schedule__time--start">
				02:00			</span>
		
									<span class="tribe-events-schedule__separator tribe-events-schedule__separator--time">
					&#8211;				</span>
			
							<span class="tribe-events-schedule__time tribe-events-schedule__time--end">
					02:30				</span>
			
						</p>
</div>


<h2 class="tribe-block__related-events__title">Related Events</h2>

<ul  class="tribe-related-events tribe-clearfix" >
			<li>
	
<div class="tribe-related-events-thumbnail">
	<a href="https://cafelapalma.com/en/programacion/funkin-donuts/" class="url" rel="bookmark" tabindex="-1" aria-hidden="true"><img loading="lazy" decoding="async" width="693" height="1040" src="https://cafelapalma.com/wp-content/uploads/2026/07/FD-vert2-bn-693x1040.jpg" class="attachment-large size-large wp-post-image" alt="" /></a>
</div>
	<div class="tribe-related-event-info">
	<h3 class="tribe-related-events-title">
		<a href="https://cafelapalma.com/en/programacion/funkin-donuts/" class="tribe-event-url" rel="bookmark">
			FUNKIN&#8217; DONUTS		</a>
	</h3>
	<span class="tribe-event-date-start">5  September@22:00</span><span class="tribe-event-time">23:45</span></div>
</li>
			<li>
	
<div class="tribe-related-events-thumbnail">
	<a href="https://cafelapalma.com/en/programacion/backstage-le-petit-truffle-mayo/" class="url" rel="bookmark" tabindex="-1" aria-hidden="true"><img loading="lazy" decoding="async" width="780" height="1040" src="https://cafelapalma.com/wp-content/uploads/2026/07/Imagen-TruffleMayo-LePetit-i-1-780x1040.png" class="attachment-large size-large wp-post-image" alt="" /></a>
</div>
	<div class="tribe-related-event-info">
	<h3 class="tribe-related-events-title">
		<a href="https://cafelapalma.com/en/programacion/backstage-le-petit-truffle-mayo/" class="tribe-event-url" rel="bookmark">
			BACKSTAGE: LE PETIT + TRUFFLE MAYO		</a>
	</h3>
	<span class="tribe-event-date-start">5  September@23:55</span></div>
</li>
			<li>
	
<div class="tribe-related-events-thumbnail">
	<a href="https://cafelapalma.com/en/programacion/willie-deville-concierto-benefico-x-venezuela/" class="url" rel="bookmark" tabindex="-1" aria-hidden="true"><img loading="lazy" decoding="async" width="1020" height="531" src="https://cafelapalma.com/wp-content/uploads/2026/08/Willie-deville-1100x572-1-1040x541.jpg" class="attachment-large size-large wp-post-image" alt="" /></a>
</div>
	<div class="tribe-related-event-info">
	<h3 class="tribe-related-events-title">
		<a href="https://cafelapalma.com/en/programacion/willie-deville-concierto-benefico-x-venezuela/" class="tribe-event-url" rel="bookmark">
			WILLIE DEVILLE: CONCIERTO BENÉFICO X VENEZUELA		</a>
	</h3>
	<span class="tribe-event-date-start">6  September@21:00</span><span class="tribe-event-time">23:45</span></div>
</li>
	</ul>

<p>Desde el lunes 3 de noviembre hasta al lunes 1 de diciembre. En una sociedad que nos exige siempre HACER, esta exposición es una invitacion a reflexionar sobre el NO HACER, a desactivar el piloto automático y a revisar ciertas dinámicas de nuestro día a día que llevamos grabadas a fuego. ¿Cómo sería un día &hellip; </p>

Germán

Desde el lunes 3 de noviembre hasta al lunes 1 de diciembre. En una sociedad que nos exige siempre HACER, esta exposición es una invitacion a reflexionar sobre el NO HACER, a desactivar el piloto automático y a revisar ciertas dinámicas de nuestro día a día que llevamos grabadas a fuego. ¿Cómo sería un día&hellip;
