{"id":32156,"date":"2025-10-18T12:57:13","date_gmt":"2025-10-18T10:57:13","guid":{"rendered":"https:\/\/cafelapalma.com\/?post_type=tribe_events&#038;p=32156"},"modified":"2025-11-06T19:33:43","modified_gmt":"2025-11-06T18:33:43","slug":"melaniesantiller","status":"publish","type":"tribe_events","link":"https:\/\/cafelapalma.com\/en\/programacion\/melaniesantiller\/","title":{"rendered":"MELANIE SANTILER SHOWCASE"},"content":{"rendered":"<div  class=\"tribe-events-schedule tribe-clearfix\" >\n\t<p class=\"tribe-events-schedule__datetime\">\n\t\t<span class=\"tribe-events-schedule__date tribe-events-schedule__date--start\">\n\t\t\t12  November  2025\t\t<\/span>\n\n\t\t\t\t\t<span class=\"tribe-events-schedule__separator tribe-events-schedule__separator--date\">\n\t\t\t\t@\t\t\t<\/span>\n\t\t\t<span class=\"tribe-events-schedule__time tribe-events-schedule__time--start\">\n\t\t\t\t21:00\t\t\t<\/span>\n\t\t\n\t\t\t\t\t\t\t\t\t<span class=\"tribe-events-schedule__separator tribe-events-schedule__separator--time\">\n\t\t\t\t\t&#8211;\t\t\t\t<\/span>\n\t\t\t\n\t\t\t\t\t\t\t<span class=\"tribe-events-schedule__time tribe-events-schedule__time--end\">\n\t\t\t\t\t22:45\t\t\t\t<\/span>\n\t\t\t\n\t\t\t\t\t\t<\/p>\n<\/div>\n\n\n<div  class=\"tribe-block tribe-block__event-price\" >\n\t\t\t<span class=\"tribe-block__event-price__cost\"> Entrada Libre <\/span>\n\t\t\t\t<span class=\"tribe-block__event-price__description\">SHOWCASE CON INVITACION<\/span>\n\t<\/div>\n\n\n\n<div class=\"wp-block-columns is-layout-flex wp-container-core-columns-is-layout-8f761849 wp-block-columns-is-layout-flex\">\n<div class=\"wp-block-column is-layout-flow wp-block-column-is-layout-flow\" style=\"flex-basis:33.33%\">\n<figure class=\"wp-block-image size-large\"><img loading=\"lazy\" decoding=\"async\" width=\"743\" height=\"1040\" src=\"https:\/\/cafelapalma.com\/wp-content\/uploads\/2025\/10\/6-Gabriela-Reigosa-743x1040.jpg\" alt=\"\" class=\"wp-image-32157\" srcset=\"https:\/\/cafelapalma.com\/wp-content\/uploads\/2025\/10\/6-Gabriela-Reigosa-743x1040.jpg 743w, https:\/\/cafelapalma.com\/wp-content\/uploads\/2025\/10\/6-Gabriela-Reigosa-214x300.jpg 214w, https:\/\/cafelapalma.com\/wp-content\/uploads\/2025\/10\/6-Gabriela-Reigosa-768x1075.jpg 768w, https:\/\/cafelapalma.com\/wp-content\/uploads\/2025\/10\/6-Gabriela-Reigosa-1097x1536.jpg 1097w, https:\/\/cafelapalma.com\/wp-content\/uploads\/2025\/10\/6-Gabriela-Reigosa-1463x2048.jpg 1463w, https:\/\/cafelapalma.com\/wp-content\/uploads\/2025\/10\/6-Gabriela-Reigosa-9x12.jpg 9w, https:\/\/cafelapalma.com\/wp-content\/uploads\/2025\/10\/6-Gabriela-Reigosa-43x60.jpg 43w, https:\/\/cafelapalma.com\/wp-content\/uploads\/2025\/10\/6-Gabriela-Reigosa.jpg 2023w\" sizes=\"auto, (max-width: 743px) 100vw, 743px\" \/><\/figure>\n<\/div>\n\n\n\n<div class=\"wp-block-column is-layout-flow wp-block-column-is-layout-flow\" style=\"flex-basis:66.66%\">\n<div style=\"height:29px\" aria-hidden=\"true\" class=\"wp-block-spacer\"><\/div>\n\n\n\n<p class=\"has-text-align-left wp-block-paragraph\">Nacida en La Habana, Melanie Santiler, de 23 a\u00f1os, llega a la escena musical en el 2023 para convertirse en la joven promesa del pop en Cuba. En el 2024 fue incluida por la revista Rolling Stone en la lista \u00abUna nueva generaci\u00f3n de artistas poniendo en alto a Puerto Rico y el Caribe\u00bb. En julio de este mismo a\u00f1o colabor\u00f3 como int\u00e9rprete y autora en dos canciones del \u00e1lbum \u00abRegreso a Gondwana\u00bb del productor venezolano, Andr\u00e9s Levin junto a Beto Montenegro de Rawayana, Ceci Bastida y St Pedro. Se di\u00f3 a conocer a trav\u00e9s de las redes sociales haciendo covers a canciones conocidas del g\u00e9nero urbano cubano que han llegado a viralizarse. En junio de 2025, la revista Billboard la posicion\u00f3 entre los 31 artistas cubanos emergentes dentro del reparto.<\/p>\n\n\n\n<p class=\"has-text-align-left wp-block-paragraph\">La m\u00fasica de la artista se sit\u00faa entre el urbano alternativo y el pop, con un sonido oscuro y fuerte. Lo que caracteriza su propuesta es principalmente su voz y la fusi\u00f3n entre referentes internacionales y el reparto, g\u00e9nero musical aut\u00f3ctono de las calles de su pa\u00eds. Toma la clave del guaguanc\u00f3 presente en proyectos de artistas coterr\u00e1neos como Wampi, el Dray y el Bebeshito para empastarlos con divas como Rosalia, Doja Cat y Maria Callas.<\/p>\n\n\n\n<p class=\"has-text-align-right wp-block-paragraph\"><em>Listen to <\/em><strong><a href=\"https:\/\/open.spotify.com\/intl-es\/artist\/1ZN9ReUi4VKQjhzQDVV3Zk?si=2udl-8OWROiiFMyYxrC3SA\">MELANIE SANTILER<\/a><\/strong><em> in <\/em><strong>Spotify<\/strong><\/p>\n<\/div>\n<\/div>\n\n\n\n<div style=\"height:100px\" aria-hidden=\"true\" class=\"wp-block-spacer\"><\/div>\n\n\n\n<hr class=\"wp-block-separator has-alpha-channel-opacity\"\/>\n\n\n\n<div style=\"height:100px\" aria-hidden=\"true\" class=\"wp-block-spacer\"><\/div>\n\n\n<h2 class=\"tribe-block__related-events__title\">Related Events<\/h2>\n\n<ul  class=\"tribe-related-events tribe-clearfix\" >\n\t\t\t<li>\n\t\n<div class=\"tribe-related-events-thumbnail\">\n\t<a href=\"https:\/\/cafelapalma.com\/en\/programacion\/funkin-donuts\/\" class=\"url\" rel=\"bookmark\" tabindex=\"-1\" aria-hidden=\"true\"><img loading=\"lazy\" decoding=\"async\" width=\"693\" height=\"1040\" src=\"https:\/\/cafelapalma.com\/wp-content\/uploads\/2026\/07\/FD-vert2-bn-693x1040.jpg\" class=\"attachment-large size-large wp-post-image\" alt=\"\" \/><\/a>\n<\/div>\n\t<div class=\"tribe-related-event-info\">\n\t<h3 class=\"tribe-related-events-title\">\n\t\t<a href=\"https:\/\/cafelapalma.com\/en\/programacion\/funkin-donuts\/\" class=\"tribe-event-url\" rel=\"bookmark\">\n\t\t\tFUNKIN&#8217; DONUTS\t\t<\/a>\n\t<\/h3>\n\t<span class=\"tribe-event-date-start\">5  September@22:00<\/span><span class=\"tribe-event-time\">23:45<\/span><\/div>\n<\/li>\n\t\t\t<li>\n\t\n<div class=\"tribe-related-events-thumbnail\">\n\t<a href=\"https:\/\/cafelapalma.com\/en\/programacion\/backstage-le-petit-truffle-mayo\/\" class=\"url\" rel=\"bookmark\" tabindex=\"-1\" aria-hidden=\"true\"><img loading=\"lazy\" decoding=\"async\" width=\"780\" height=\"1040\" src=\"https:\/\/cafelapalma.com\/wp-content\/uploads\/2026\/07\/Imagen-TruffleMayo-LePetit-i-1-780x1040.png\" class=\"attachment-large size-large wp-post-image\" alt=\"\" \/><\/a>\n<\/div>\n\t<div class=\"tribe-related-event-info\">\n\t<h3 class=\"tribe-related-events-title\">\n\t\t<a href=\"https:\/\/cafelapalma.com\/en\/programacion\/backstage-le-petit-truffle-mayo\/\" class=\"tribe-event-url\" rel=\"bookmark\">\n\t\t\tBACKSTAGE: LE PETIT + TRUFFLE MAYO\t\t<\/a>\n\t<\/h3>\n\t<span class=\"tribe-event-date-start\">5  September@23:55<\/span><\/div>\n<\/li>\n\t\t\t<li>\n\t\n<div class=\"tribe-related-events-thumbnail\">\n\t<a href=\"https:\/\/cafelapalma.com\/en\/programacion\/willie-deville-concierto-benefico-x-venezuela\/\" class=\"url\" rel=\"bookmark\" tabindex=\"-1\" aria-hidden=\"true\"><img loading=\"lazy\" decoding=\"async\" width=\"1020\" height=\"531\" src=\"https:\/\/cafelapalma.com\/wp-content\/uploads\/2026\/08\/Willie-deville-1100x572-1-1040x541.jpg\" class=\"attachment-large size-large wp-post-image\" alt=\"\" \/><\/a>\n<\/div>\n\t<div class=\"tribe-related-event-info\">\n\t<h3 class=\"tribe-related-events-title\">\n\t\t<a href=\"https:\/\/cafelapalma.com\/en\/programacion\/willie-deville-concierto-benefico-x-venezuela\/\" class=\"tribe-event-url\" rel=\"bookmark\">\n\t\t\tWILLIE DEVILLE: CONCIERTO BEN\u00c9FICO X VENEZUELA\t\t<\/a>\n\t<\/h3>\n\t<span class=\"tribe-event-date-start\">6  September@21:00<\/span><span class=\"tribe-event-time\">23:45<\/span><\/div>\n<\/li>\n\t<\/ul>","protected":false},"excerpt":{"rendered":"<p>Nacida en La Habana, Melanie Santiler, de 23 a\u00f1os, llega a la escena musical en el 2023 para convertirse en la joven promesa del pop en Cuba. En el 2024 fue incluida por la revista Rolling Stone en la lista \u00abUna nueva generaci\u00f3n de artistas poniendo en alto a Puerto Rico y el Caribe\u00bb. En &hellip; <\/p>","protected":false},"author":8,"featured_media":32158,"template":"","meta":{"_tec_requires_first_save":false,"_uag_custom_page_level_css":"","loftloader_page_shortcode":"","_EventAllDay":false,"_EventTimezone":"Europe\/Madrid","_EventStartDate":"2025-11-12 21:00:00","_EventEndDate":"2025-11-12 22:45:00","_EventStartDateUTC":"2025-11-12 20:00:00","_EventEndDateUTC":"2025-11-12 21:45:00","_EventShowMap":false,"_EventShowMapLink":false,"_EventURL":"https:\/\/www.passline.com\/eventos\/zona-zero","_EventCost":"Entrada Libre","_EventCostDescription":"","_EventCurrencySymbol":"\u20ac","_EventCurrencyCode":"USD","_EventCurrencyPosition":"suffix","_EventDateTimeSeparator":"@","_EventTimeRangeSeparator":"-","_EventOrganizerID":[],"_EventVenueID":[],"_OrganizerEmail":"","_OrganizerPhone":"","_OrganizerWebsite":"","_VenueAddress":"","_VenueCity":"","_VenueCountry":"","_VenueProvince":"","_VenueState":"","_VenueZip":"","_VenuePhone":"","_VenueURL":"","_VenueStateProvince":"","_VenueLat":"","_VenueLng":"","_VenueShowMap":false,"_VenueShowMapLink":false,"_tribe_blocks_recurrence_rules":"","_tribe_blocks_recurrence_description":"","_tribe_blocks_recurrence_exclusions":"","_ecp_custom_2":"","_tribe_events_status":"","_tribe_events_status_reason":"","_tribe_events_is_hybrid":"","_tribe_events_is_virtual":"","_tribe_events_virtual_video_source":"","_tribe_events_virtual_embed_video":"","_tribe_events_virtual_linked_button_text":"","_tribe_events_virtual_linked_button":"","_tribe_events_virtual_show_embed_at":"","_tribe_events_virtual_show_embed_to":[],"_tribe_events_virtual_show_on_event":"","_tribe_events_virtual_show_on_views":"","_tribe_events_virtual_url":"","footnotes":""},"tags":[1363,2865,9147,9146,9959,14263,17917],"tribe_events_cat":[8963],"class_list":["post-32156","tribe_events","type-tribe_events","status-publish","has-post-thumbnail","hentry","tag-cafe-la-palma","tag-conciertos-cafe-la-palma","tag-conciertos-madrid","tag-conciertos-malasana","tag-rock-alternativo","tag-the-middle","tag-zona-zero","tribe_events_cat-concierto","cat_concierto"],"uagb_featured_image_src":{"full":["https:\/\/cafelapalma.com\/wp-content\/uploads\/2025\/10\/Gabriela-Reigosa.jpg",1500,1500,false],"thumbnail":["https:\/\/cafelapalma.com\/wp-content\/uploads\/2025\/10\/Gabriela-Reigosa-150x150.jpg",150,150,true],"medium":["https:\/\/cafelapalma.com\/wp-content\/uploads\/2025\/10\/Gabriela-Reigosa-300x300.jpg",300,300,true],"medium_large":["https:\/\/cafelapalma.com\/wp-content\/uploads\/2025\/10\/Gabriela-Reigosa-768x768.jpg",768,768,true],"large":["https:\/\/cafelapalma.com\/wp-content\/uploads\/2025\/10\/Gabriela-Reigosa-1040x1040.jpg",1020,1020,true],"1536x1536":["https:\/\/cafelapalma.com\/wp-content\/uploads\/2025\/10\/Gabriela-Reigosa.jpg",1500,1500,false],"2048x2048":["https:\/\/cafelapalma.com\/wp-content\/uploads\/2025\/10\/Gabriela-Reigosa.jpg",1500,1500,false],"trp-custom-language-flag":["https:\/\/cafelapalma.com\/wp-content\/uploads\/2025\/10\/Gabriela-Reigosa-12x12.jpg",12,12,true],"blossom-feminine-slider":["https:\/\/cafelapalma.com\/wp-content\/uploads\/2025\/10\/Gabriela-Reigosa-1500x649.jpg",1500,649,true],"blossom-feminine-featured":["https:\/\/cafelapalma.com\/wp-content\/uploads\/2025\/10\/Gabriela-Reigosa-1410x600.jpg",1410,600,true],"blossom-feminine-with-sidebar":["https:\/\/cafelapalma.com\/wp-content\/uploads\/2025\/10\/Gabriela-Reigosa-1020x600.jpg",1020,600,true],"blossom-feminine-blog":["https:\/\/cafelapalma.com\/wp-content\/uploads\/2025\/10\/Gabriela-Reigosa-435x435.jpg",435,435,true],"blossom-feminine-cat":["https:\/\/cafelapalma.com\/wp-content\/uploads\/2025\/10\/Gabriela-Reigosa-450x300.jpg",450,300,true],"blossom-feminine-related":["https:\/\/cafelapalma.com\/wp-content\/uploads\/2025\/10\/Gabriela-Reigosa-320x200.jpg",320,200,true],"blossom-feminine-schema":["https:\/\/cafelapalma.com\/wp-content\/uploads\/2025\/10\/Gabriela-Reigosa-60x60.jpg",60,60,true]},"uagb_author_info":{"display_name":"Germ\u00e1n","author_link":"https:\/\/cafelapalma.com\/en\/author\/admin-2\/"},"uagb_comment_info":0,"uagb_excerpt":"Nacida en La Habana, Melanie Santiler, de 23 a\u00f1os, llega a la escena musical en el 2023 para convertirse en la joven promesa del pop en Cuba. En el 2024 fue incluida por la revista Rolling Stone en la lista \u00abUna nueva generaci\u00f3n de artistas poniendo en alto a Puerto Rico y el Caribe\u00bb. En&hellip;","_links":{"self":[{"href":"https:\/\/cafelapalma.com\/en\/wp-json\/wp\/v2\/tribe_events\/32156","targetHints":{"allow":["GET"]}}],"collection":[{"href":"https:\/\/cafelapalma.com\/en\/wp-json\/wp\/v2\/tribe_events"}],"about":[{"href":"https:\/\/cafelapalma.com\/en\/wp-json\/wp\/v2\/types\/tribe_events"}],"author":[{"embeddable":true,"href":"https:\/\/cafelapalma.com\/en\/wp-json\/wp\/v2\/users\/8"}],"version-history":[{"count":0,"href":"https:\/\/cafelapalma.com\/en\/wp-json\/wp\/v2\/tribe_events\/32156\/revisions"}],"wp:featuredmedia":[{"embeddable":true,"href":"https:\/\/cafelapalma.com\/en\/wp-json\/wp\/v2\/media\/32158"}],"wp:attachment":[{"href":"https:\/\/cafelapalma.com\/en\/wp-json\/wp\/v2\/media?parent=32156"}],"wp:term":[{"taxonomy":"post_tag","embeddable":true,"href":"https:\/\/cafelapalma.com\/en\/wp-json\/wp\/v2\/tags?post=32156"},{"taxonomy":"tribe_events_cat","embeddable":true,"href":"https:\/\/cafelapalma.com\/en\/wp-json\/wp\/v2\/tribe_events_cat?post=32156"}],"curies":[{"name":"wp","href":"https:\/\/api.w.org\/{rel}","templated":true}]}}

<div  class="tribe-events-schedule tribe-clearfix" >
	<p class="tribe-events-schedule__datetime">
		<span class="tribe-events-schedule__date tribe-events-schedule__date--start">
			12  November  2025		</span>

					<span class="tribe-events-schedule__separator tribe-events-schedule__separator--date">
				@			</span>
			<span class="tribe-events-schedule__time tribe-events-schedule__time--start">
				21:00			</span>
		
									<span class="tribe-events-schedule__separator tribe-events-schedule__separator--time">
					&#8211;				</span>
			
							<span class="tribe-events-schedule__time tribe-events-schedule__time--end">
					22:45				</span>
			
						</p>
</div>


<div  class="tribe-block tribe-block__event-price" >
			<span class="tribe-block__event-price__cost"> Entrada Libre </span>
				<span class="tribe-block__event-price__description">SHOWCASE CON INVITACION</span>
	</div>



<div class="wp-block-columns is-layout-flex wp-container-core-columns-is-layout-8f761849 wp-block-columns-is-layout-flex">
<div class="wp-block-column is-layout-flow wp-block-column-is-layout-flow" style="flex-basis:33.33%">
<figure class="wp-block-image size-large"><img loading="lazy" decoding="async" width="743" height="1040" src="https://cafelapalma.com/wp-content/uploads/2025/10/6-Gabriela-Reigosa-743x1040.jpg" alt="" class="wp-image-32157" srcset="https://cafelapalma.com/wp-content/uploads/2025/10/6-Gabriela-Reigosa-743x1040.jpg 743w, https://cafelapalma.com/wp-content/uploads/2025/10/6-Gabriela-Reigosa-214x300.jpg 214w, https://cafelapalma.com/wp-content/uploads/2025/10/6-Gabriela-Reigosa-768x1075.jpg 768w, https://cafelapalma.com/wp-content/uploads/2025/10/6-Gabriela-Reigosa-1097x1536.jpg 1097w, https://cafelapalma.com/wp-content/uploads/2025/10/6-Gabriela-Reigosa-1463x2048.jpg 1463w, https://cafelapalma.com/wp-content/uploads/2025/10/6-Gabriela-Reigosa-9x12.jpg 9w, https://cafelapalma.com/wp-content/uploads/2025/10/6-Gabriela-Reigosa-43x60.jpg 43w, https://cafelapalma.com/wp-content/uploads/2025/10/6-Gabriela-Reigosa.jpg 2023w" sizes="auto, (max-width: 743px) 100vw, 743px" /></figure>
</div>



<div class="wp-block-column is-layout-flow wp-block-column-is-layout-flow" style="flex-basis:66.66%">
<div style="height:29px" aria-hidden="true" class="wp-block-spacer"></div>



<p class="has-text-align-left wp-block-paragraph">Nacida en La Habana, Melanie Santiler, de 23 años, llega a la escena musical en el 2023 para convertirse en la joven promesa del pop en Cuba. En el 2024 fue incluida por la revista Rolling Stone en la lista «Una nueva generación de artistas poniendo en alto a Puerto Rico y el Caribe». En julio de este mismo año colaboró como intérprete y autora en dos canciones del álbum «Regreso a Gondwana» del productor venezolano, Andrés Levin junto a Beto Montenegro de Rawayana, Ceci Bastida y St Pedro. Se dió a conocer a través de las redes sociales haciendo covers a canciones conocidas del género urbano cubano que han llegado a viralizarse. En junio de 2025, la revista Billboard la posicionó entre los 31 artistas cubanos emergentes dentro del reparto.</p>



<p class="has-text-align-left wp-block-paragraph">La música de la artista se sitúa entre el urbano alternativo y el pop, con un sonido oscuro y fuerte. Lo que caracteriza su propuesta es principalmente su voz y la fusión entre referentes internacionales y el reparto, género musical autóctono de las calles de su país. Toma la clave del guaguancó presente en proyectos de artistas coterráneos como Wampi, el Dray y el Bebeshito para empastarlos con divas como Rosalia, Doja Cat y Maria Callas.</p>



<p class="has-text-align-right wp-block-paragraph"><em>Listen to </em><strong><a href="https://open.spotify.com/intl-es/artist/1ZN9ReUi4VKQjhzQDVV3Zk?si=2udl-8OWROiiFMyYxrC3SA">MELANIE SANTILER</a></strong><em> in </em><strong>Spotify</strong></p>
</div>
</div>



<div style="height:100px" aria-hidden="true" class="wp-block-spacer"></div>



<hr class="wp-block-separator has-alpha-channel-opacity"/>



<div style="height:100px" aria-hidden="true" class="wp-block-spacer"></div>


<h2 class="tribe-block__related-events__title">Related Events</h2>

<ul  class="tribe-related-events tribe-clearfix" >
			<li>
	
<div class="tribe-related-events-thumbnail">
	<a href="https://cafelapalma.com/en/programacion/funkin-donuts/" class="url" rel="bookmark" tabindex="-1" aria-hidden="true"><img loading="lazy" decoding="async" width="693" height="1040" src="https://cafelapalma.com/wp-content/uploads/2026/07/FD-vert2-bn-693x1040.jpg" class="attachment-large size-large wp-post-image" alt="" /></a>
</div>
	<div class="tribe-related-event-info">
	<h3 class="tribe-related-events-title">
		<a href="https://cafelapalma.com/en/programacion/funkin-donuts/" class="tribe-event-url" rel="bookmark">
			FUNKIN&#8217; DONUTS		</a>
	</h3>
	<span class="tribe-event-date-start">5  September@22:00</span><span class="tribe-event-time">23:45</span></div>
</li>
			<li>
	
<div class="tribe-related-events-thumbnail">
	<a href="https://cafelapalma.com/en/programacion/backstage-le-petit-truffle-mayo/" class="url" rel="bookmark" tabindex="-1" aria-hidden="true"><img loading="lazy" decoding="async" width="780" height="1040" src="https://cafelapalma.com/wp-content/uploads/2026/07/Imagen-TruffleMayo-LePetit-i-1-780x1040.png" class="attachment-large size-large wp-post-image" alt="" /></a>
</div>
	<div class="tribe-related-event-info">
	<h3 class="tribe-related-events-title">
		<a href="https://cafelapalma.com/en/programacion/backstage-le-petit-truffle-mayo/" class="tribe-event-url" rel="bookmark">
			BACKSTAGE: LE PETIT + TRUFFLE MAYO		</a>
	</h3>
	<span class="tribe-event-date-start">5  September@23:55</span></div>
</li>
			<li>
	
<div class="tribe-related-events-thumbnail">
	<a href="https://cafelapalma.com/en/programacion/willie-deville-concierto-benefico-x-venezuela/" class="url" rel="bookmark" tabindex="-1" aria-hidden="true"><img loading="lazy" decoding="async" width="1020" height="531" src="https://cafelapalma.com/wp-content/uploads/2026/08/Willie-deville-1100x572-1-1040x541.jpg" class="attachment-large size-large wp-post-image" alt="" /></a>
</div>
	<div class="tribe-related-event-info">
	<h3 class="tribe-related-events-title">
		<a href="https://cafelapalma.com/en/programacion/willie-deville-concierto-benefico-x-venezuela/" class="tribe-event-url" rel="bookmark">
			WILLIE DEVILLE: CONCIERTO BENÉFICO X VENEZUELA		</a>
	</h3>
	<span class="tribe-event-date-start">6  September@21:00</span><span class="tribe-event-time">23:45</span></div>
</li>
	</ul>

<p>Nacida en La Habana, Melanie Santiler, de 23 años, llega a la escena musical en el 2023 para convertirse en la joven promesa del pop en Cuba. En el 2024 fue incluida por la revista Rolling Stone en la lista «Una nueva generación de artistas poniendo en alto a Puerto Rico y el Caribe». En &hellip; </p>

Germán

Nacida en La Habana, Melanie Santiler, de 23 años, llega a la escena musical en el 2023 para convertirse en la joven promesa del pop en Cuba. En el 2024 fue incluida por la revista Rolling Stone en la lista «Una nueva generación de artistas poniendo en alto a Puerto Rico y el Caribe». En&hellip;
