{"id":32255,"date":"2025-10-27T18:13:53","date_gmt":"2025-10-27T17:13:53","guid":{"rendered":"https:\/\/cafelapalma.com\/?post_type=tribe_events&#038;p=32255"},"modified":"2025-11-01T01:12:17","modified_gmt":"2025-11-01T00:12:17","slug":"rave-en-tu-idioma","status":"publish","type":"tribe_events","link":"https:\/\/cafelapalma.com\/en\/programacion\/rave-en-tu-idioma\/","title":{"rendered":"RAVE EN TU IDIOMA"},"content":{"rendered":"<div  class=\"tribe-events-schedule tribe-clearfix\" >\n\t<p class=\"tribe-events-schedule__datetime\">\n\t\t<span class=\"tribe-events-schedule__date tribe-events-schedule__date--start\">\n\t\t\t22  November  2025\t\t<\/span>\n\n\t\t\t\t\t<span class=\"tribe-events-schedule__separator tribe-events-schedule__separator--date\">\n\t\t\t\t@\t\t\t<\/span>\n\t\t\t<span class=\"tribe-events-schedule__time tribe-events-schedule__time--start\">\n\t\t\t\t23:50\t\t\t<\/span>\n\t\t\n\t\t\t<\/p>\n<\/div>\n\n\n<div  class=\"tribe-block tribe-block__event-price\" >\n\t\t\t<span class=\"tribe-block__event-price__cost\"> 12\u20ac <\/span>\n\t\t\t\t<span class=\"tribe-block__event-price__description\">+ gg Anticipada | 14\u20ac Taquilla de 00:00 a 01:30 | 15\u20ac Taquilla de 01:30 a cierre. Todos los tramos de entrada incluyen UNA CONSUMICI\u00d3N. Canjeable por DOS CERVEZAS DE BARRIL antes de las 01:30.<\/span>\n\t<\/div>\n\n\n\n<div style=\"height:100px\" aria-hidden=\"true\" class=\"wp-block-spacer\"><\/div>\n\n\n\n<div class=\"wp-block-columns is-layout-flex wp-container-core-columns-is-layout-8f761849 wp-block-columns-is-layout-flex\">\n<div class=\"wp-block-column is-layout-flow wp-block-column-is-layout-flow\" style=\"flex-basis:33.33%\">\n<figure class=\"wp-block-image size-large\"><img loading=\"lazy\" decoding=\"async\" width=\"735\" height=\"1040\" src=\"https:\/\/cafelapalma.com\/wp-content\/uploads\/2025\/10\/A3-735x1040.png\" alt=\"\" class=\"wp-image-32256\" srcset=\"https:\/\/cafelapalma.com\/wp-content\/uploads\/2025\/10\/A3-735x1040.png 735w, https:\/\/cafelapalma.com\/wp-content\/uploads\/2025\/10\/A3-212x300.png 212w, https:\/\/cafelapalma.com\/wp-content\/uploads\/2025\/10\/A3-768x1086.png 768w, https:\/\/cafelapalma.com\/wp-content\/uploads\/2025\/10\/A3-1086x1536.png 1086w, https:\/\/cafelapalma.com\/wp-content\/uploads\/2025\/10\/A3-8x12.png 8w, https:\/\/cafelapalma.com\/wp-content\/uploads\/2025\/10\/A3-42x60.png 42w, https:\/\/cafelapalma.com\/wp-content\/uploads\/2025\/10\/A3.png 1414w\" sizes=\"auto, (max-width: 735px) 100vw, 735px\" \/><\/figure>\n\n\n<div  class=\"tribe-block tribe-block__event-website\" >\n\t<a\n\t\thref=\"https:\/\/www.passline.com\/eventos\/rave-en-tu-idioma-443537\"\n\t\ttarget=\"_self\"\n\t\t\t>\n\t\tBUY TICKETS\t<\/a>\n<\/div>\n<\/div>\n\n\n\n<div class=\"wp-block-column is-layout-flow wp-block-column-is-layout-flow\" style=\"flex-basis:66.66%\">\n<p class=\"has-text-align-left wp-block-paragraph\"><\/p>\n\n\n\n<p class=\"has-text-align-left wp-block-paragraph\"><strong>RAVE EN TU IDIOMA (RETI)<\/strong> es un movimiento cultural del sello <strong>Phisica<\/strong>, originado en <strong>M\u00e9xico <\/strong>que resignifica la escena electr\u00f3nica desde una perspectiva hispanohablante, inclusiva y aut\u00e9ntica.<\/p>\n\n\n\n<p class=\"has-text-align-left wp-block-paragraph\">Nace como respuesta a una <strong>cultura rave<\/strong> marcada por narrativas anglosajonas y euroc\u00e9ntricas. Su objetivo es dar visibilidad a DJs y productores mexicanos y latinoamericanos, conectando la m\u00fasica electr\u00f3nica con nuestras ra\u00edces sociales, ling\u00fc\u00edsticas y culturales.<\/p>\n\n\n\n<p class=\"has-text-align-left wp-block-paragraph\">De este proyecto surge una fiesta itinerante que ha recorrido distintos clubes del mundo, consolid\u00e1ndose como un espacio de referencia para el talento latino en la electr\u00f3nica. Su propuesta sonora se mueve entre el House, Space Disco, EBM y Dark Disco, ofreciendo una identidad clara y diferenciada dentro de la escena global.<\/p>\n<\/div>\n<\/div>\n\n\n\n<div style=\"height:100px\" aria-hidden=\"true\" class=\"wp-block-spacer\"><\/div>\n\n\n\n<hr class=\"wp-block-separator has-alpha-channel-opacity\"\/>\n\n\n\n<div style=\"height:100px\" aria-hidden=\"true\" class=\"wp-block-spacer\"><\/div>\n\n\n<h2 class=\"tribe-block__related-events__title\">Related Events<\/h2>\n\n<ul  class=\"tribe-related-events tribe-clearfix\" >\n\t\t\t<li>\n\t\n<div class=\"tribe-related-events-thumbnail\">\n\t<a href=\"https:\/\/cafelapalma.com\/en\/programacion\/funkin-donuts\/\" class=\"url\" rel=\"bookmark\" tabindex=\"-1\" aria-hidden=\"true\"><img loading=\"lazy\" decoding=\"async\" width=\"693\" height=\"1040\" src=\"https:\/\/cafelapalma.com\/wp-content\/uploads\/2026\/07\/FD-vert2-bn-693x1040.jpg\" class=\"attachment-large size-large wp-post-image\" alt=\"\" \/><\/a>\n<\/div>\n\t<div class=\"tribe-related-event-info\">\n\t<h3 class=\"tribe-related-events-title\">\n\t\t<a href=\"https:\/\/cafelapalma.com\/en\/programacion\/funkin-donuts\/\" class=\"tribe-event-url\" rel=\"bookmark\">\n\t\t\tFUNKIN&#8217; DONUTS\t\t<\/a>\n\t<\/h3>\n\t<span class=\"tribe-event-date-start\">5  September@22:00<\/span><span class=\"tribe-event-time\">23:45<\/span><\/div>\n<\/li>\n\t\t\t<li>\n\t\n<div class=\"tribe-related-events-thumbnail\">\n\t<a href=\"https:\/\/cafelapalma.com\/en\/programacion\/backstage-le-petit-truffle-mayo\/\" class=\"url\" rel=\"bookmark\" tabindex=\"-1\" aria-hidden=\"true\"><img loading=\"lazy\" decoding=\"async\" width=\"780\" height=\"1040\" src=\"https:\/\/cafelapalma.com\/wp-content\/uploads\/2026\/07\/Imagen-TruffleMayo-LePetit-i-1-780x1040.png\" class=\"attachment-large size-large wp-post-image\" alt=\"\" \/><\/a>\n<\/div>\n\t<div class=\"tribe-related-event-info\">\n\t<h3 class=\"tribe-related-events-title\">\n\t\t<a href=\"https:\/\/cafelapalma.com\/en\/programacion\/backstage-le-petit-truffle-mayo\/\" class=\"tribe-event-url\" rel=\"bookmark\">\n\t\t\tBACKSTAGE: LE PETIT + TRUFFLE MAYO\t\t<\/a>\n\t<\/h3>\n\t<span class=\"tribe-event-date-start\">5  September@23:55<\/span><\/div>\n<\/li>\n\t\t\t<li>\n\t\n<div class=\"tribe-related-events-thumbnail\">\n\t<a href=\"https:\/\/cafelapalma.com\/en\/programacion\/willie-deville-concierto-benefico-x-venezuela\/\" class=\"url\" rel=\"bookmark\" tabindex=\"-1\" aria-hidden=\"true\"><img loading=\"lazy\" decoding=\"async\" width=\"1020\" height=\"531\" src=\"https:\/\/cafelapalma.com\/wp-content\/uploads\/2026\/08\/Willie-deville-1100x572-1-1040x541.jpg\" class=\"attachment-large size-large wp-post-image\" alt=\"\" \/><\/a>\n<\/div>\n\t<div class=\"tribe-related-event-info\">\n\t<h3 class=\"tribe-related-events-title\">\n\t\t<a href=\"https:\/\/cafelapalma.com\/en\/programacion\/willie-deville-concierto-benefico-x-venezuela\/\" class=\"tribe-event-url\" rel=\"bookmark\">\n\t\t\tWILLIE DEVILLE: CONCIERTO BEN\u00c9FICO X VENEZUELA\t\t<\/a>\n\t<\/h3>\n\t<span class=\"tribe-event-date-start\">6  September@21:00<\/span><span class=\"tribe-event-time\">23:45<\/span><\/div>\n<\/li>\n\t<\/ul>","protected":false},"excerpt":{"rendered":"<p>RAVE EN TU IDIOMA (RETI) es un movimiento cultural del sello Phisica, originado en M\u00e9xico que resignifica la escena electr\u00f3nica desde una perspectiva hispanohablante, inclusiva y aut\u00e9ntica. Nace como respuesta a una cultura rave marcada por narrativas anglosajonas y euroc\u00e9ntricas. Su objetivo es dar visibilidad a DJs y productores mexicanos y latinoamericanos, conectando la m\u00fasica &hellip; <\/p>","protected":false},"author":2,"featured_media":32256,"template":"","meta":{"_tec_requires_first_save":false,"_uag_custom_page_level_css":"","loftloader_page_shortcode":"","_EventAllDay":false,"_EventTimezone":"Europe\/Madrid","_EventStartDate":"2025-11-22 23:50:00","_EventEndDate":"2025-11-22 23:50:00","_EventStartDateUTC":"2025-11-22 22:50:00","_EventEndDateUTC":"2025-11-22 22:50:00","_EventShowMap":false,"_EventShowMapLink":false,"_EventURL":"https:\/\/www.passline.com\/eventos\/rave-en-tu-idioma-443537","_EventCost":"12","_EventCostDescription":"","_EventCurrencySymbol":"\u20ac","_EventCurrencyCode":"USD","_EventCurrencyPosition":"suffix","_EventDateTimeSeparator":"@","_EventTimeRangeSeparator":"-","_EventOrganizerID":[],"_EventVenueID":[],"_OrganizerEmail":"","_OrganizerPhone":"","_OrganizerWebsite":"","_VenueAddress":"","_VenueCity":"","_VenueCountry":"","_VenueProvince":"","_VenueState":"","_VenueZip":"","_VenuePhone":"","_VenueURL":"","_VenueStateProvince":"","_VenueLat":"","_VenueLng":"","_VenueShowMap":false,"_VenueShowMapLink":false,"_tribe_blocks_recurrence_rules":"","_tribe_blocks_recurrence_description":"","_tribe_blocks_recurrence_exclusions":"","_ecp_custom_2":"","_tribe_events_status":"","_tribe_events_status_reason":"","_tribe_events_is_hybrid":"","_tribe_events_is_virtual":"","_tribe_events_virtual_video_source":"","_tribe_events_virtual_embed_video":"","_tribe_events_virtual_linked_button_text":"","_tribe_events_virtual_linked_button":"","_tribe_events_virtual_show_embed_at":"","_tribe_events_virtual_show_embed_to":[],"_tribe_events_virtual_show_on_event":"","_tribe_events_virtual_show_on_views":"","_tribe_events_virtual_url":"","footnotes":""},"tags":[16389,1363,11349,2865,9147,9146,9546,9394,17558,18058,9309,11505,18055,18057,18056],"tribe_events_cat":[8964],"class_list":["post-32255","tribe_events","type-tribe_events","status-publish","has-post-thumbnail","hentry","tag-botitas-dj","tag-cafe-la-palma","tag-clubbing","tag-conciertos-cafe-la-palma","tag-conciertos-madrid","tag-conciertos-malasana","tag-dark-disco","tag-ebm","tag-esquivel","tag-giggydevy","tag-house","tag-rave","tag-space-disco","tag-tucutucu","tag-wolf","tribe_events_cat-clubbing","cat_clubbing"],"uagb_featured_image_src":{"full":["https:\/\/cafelapalma.com\/wp-content\/uploads\/2025\/10\/A3.png",1414,2000,false],"thumbnail":["https:\/\/cafelapalma.com\/wp-content\/uploads\/2025\/10\/A3-150x150.png",150,150,true],"medium":["https:\/\/cafelapalma.com\/wp-content\/uploads\/2025\/10\/A3-212x300.png",212,300,true],"medium_large":["https:\/\/cafelapalma.com\/wp-content\/uploads\/2025\/10\/A3-768x1086.png",768,1086,true],"large":["https:\/\/cafelapalma.com\/wp-content\/uploads\/2025\/10\/A3-735x1040.png",735,1040,true],"1536x1536":["https:\/\/cafelapalma.com\/wp-content\/uploads\/2025\/10\/A3-1086x1536.png",1086,1536,true],"2048x2048":["https:\/\/cafelapalma.com\/wp-content\/uploads\/2025\/10\/A3.png",1414,2000,false],"trp-custom-language-flag":["https:\/\/cafelapalma.com\/wp-content\/uploads\/2025\/10\/A3-8x12.png",8,12,true],"blossom-feminine-slider":["https:\/\/cafelapalma.com\/wp-content\/uploads\/2025\/10\/A3-1414x649.png",1414,649,true],"blossom-feminine-featured":["https:\/\/cafelapalma.com\/wp-content\/uploads\/2025\/10\/A3-1410x600.png",1410,600,true],"blossom-feminine-with-sidebar":["https:\/\/cafelapalma.com\/wp-content\/uploads\/2025\/10\/A3-1020x600.png",1020,600,true],"blossom-feminine-blog":["https:\/\/cafelapalma.com\/wp-content\/uploads\/2025\/10\/A3-435x435.png",435,435,true],"blossom-feminine-cat":["https:\/\/cafelapalma.com\/wp-content\/uploads\/2025\/10\/A3-450x300.png",450,300,true],"blossom-feminine-related":["https:\/\/cafelapalma.com\/wp-content\/uploads\/2025\/10\/A3-320x200.png",320,200,true],"blossom-feminine-schema":["https:\/\/cafelapalma.com\/wp-content\/uploads\/2025\/10\/A3-42x60.png",42,60,true]},"uagb_author_info":{"display_name":"Victor","author_link":"https:\/\/cafelapalma.com\/en\/author\/comunicacion\/"},"uagb_comment_info":0,"uagb_excerpt":"RAVE EN TU IDIOMA (RETI) es un movimiento cultural del sello Phisica, originado en M\u00e9xico que resignifica la escena electr\u00f3nica desde una perspectiva hispanohablante, inclusiva y aut\u00e9ntica. Nace como respuesta a una cultura rave marcada por narrativas anglosajonas y euroc\u00e9ntricas. Su objetivo es dar visibilidad a DJs y productores mexicanos y latinoamericanos, conectando la m\u00fasica&hellip;","_links":{"self":[{"href":"https:\/\/cafelapalma.com\/en\/wp-json\/wp\/v2\/tribe_events\/32255","targetHints":{"allow":["GET"]}}],"collection":[{"href":"https:\/\/cafelapalma.com\/en\/wp-json\/wp\/v2\/tribe_events"}],"about":[{"href":"https:\/\/cafelapalma.com\/en\/wp-json\/wp\/v2\/types\/tribe_events"}],"author":[{"embeddable":true,"href":"https:\/\/cafelapalma.com\/en\/wp-json\/wp\/v2\/users\/2"}],"version-history":[{"count":0,"href":"https:\/\/cafelapalma.com\/en\/wp-json\/wp\/v2\/tribe_events\/32255\/revisions"}],"wp:featuredmedia":[{"embeddable":true,"href":"https:\/\/cafelapalma.com\/en\/wp-json\/wp\/v2\/media\/32256"}],"wp:attachment":[{"href":"https:\/\/cafelapalma.com\/en\/wp-json\/wp\/v2\/media?parent=32255"}],"wp:term":[{"taxonomy":"post_tag","embeddable":true,"href":"https:\/\/cafelapalma.com\/en\/wp-json\/wp\/v2\/tags?post=32255"},{"taxonomy":"tribe_events_cat","embeddable":true,"href":"https:\/\/cafelapalma.com\/en\/wp-json\/wp\/v2\/tribe_events_cat?post=32255"}],"curies":[{"name":"wp","href":"https:\/\/api.w.org\/{rel}","templated":true}]}}

<div  class="tribe-events-schedule tribe-clearfix" >
	<p class="tribe-events-schedule__datetime">
		<span class="tribe-events-schedule__date tribe-events-schedule__date--start">
			22  November  2025		</span>

					<span class="tribe-events-schedule__separator tribe-events-schedule__separator--date">
				@			</span>
			<span class="tribe-events-schedule__time tribe-events-schedule__time--start">
				23:50			</span>
		
			</p>
</div>


<div  class="tribe-block tribe-block__event-price" >
			<span class="tribe-block__event-price__cost"> 12€ </span>
				<span class="tribe-block__event-price__description">+ gg Anticipada | 14€ Taquilla de 00:00 a 01:30 | 15€ Taquilla de 01:30 a cierre. Todos los tramos de entrada incluyen UNA CONSUMICIÓN. Canjeable por DOS CERVEZAS DE BARRIL antes de las 01:30.</span>
	</div>



<div style="height:100px" aria-hidden="true" class="wp-block-spacer"></div>



<div class="wp-block-columns is-layout-flex wp-container-core-columns-is-layout-8f761849 wp-block-columns-is-layout-flex">
<div class="wp-block-column is-layout-flow wp-block-column-is-layout-flow" style="flex-basis:33.33%">
<figure class="wp-block-image size-large"><img loading="lazy" decoding="async" width="735" height="1040" src="https://cafelapalma.com/wp-content/uploads/2025/10/A3-735x1040.png" alt="" class="wp-image-32256" srcset="https://cafelapalma.com/wp-content/uploads/2025/10/A3-735x1040.png 735w, https://cafelapalma.com/wp-content/uploads/2025/10/A3-212x300.png 212w, https://cafelapalma.com/wp-content/uploads/2025/10/A3-768x1086.png 768w, https://cafelapalma.com/wp-content/uploads/2025/10/A3-1086x1536.png 1086w, https://cafelapalma.com/wp-content/uploads/2025/10/A3-8x12.png 8w, https://cafelapalma.com/wp-content/uploads/2025/10/A3-42x60.png 42w, https://cafelapalma.com/wp-content/uploads/2025/10/A3.png 1414w" sizes="auto, (max-width: 735px) 100vw, 735px" /></figure>


<div  class="tribe-block tribe-block__event-website" >
	<a
		href="https://www.passline.com/eventos/rave-en-tu-idioma-443537"
		target="_self"
			>
		BUY TICKETS	</a>
</div>
</div>



<div class="wp-block-column is-layout-flow wp-block-column-is-layout-flow" style="flex-basis:66.66%">
<p class="has-text-align-left wp-block-paragraph"></p>



<p class="has-text-align-left wp-block-paragraph"><strong>RAVE EN TU IDIOMA (RETI)</strong> es un movimiento cultural del sello <strong>Phisica</strong>, originado en <strong>México </strong>que resignifica la escena electrónica desde una perspectiva hispanohablante, inclusiva y auténtica.</p>



<p class="has-text-align-left wp-block-paragraph">Nace como respuesta a una <strong>cultura rave</strong> marcada por narrativas anglosajonas y eurocéntricas. Su objetivo es dar visibilidad a DJs y productores mexicanos y latinoamericanos, conectando la música electrónica con nuestras raíces sociales, lingüísticas y culturales.</p>



<p class="has-text-align-left wp-block-paragraph">De este proyecto surge una fiesta itinerante que ha recorrido distintos clubes del mundo, consolidándose como un espacio de referencia para el talento latino en la electrónica. Su propuesta sonora se mueve entre el House, Space Disco, EBM y Dark Disco, ofreciendo una identidad clara y diferenciada dentro de la escena global.</p>
</div>
</div>



<div style="height:100px" aria-hidden="true" class="wp-block-spacer"></div>



<hr class="wp-block-separator has-alpha-channel-opacity"/>



<div style="height:100px" aria-hidden="true" class="wp-block-spacer"></div>


<h2 class="tribe-block__related-events__title">Related Events</h2>

<ul  class="tribe-related-events tribe-clearfix" >
			<li>
	
<div class="tribe-related-events-thumbnail">
	<a href="https://cafelapalma.com/en/programacion/funkin-donuts/" class="url" rel="bookmark" tabindex="-1" aria-hidden="true"><img loading="lazy" decoding="async" width="693" height="1040" src="https://cafelapalma.com/wp-content/uploads/2026/07/FD-vert2-bn-693x1040.jpg" class="attachment-large size-large wp-post-image" alt="" /></a>
</div>
	<div class="tribe-related-event-info">
	<h3 class="tribe-related-events-title">
		<a href="https://cafelapalma.com/en/programacion/funkin-donuts/" class="tribe-event-url" rel="bookmark">
			FUNKIN&#8217; DONUTS		</a>
	</h3>
	<span class="tribe-event-date-start">5  September@22:00</span><span class="tribe-event-time">23:45</span></div>
</li>
			<li>
	
<div class="tribe-related-events-thumbnail">
	<a href="https://cafelapalma.com/en/programacion/backstage-le-petit-truffle-mayo/" class="url" rel="bookmark" tabindex="-1" aria-hidden="true"><img loading="lazy" decoding="async" width="780" height="1040" src="https://cafelapalma.com/wp-content/uploads/2026/07/Imagen-TruffleMayo-LePetit-i-1-780x1040.png" class="attachment-large size-large wp-post-image" alt="" /></a>
</div>
	<div class="tribe-related-event-info">
	<h3 class="tribe-related-events-title">
		<a href="https://cafelapalma.com/en/programacion/backstage-le-petit-truffle-mayo/" class="tribe-event-url" rel="bookmark">
			BACKSTAGE: LE PETIT + TRUFFLE MAYO		</a>
	</h3>
	<span class="tribe-event-date-start">5  September@23:55</span></div>
</li>
			<li>
	
<div class="tribe-related-events-thumbnail">
	<a href="https://cafelapalma.com/en/programacion/willie-deville-concierto-benefico-x-venezuela/" class="url" rel="bookmark" tabindex="-1" aria-hidden="true"><img loading="lazy" decoding="async" width="1020" height="531" src="https://cafelapalma.com/wp-content/uploads/2026/08/Willie-deville-1100x572-1-1040x541.jpg" class="attachment-large size-large wp-post-image" alt="" /></a>
</div>
	<div class="tribe-related-event-info">
	<h3 class="tribe-related-events-title">
		<a href="https://cafelapalma.com/en/programacion/willie-deville-concierto-benefico-x-venezuela/" class="tribe-event-url" rel="bookmark">
			WILLIE DEVILLE: CONCIERTO BENÉFICO X VENEZUELA		</a>
	</h3>
	<span class="tribe-event-date-start">6  September@21:00</span><span class="tribe-event-time">23:45</span></div>
</li>
	</ul>

<p>RAVE EN TU IDIOMA (RETI) es un movimiento cultural del sello Phisica, originado en México que resignifica la escena electrónica desde una perspectiva hispanohablante, inclusiva y auténtica. Nace como respuesta a una cultura rave marcada por narrativas anglosajonas y eurocéntricas. Su objetivo es dar visibilidad a DJs y productores mexicanos y latinoamericanos, conectando la música &hellip; </p>

RAVE EN TU IDIOMA (RETI) es un movimiento cultural del sello Phisica, originado en México que resignifica la escena electrónica desde una perspectiva hispanohablante, inclusiva y auténtica. Nace como respuesta a una cultura rave marcada por narrativas anglosajonas y eurocéntricas. Su objetivo es dar visibilidad a DJs y productores mexicanos y latinoamericanos, conectando la música&hellip;
