{"id":32845,"date":"2025-12-23T12:10:10","date_gmt":"2025-12-23T11:10:10","guid":{"rendered":"https:\/\/cafelapalma.com\/?post_type=tribe_events&#038;p=32845"},"modified":"2026-01-04T10:38:53","modified_gmt":"2026-01-04T09:38:53","slug":"inditronica-don-fluor-radio-kerman","status":"publish","type":"tribe_events","link":"https:\/\/cafelapalma.com\/en\/programacion\/inditronica-don-fluor-radio-kerman\/","title":{"rendered":"INDITR\u00d3NICA: DON FLUOR + RADIO KERMAN"},"content":{"rendered":"<div  class=\"tribe-events-schedule tribe-clearfix\" >\n\t<p class=\"tribe-events-schedule__datetime\">\n\t\t<span class=\"tribe-events-schedule__date tribe-events-schedule__date--start\">\n\t\t\t23  January\t\t<\/span>\n\n\t\t\t\t\t<span class=\"tribe-events-schedule__separator tribe-events-schedule__separator--date\">\n\t\t\t\t@\t\t\t<\/span>\n\t\t\t<span class=\"tribe-events-schedule__time tribe-events-schedule__time--start\">\n\t\t\t\t23:55\t\t\t<\/span>\n\t\t\n\t\t\t<\/p>\n<\/div>\n\n\n<div  class=\"tribe-block tribe-block__event-price\" >\n\t\t\t<span class=\"tribe-block__event-price__cost\"> ENTRADA LIBRE <\/span>\n\t\t\t\t<span class=\"tribe-block__event-price__description\">hasta la 01:30 | 13\u20ac de 01:30 a 03:00 (incluye UNA COPA) | 15\u20ac de 03:00 a 05:30 (incluye UNA COPA)<\/span>\n\t<\/div>\n\n\n\n<div style=\"height:100px\" aria-hidden=\"true\" class=\"wp-block-spacer\"><\/div>\n\n\n\n<div class=\"wp-block-columns is-layout-flex wp-container-core-columns-is-layout-8f761849 wp-block-columns-is-layout-flex\">\n<div class=\"wp-block-column is-layout-flow wp-block-column-is-layout-flow\" style=\"flex-basis:33.33%\">\n<figure class=\"wp-block-image size-large\"><img loading=\"lazy\" decoding=\"async\" width=\"735\" height=\"1040\" src=\"https:\/\/cafelapalma.com\/wp-content\/uploads\/2025\/12\/INDITRONICA-A3-2-COPY-1-735x1040.jpeg\" alt=\"\" class=\"wp-image-32846\" srcset=\"https:\/\/cafelapalma.com\/wp-content\/uploads\/2025\/12\/INDITRONICA-A3-2-COPY-1-735x1040.jpeg 735w, https:\/\/cafelapalma.com\/wp-content\/uploads\/2025\/12\/INDITRONICA-A3-2-COPY-1-212x300.jpeg 212w, https:\/\/cafelapalma.com\/wp-content\/uploads\/2025\/12\/INDITRONICA-A3-2-COPY-1-768x1086.jpeg 768w, https:\/\/cafelapalma.com\/wp-content\/uploads\/2025\/12\/INDITRONICA-A3-2-COPY-1-1086x1536.jpeg 1086w, https:\/\/cafelapalma.com\/wp-content\/uploads\/2025\/12\/INDITRONICA-A3-2-COPY-1-1448x2048.jpeg 1448w, https:\/\/cafelapalma.com\/wp-content\/uploads\/2025\/12\/INDITRONICA-A3-2-COPY-1-8x12.jpeg 8w, https:\/\/cafelapalma.com\/wp-content\/uploads\/2025\/12\/INDITRONICA-A3-2-COPY-1-42x60.jpeg 42w\" sizes=\"auto, (max-width: 735px) 100vw, 735px\" \/><\/figure>\n<\/div>\n\n\n\n<div class=\"wp-block-column is-layout-flow wp-block-column-is-layout-flow\" style=\"flex-basis:66.66%\">\n<div style=\"height:100px\" aria-hidden=\"true\" class=\"wp-block-spacer\"><\/div>\n\n\n\n<p class=\"has-text-align-left wp-block-paragraph\">El 20 de diciembre la noche en el Caf\u00e9 la Palma es para uno de nuestros cl\u00e1sicos, <strong>Don Fluor<\/strong>, uno de los reyes de la escena alternativa espa\u00f1ola que se mueve con absoluta comodidad por todos los g\u00e9neros de la electr\u00f3nica sin perder su esencia indie.<\/p>\n\n\n\n<p class=\"has-text-align-left wp-block-paragraph\">En esta ocasi\u00f3n le acompa\u00f1ar\u00e1 <strong>Radio Kerman<\/strong>. Desde que comenzase su andadura en la escena underground de Bogot\u00e1, ha dejado clara una \u00fanica cosa: NUNCA te dejar\u00e1 indiferente. Sus sets son elegantes y transgresores a la vez. Despliega una mezcla de estilos combinada con rapidez y buen gusto. Es capaz de pasar de un g\u00e9nero a otro sin dar tiempo a pesta\u00f1ear. Enemigo de la pose y muy fan de bucear entre los sonidos menos conocidos, alternando con los hits del momento.<\/p>\n\n\n\n<p class=\"has-text-align-right wp-block-paragraph\"><a href=\"https:\/\/www.instagram.com\/donfluor\/\"><em>Sigue a<\/em> <strong>DON FLUOR<\/strong> <em>en Instagram<\/em><\/a><\/p>\n\n\n\n<p class=\"has-text-align-right wp-block-paragraph\"><a href=\"https:\/\/www.instagram.com\/radiokerman\/\" target=\"_blank\" rel=\"noreferrer noopener\"><em>Sigue a<\/em> <strong>RADIO KERMAN <\/strong><em>en Instagram<\/em><\/a><\/p>\n<\/div>\n<\/div>\n\n\n\n\n\n<div style=\"height:100px\" aria-hidden=\"true\" class=\"wp-block-spacer\"><\/div>\n\n\n<h2 class=\"tribe-block__related-events__title\">Related Events<\/h2>\n\n<ul  class=\"tribe-related-events tribe-clearfix\" >\n\t\t\t<li>\n\t\n<div class=\"tribe-related-events-thumbnail\">\n\t<a href=\"https:\/\/cafelapalma.com\/en\/programacion\/funkin-donuts\/\" class=\"url\" rel=\"bookmark\" tabindex=\"-1\" aria-hidden=\"true\"><img loading=\"lazy\" decoding=\"async\" width=\"693\" height=\"1040\" src=\"https:\/\/cafelapalma.com\/wp-content\/uploads\/2026\/07\/FD-vert2-bn-693x1040.jpg\" class=\"attachment-large size-large wp-post-image\" alt=\"\" \/><\/a>\n<\/div>\n\t<div class=\"tribe-related-event-info\">\n\t<h3 class=\"tribe-related-events-title\">\n\t\t<a href=\"https:\/\/cafelapalma.com\/en\/programacion\/funkin-donuts\/\" class=\"tribe-event-url\" rel=\"bookmark\">\n\t\t\tFUNKIN&#8217; DONUTS\t\t<\/a>\n\t<\/h3>\n\t<span class=\"tribe-event-date-start\">5  September@22:00<\/span><span class=\"tribe-event-time\">23:45<\/span><\/div>\n<\/li>\n\t\t\t<li>\n\t\n<div class=\"tribe-related-events-thumbnail\">\n\t<a href=\"https:\/\/cafelapalma.com\/en\/programacion\/backstage-le-petit-truffle-mayo\/\" class=\"url\" rel=\"bookmark\" tabindex=\"-1\" aria-hidden=\"true\"><img loading=\"lazy\" decoding=\"async\" width=\"780\" height=\"1040\" src=\"https:\/\/cafelapalma.com\/wp-content\/uploads\/2026\/07\/Imagen-TruffleMayo-LePetit-i-1-780x1040.png\" class=\"attachment-large size-large wp-post-image\" alt=\"\" \/><\/a>\n<\/div>\n\t<div class=\"tribe-related-event-info\">\n\t<h3 class=\"tribe-related-events-title\">\n\t\t<a href=\"https:\/\/cafelapalma.com\/en\/programacion\/backstage-le-petit-truffle-mayo\/\" class=\"tribe-event-url\" rel=\"bookmark\">\n\t\t\tBACKSTAGE: LE PETIT + TRUFFLE MAYO\t\t<\/a>\n\t<\/h3>\n\t<span class=\"tribe-event-date-start\">5  September@23:55<\/span><\/div>\n<\/li>\n\t\t\t<li>\n\t\n<div class=\"tribe-related-events-thumbnail\">\n\t<a href=\"https:\/\/cafelapalma.com\/en\/programacion\/willie-deville-concierto-benefico-x-venezuela\/\" class=\"url\" rel=\"bookmark\" tabindex=\"-1\" aria-hidden=\"true\"><img loading=\"lazy\" decoding=\"async\" width=\"1020\" height=\"531\" src=\"https:\/\/cafelapalma.com\/wp-content\/uploads\/2026\/08\/Willie-deville-1100x572-1-1040x541.jpg\" class=\"attachment-large size-large wp-post-image\" alt=\"\" \/><\/a>\n<\/div>\n\t<div class=\"tribe-related-event-info\">\n\t<h3 class=\"tribe-related-events-title\">\n\t\t<a href=\"https:\/\/cafelapalma.com\/en\/programacion\/willie-deville-concierto-benefico-x-venezuela\/\" class=\"tribe-event-url\" rel=\"bookmark\">\n\t\t\tWILLIE DEVILLE: CONCIERTO BEN\u00c9FICO X VENEZUELA\t\t<\/a>\n\t<\/h3>\n\t<span class=\"tribe-event-date-start\">6  September@21:00<\/span><span class=\"tribe-event-time\">23:45<\/span><\/div>\n<\/li>\n\t<\/ul>","protected":false},"excerpt":{"rendered":"<p>El 20 de diciembre la noche en el Caf\u00e9 la Palma es para uno de nuestros cl\u00e1sicos, Don Fluor, uno de los reyes de la escena alternativa espa\u00f1ola que se mueve con absoluta comodidad por todos los g\u00e9neros de la electr\u00f3nica sin perder su esencia indie. En esta ocasi\u00f3n le acompa\u00f1ar\u00e1 Radio Kerman. Desde que &hellip; <\/p>","protected":false},"author":2,"featured_media":32847,"template":"","meta":{"_tec_requires_first_save":false,"_uag_custom_page_level_css":"","loftloader_page_shortcode":"","_EventAllDay":false,"_EventTimezone":"Europe\/Madrid","_EventStartDate":"2026-01-23 23:55:00","_EventEndDate":"2026-01-23 23:55:00","_EventStartDateUTC":"2026-01-23 22:55:00","_EventEndDateUTC":"2026-01-23 22:55:00","_EventShowMap":false,"_EventShowMapLink":false,"_EventURL":"","_EventCost":"ENTRADA LIBRE","_EventCostDescription":"","_EventCurrencySymbol":"\u20ac","_EventCurrencyCode":"USD","_EventCurrencyPosition":"suffix","_EventDateTimeSeparator":"@","_EventTimeRangeSeparator":"-","_EventOrganizerID":[],"_EventVenueID":[],"_OrganizerEmail":"","_OrganizerPhone":"","_OrganizerWebsite":"","_VenueAddress":"","_VenueCity":"","_VenueCountry":"","_VenueProvince":"","_VenueState":"","_VenueZip":"","_VenuePhone":"","_VenueURL":"","_VenueStateProvince":"","_VenueLat":"","_VenueLng":"","_VenueShowMap":false,"_VenueShowMapLink":false,"_tribe_blocks_recurrence_rules":"","_tribe_blocks_recurrence_description":"","_tribe_blocks_recurrence_exclusions":"","_ecp_custom_2":"","_tribe_events_status":"","_tribe_events_status_reason":"","_tribe_events_is_hybrid":"","_tribe_events_is_virtual":"","_tribe_events_virtual_video_source":"","_tribe_events_virtual_embed_video":"","_tribe_events_virtual_linked_button_text":"","_tribe_events_virtual_linked_button":"","_tribe_events_virtual_show_embed_at":"","_tribe_events_virtual_show_embed_to":[],"_tribe_events_virtual_show_on_event":"","_tribe_events_virtual_show_on_views":"","_tribe_events_virtual_url":"","footnotes":""},"tags":[1363,9225,9147,9226,9227,9845,1357,8970,18145,1355,18191],"tribe_events_cat":[8964],"class_list":["post-32845","tribe_events","type-tribe_events","status-publish","has-post-thumbnail","hentry","tag-cafe-la-palma","tag-cafe-la-palma-clubbing","tag-conciertos-madrid","tag-djs-madrid","tag-djs-malasana","tag-don-fluor","tag-electronica","tag-indie","tag-inditronica-3","tag-pop","tag-radio-kerman","tribe_events_cat-clubbing","cat_clubbing"],"uagb_featured_image_src":{"full":["https:\/\/cafelapalma.com\/wp-content\/uploads\/2025\/12\/INDITRONICA-CARA-B-A3-2-COPY-1.jpeg",2100,2970,false],"thumbnail":["https:\/\/cafelapalma.com\/wp-content\/uploads\/2025\/12\/INDITRONICA-CARA-B-A3-2-COPY-1-150x150.jpeg",150,150,true],"medium":["https:\/\/cafelapalma.com\/wp-content\/uploads\/2025\/12\/INDITRONICA-CARA-B-A3-2-COPY-1-212x300.jpeg",212,300,true],"medium_large":["https:\/\/cafelapalma.com\/wp-content\/uploads\/2025\/12\/INDITRONICA-CARA-B-A3-2-COPY-1-768x1086.jpeg",768,1086,true],"large":["https:\/\/cafelapalma.com\/wp-content\/uploads\/2025\/12\/INDITRONICA-CARA-B-A3-2-COPY-1-735x1040.jpeg",735,1040,true],"1536x1536":["https:\/\/cafelapalma.com\/wp-content\/uploads\/2025\/12\/INDITRONICA-CARA-B-A3-2-COPY-1-1086x1536.jpeg",1086,1536,true],"2048x2048":["https:\/\/cafelapalma.com\/wp-content\/uploads\/2025\/12\/INDITRONICA-CARA-B-A3-2-COPY-1-1448x2048.jpeg",1448,2048,true],"trp-custom-language-flag":["https:\/\/cafelapalma.com\/wp-content\/uploads\/2025\/12\/INDITRONICA-CARA-B-A3-2-COPY-1-8x12.jpeg",8,12,true],"blossom-feminine-slider":["https:\/\/cafelapalma.com\/wp-content\/uploads\/2025\/12\/INDITRONICA-CARA-B-A3-2-COPY-1-1920x649.jpeg",1920,649,true],"blossom-feminine-featured":["https:\/\/cafelapalma.com\/wp-content\/uploads\/2025\/12\/INDITRONICA-CARA-B-A3-2-COPY-1-1410x600.jpeg",1410,600,true],"blossom-feminine-with-sidebar":["https:\/\/cafelapalma.com\/wp-content\/uploads\/2025\/12\/INDITRONICA-CARA-B-A3-2-COPY-1-1020x600.jpeg",1020,600,true],"blossom-feminine-blog":["https:\/\/cafelapalma.com\/wp-content\/uploads\/2025\/12\/INDITRONICA-CARA-B-A3-2-COPY-1-435x435.jpeg",435,435,true],"blossom-feminine-cat":["https:\/\/cafelapalma.com\/wp-content\/uploads\/2025\/12\/INDITRONICA-CARA-B-A3-2-COPY-1-450x300.jpeg",450,300,true],"blossom-feminine-related":["https:\/\/cafelapalma.com\/wp-content\/uploads\/2025\/12\/INDITRONICA-CARA-B-A3-2-COPY-1-320x200.jpeg",320,200,true],"blossom-feminine-schema":["https:\/\/cafelapalma.com\/wp-content\/uploads\/2025\/12\/INDITRONICA-CARA-B-A3-2-COPY-1-42x60.jpeg",42,60,true]},"uagb_author_info":{"display_name":"Victor","author_link":"https:\/\/cafelapalma.com\/en\/author\/comunicacion\/"},"uagb_comment_info":0,"uagb_excerpt":"El 20 de diciembre la noche en el Caf\u00e9 la Palma es para uno de nuestros cl\u00e1sicos, Don Fluor, uno de los reyes de la escena alternativa espa\u00f1ola que se mueve con absoluta comodidad por todos los g\u00e9neros de la electr\u00f3nica sin perder su esencia indie. En esta ocasi\u00f3n le acompa\u00f1ar\u00e1 Radio Kerman. Desde que&hellip;","_links":{"self":[{"href":"https:\/\/cafelapalma.com\/en\/wp-json\/wp\/v2\/tribe_events\/32845","targetHints":{"allow":["GET"]}}],"collection":[{"href":"https:\/\/cafelapalma.com\/en\/wp-json\/wp\/v2\/tribe_events"}],"about":[{"href":"https:\/\/cafelapalma.com\/en\/wp-json\/wp\/v2\/types\/tribe_events"}],"author":[{"embeddable":true,"href":"https:\/\/cafelapalma.com\/en\/wp-json\/wp\/v2\/users\/2"}],"version-history":[{"count":0,"href":"https:\/\/cafelapalma.com\/en\/wp-json\/wp\/v2\/tribe_events\/32845\/revisions"}],"wp:featuredmedia":[{"embeddable":true,"href":"https:\/\/cafelapalma.com\/en\/wp-json\/wp\/v2\/media\/32847"}],"wp:attachment":[{"href":"https:\/\/cafelapalma.com\/en\/wp-json\/wp\/v2\/media?parent=32845"}],"wp:term":[{"taxonomy":"post_tag","embeddable":true,"href":"https:\/\/cafelapalma.com\/en\/wp-json\/wp\/v2\/tags?post=32845"},{"taxonomy":"tribe_events_cat","embeddable":true,"href":"https:\/\/cafelapalma.com\/en\/wp-json\/wp\/v2\/tribe_events_cat?post=32845"}],"curies":[{"name":"wp","href":"https:\/\/api.w.org\/{rel}","templated":true}]}}

INDITRÓNICA: DON FLUOR + RADIO KERMAN

<div  class="tribe-events-schedule tribe-clearfix" >
	<p class="tribe-events-schedule__datetime">
		<span class="tribe-events-schedule__date tribe-events-schedule__date--start">
			23  January		</span>

					<span class="tribe-events-schedule__separator tribe-events-schedule__separator--date">
				@			</span>
			<span class="tribe-events-schedule__time tribe-events-schedule__time--start">
				23:55			</span>
		
			</p>
</div>


<div  class="tribe-block tribe-block__event-price" >
			<span class="tribe-block__event-price__cost"> ENTRADA LIBRE </span>
				<span class="tribe-block__event-price__description">hasta la 01:30 | 13€ de 01:30 a 03:00 (incluye UNA COPA) | 15€ de 03:00 a 05:30 (incluye UNA COPA)</span>
	</div>



<div style="height:100px" aria-hidden="true" class="wp-block-spacer"></div>



<div class="wp-block-columns is-layout-flex wp-container-core-columns-is-layout-8f761849 wp-block-columns-is-layout-flex">
<div class="wp-block-column is-layout-flow wp-block-column-is-layout-flow" style="flex-basis:33.33%">
<figure class="wp-block-image size-large"><img loading="lazy" decoding="async" width="735" height="1040" src="https://cafelapalma.com/wp-content/uploads/2025/12/INDITRONICA-A3-2-COPY-1-735x1040.jpeg" alt="" class="wp-image-32846" srcset="https://cafelapalma.com/wp-content/uploads/2025/12/INDITRONICA-A3-2-COPY-1-735x1040.jpeg 735w, https://cafelapalma.com/wp-content/uploads/2025/12/INDITRONICA-A3-2-COPY-1-212x300.jpeg 212w, https://cafelapalma.com/wp-content/uploads/2025/12/INDITRONICA-A3-2-COPY-1-768x1086.jpeg 768w, https://cafelapalma.com/wp-content/uploads/2025/12/INDITRONICA-A3-2-COPY-1-1086x1536.jpeg 1086w, https://cafelapalma.com/wp-content/uploads/2025/12/INDITRONICA-A3-2-COPY-1-1448x2048.jpeg 1448w, https://cafelapalma.com/wp-content/uploads/2025/12/INDITRONICA-A3-2-COPY-1-8x12.jpeg 8w, https://cafelapalma.com/wp-content/uploads/2025/12/INDITRONICA-A3-2-COPY-1-42x60.jpeg 42w" sizes="auto, (max-width: 735px) 100vw, 735px" /></figure>
</div>



<div class="wp-block-column is-layout-flow wp-block-column-is-layout-flow" style="flex-basis:66.66%">
<div style="height:100px" aria-hidden="true" class="wp-block-spacer"></div>



<p class="has-text-align-left wp-block-paragraph">El 20 de diciembre la noche en el Café la Palma es para uno de nuestros clásicos, <strong>Don Fluor</strong>, uno de los reyes de la escena alternativa española que se mueve con absoluta comodidad por todos los géneros de la electrónica sin perder su esencia indie.</p>



<p class="has-text-align-left wp-block-paragraph">En esta ocasión le acompañará <strong>Radio Kerman</strong>. Desde que comenzase su andadura en la escena underground de Bogotá, ha dejado clara una única cosa: NUNCA te dejará indiferente. Sus sets son elegantes y transgresores a la vez. Despliega una mezcla de estilos combinada con rapidez y buen gusto. Es capaz de pasar de un género a otro sin dar tiempo a pestañear. Enemigo de la pose y muy fan de bucear entre los sonidos menos conocidos, alternando con los hits del momento.</p>



<p class="has-text-align-right wp-block-paragraph"><a href="https://www.instagram.com/donfluor/"><em>Sigue a</em> <strong>DON FLUOR</strong> <em>en Instagram</em></a></p>



<p class="has-text-align-right wp-block-paragraph"><a href="https://www.instagram.com/radiokerman/" target="_blank" rel="noreferrer noopener"><em>Sigue a</em> <strong>RADIO KERMAN </strong><em>en Instagram</em></a></p>
</div>
</div>





<div style="height:100px" aria-hidden="true" class="wp-block-spacer"></div>


<h2 class="tribe-block__related-events__title">Related Events</h2>

<ul  class="tribe-related-events tribe-clearfix" >
			<li>
	
<div class="tribe-related-events-thumbnail">
	<a href="https://cafelapalma.com/en/programacion/funkin-donuts/" class="url" rel="bookmark" tabindex="-1" aria-hidden="true"><img loading="lazy" decoding="async" width="693" height="1040" src="https://cafelapalma.com/wp-content/uploads/2026/07/FD-vert2-bn-693x1040.jpg" class="attachment-large size-large wp-post-image" alt="" /></a>
</div>
	<div class="tribe-related-event-info">
	<h3 class="tribe-related-events-title">
		<a href="https://cafelapalma.com/en/programacion/funkin-donuts/" class="tribe-event-url" rel="bookmark">
			FUNKIN&#8217; DONUTS		</a>
	</h3>
	<span class="tribe-event-date-start">5  September@22:00</span><span class="tribe-event-time">23:45</span></div>
</li>
			<li>
	
<div class="tribe-related-events-thumbnail">
	<a href="https://cafelapalma.com/en/programacion/backstage-le-petit-truffle-mayo/" class="url" rel="bookmark" tabindex="-1" aria-hidden="true"><img loading="lazy" decoding="async" width="780" height="1040" src="https://cafelapalma.com/wp-content/uploads/2026/07/Imagen-TruffleMayo-LePetit-i-1-780x1040.png" class="attachment-large size-large wp-post-image" alt="" /></a>
</div>
	<div class="tribe-related-event-info">
	<h3 class="tribe-related-events-title">
		<a href="https://cafelapalma.com/en/programacion/backstage-le-petit-truffle-mayo/" class="tribe-event-url" rel="bookmark">
			BACKSTAGE: LE PETIT + TRUFFLE MAYO		</a>
	</h3>
	<span class="tribe-event-date-start">5  September@23:55</span></div>
</li>
			<li>
	
<div class="tribe-related-events-thumbnail">
	<a href="https://cafelapalma.com/en/programacion/willie-deville-concierto-benefico-x-venezuela/" class="url" rel="bookmark" tabindex="-1" aria-hidden="true"><img loading="lazy" decoding="async" width="1020" height="531" src="https://cafelapalma.com/wp-content/uploads/2026/08/Willie-deville-1100x572-1-1040x541.jpg" class="attachment-large size-large wp-post-image" alt="" /></a>
</div>
	<div class="tribe-related-event-info">
	<h3 class="tribe-related-events-title">
		<a href="https://cafelapalma.com/en/programacion/willie-deville-concierto-benefico-x-venezuela/" class="tribe-event-url" rel="bookmark">
			WILLIE DEVILLE: CONCIERTO BENÉFICO X VENEZUELA		</a>
	</h3>
	<span class="tribe-event-date-start">6  September@21:00</span><span class="tribe-event-time">23:45</span></div>
</li>
	</ul>

<p>El 20 de diciembre la noche en el Café la Palma es para uno de nuestros clásicos, Don Fluor, uno de los reyes de la escena alternativa española que se mueve con absoluta comodidad por todos los géneros de la electrónica sin perder su esencia indie. En esta ocasión le acompañará Radio Kerman. Desde que &hellip; </p>

El 20 de diciembre la noche en el Café la Palma es para uno de nuestros clásicos, Don Fluor, uno de los reyes de la escena alternativa española que se mueve con absoluta comodidad por todos los géneros de la electrónica sin perder su esencia indie. En esta ocasión le acompañará Radio Kerman. Desde que&hellip;
