{"id":33376,"date":"2026-02-13T12:27:53","date_gmt":"2026-02-13T11:27:53","guid":{"rendered":"https:\/\/cafelapalma.com\/?post_type=tribe_events&#038;p=33376"},"modified":"2026-02-16T11:47:45","modified_gmt":"2026-02-16T10:47:45","slug":"lluis-sanchez","status":"publish","type":"tribe_events","link":"https:\/\/cafelapalma.com\/en\/programacion\/lluis-sanchez\/","title":{"rendered":"LLU\u00cdS S\u00c1NCHEZ GPS16"},"content":{"rendered":"<div  class=\"tribe-events-schedule tribe-clearfix\" >\n\t<p class=\"tribe-events-schedule__datetime\">\n\t\t<span class=\"tribe-events-schedule__date tribe-events-schedule__date--start\">\n\t\t\t19  April\t\t<\/span>\n\n\t\t\t\t\t<span class=\"tribe-events-schedule__separator tribe-events-schedule__separator--date\">\n\t\t\t\t@\t\t\t<\/span>\n\t\t\t<span class=\"tribe-events-schedule__time tribe-events-schedule__time--start\">\n\t\t\t\t21:00\t\t\t<\/span>\n\t\t\n\t\t\t\t\t\t\t\t\t<span class=\"tribe-events-schedule__separator tribe-events-schedule__separator--time\">\n\t\t\t\t\t&#8211;\t\t\t\t<\/span>\n\t\t\t\n\t\t\t\t\t\t\t<span class=\"tribe-events-schedule__time tribe-events-schedule__time--end\">\n\t\t\t\t\t23:30\t\t\t\t<\/span>\n\t\t\t\n\t\t\t\t\t\t<\/p>\n<\/div>\n\n\n<div  class=\"tribe-block tribe-block__event-price\" >\n\t\t\t<span class=\"tribe-block__event-price__cost\"> 8\u20ac <\/span>\n\t\t\t\t<span class=\"tribe-block__event-price__description\">+ gg Anticipada | 10\u20ac Taquilla<\/span>\n\t<\/div>\n\n\n\n<div class=\"wp-block-columns is-layout-flex wp-container-core-columns-is-layout-8f761849 wp-block-columns-is-layout-flex\">\n<div class=\"wp-block-column is-layout-flow wp-block-column-is-layout-flow\" style=\"flex-basis:33.33%\">\n<figure class=\"wp-block-image size-large\"><img loading=\"lazy\" decoding=\"async\" width=\"780\" height=\"1040\" src=\"https:\/\/cafelapalma.com\/wp-content\/uploads\/2026\/02\/LluisSanchez_CafeLaPalma_Post-780x1040.jpg\" alt=\"\" class=\"wp-image-33377\" srcset=\"https:\/\/cafelapalma.com\/wp-content\/uploads\/2026\/02\/LluisSanchez_CafeLaPalma_Post-780x1040.jpg 780w, https:\/\/cafelapalma.com\/wp-content\/uploads\/2026\/02\/LluisSanchez_CafeLaPalma_Post-225x300.jpg 225w, https:\/\/cafelapalma.com\/wp-content\/uploads\/2026\/02\/LluisSanchez_CafeLaPalma_Post-768x1024.jpg 768w, https:\/\/cafelapalma.com\/wp-content\/uploads\/2026\/02\/LluisSanchez_CafeLaPalma_Post-9x12.jpg 9w, https:\/\/cafelapalma.com\/wp-content\/uploads\/2026\/02\/LluisSanchez_CafeLaPalma_Post-45x60.jpg 45w, https:\/\/cafelapalma.com\/wp-content\/uploads\/2026\/02\/LluisSanchez_CafeLaPalma_Post.jpg 1080w\" sizes=\"auto, (max-width: 780px) 100vw, 780px\" \/><\/figure>\n\n\n<div  class=\"tribe-block tribe-block__event-website\" >\n\t<a\n\t\thref=\"https:\/\/www.notikumi.com\/channel\/cafe-la-palma\/2026\/4\/19\/lluis-sanchez\"\n\t\ttarget=\"_self\"\n\t\t\t>\n\t\tBUY TICKETS\t<\/a>\n<\/div>\n<\/div>\n\n\n\n<div class=\"wp-block-column is-layout-flow wp-block-column-is-layout-flow\" style=\"flex-basis:66.66%\">\n<div style=\"height:100px\" aria-hidden=\"true\" class=\"wp-block-spacer\"><\/div>\n\n\n\n<p class=\"has-text-align-left wp-block-paragraph\"><strong>Llu\u00eds S\u00e1nchez<\/strong>, ganador de la tercera temporada del talent show de mayor audiencia en Catalu\u00f1a, Euf\u00f2ria, sigue consolidando su carrera musical y se prepara para un 2026 lleno de novedades. Tras el \u00e9xito arrollador de su hit veraniego Els millors dels nostres dies \u2014canci\u00f3n del verano de TV3 y Catalunya R\u00e0dio, compuesta junto a Manu Guix y Roger Rod\u00e9s\u2014, el 2025 ha sido un a\u00f1o clave: ha presentado nueva m\u00fasica y ha actuado en grandes citas como las Fiestas Mayores de Lleida y Reus o el Share Festival, compartiendo escenario con artistas de referencia.<\/p>\n\n\n\n<p class=\"has-text-align-left wp-block-paragraph\">Acompa\u00f1ado por su banda \u2014bajo, bater\u00eda, guitarra y percusi\u00f3n\u2014, ha ofrecido una gira llena de energ\u00eda y emoci\u00f3n, con canciones que reflejan su evoluci\u00f3n art\u00edstica y su pasi\u00f3n por conectar con el p\u00fablico. Este 2026, Llu\u00eds S\u00e1nchez prepara nuevas canciones y un directo renovado junto a su banda, que promete cautivar los corazones del p\u00fablico y convertir cada concierto en una celebraci\u00f3n de la m\u00fasica y de su trayectoria como una de las voces emergentes m\u00e1s prometedoras de la escena catalana.<\/p>\n\n\n\n<p class=\"has-text-align-right wp-block-paragraph\"><a href=\"https:\/\/www.instagram.com\/lluissanchezz\/\"><em>Sigue a<\/em> <strong>Llu\u00eds S\u00e1nchez<\/strong> <em>in <\/em><strong>Instagram<\/strong>.<\/a><\/p>\n<\/div>\n<\/div>\n\n\n\n<div style=\"height:100px\" aria-hidden=\"true\" class=\"wp-block-spacer\"><\/div>\n\n\n<h2 class=\"tribe-block__related-events__title\">Related Events<\/h2>\n\n<ul  class=\"tribe-related-events tribe-clearfix\" >\n\t\t\t<li>\n\t\n<div class=\"tribe-related-events-thumbnail\">\n\t<a href=\"https:\/\/cafelapalma.com\/en\/programacion\/funkin-donuts\/\" class=\"url\" rel=\"bookmark\" tabindex=\"-1\" aria-hidden=\"true\"><img loading=\"lazy\" decoding=\"async\" width=\"693\" height=\"1040\" src=\"https:\/\/cafelapalma.com\/wp-content\/uploads\/2026\/07\/FD-vert2-bn-693x1040.jpg\" class=\"attachment-large size-large wp-post-image\" alt=\"\" \/><\/a>\n<\/div>\n\t<div class=\"tribe-related-event-info\">\n\t<h3 class=\"tribe-related-events-title\">\n\t\t<a href=\"https:\/\/cafelapalma.com\/en\/programacion\/funkin-donuts\/\" class=\"tribe-event-url\" rel=\"bookmark\">\n\t\t\tFUNKIN&#8217; DONUTS\t\t<\/a>\n\t<\/h3>\n\t<span class=\"tribe-event-date-start\">5  September@22:00<\/span><span class=\"tribe-event-time\">23:45<\/span><\/div>\n<\/li>\n\t\t\t<li>\n\t\n<div class=\"tribe-related-events-thumbnail\">\n\t<a href=\"https:\/\/cafelapalma.com\/en\/programacion\/backstage-le-petit-truffle-mayo\/\" class=\"url\" rel=\"bookmark\" tabindex=\"-1\" aria-hidden=\"true\"><img loading=\"lazy\" decoding=\"async\" width=\"780\" height=\"1040\" src=\"https:\/\/cafelapalma.com\/wp-content\/uploads\/2026\/07\/Imagen-TruffleMayo-LePetit-i-1-780x1040.png\" class=\"attachment-large size-large wp-post-image\" alt=\"\" \/><\/a>\n<\/div>\n\t<div class=\"tribe-related-event-info\">\n\t<h3 class=\"tribe-related-events-title\">\n\t\t<a href=\"https:\/\/cafelapalma.com\/en\/programacion\/backstage-le-petit-truffle-mayo\/\" class=\"tribe-event-url\" rel=\"bookmark\">\n\t\t\tBACKSTAGE: LE PETIT + TRUFFLE MAYO\t\t<\/a>\n\t<\/h3>\n\t<span class=\"tribe-event-date-start\">5  September@23:55<\/span><\/div>\n<\/li>\n\t\t\t<li>\n\t\n<div class=\"tribe-related-events-thumbnail\">\n\t<a href=\"https:\/\/cafelapalma.com\/en\/programacion\/willie-deville-concierto-benefico-x-venezuela\/\" class=\"url\" rel=\"bookmark\" tabindex=\"-1\" aria-hidden=\"true\"><img loading=\"lazy\" decoding=\"async\" width=\"1020\" height=\"531\" src=\"https:\/\/cafelapalma.com\/wp-content\/uploads\/2026\/08\/Willie-deville-1100x572-1-1040x541.jpg\" class=\"attachment-large size-large wp-post-image\" alt=\"\" \/><\/a>\n<\/div>\n\t<div class=\"tribe-related-event-info\">\n\t<h3 class=\"tribe-related-events-title\">\n\t\t<a href=\"https:\/\/cafelapalma.com\/en\/programacion\/willie-deville-concierto-benefico-x-venezuela\/\" class=\"tribe-event-url\" rel=\"bookmark\">\n\t\t\tWILLIE DEVILLE: CONCIERTO BEN\u00c9FICO X VENEZUELA\t\t<\/a>\n\t<\/h3>\n\t<span class=\"tribe-event-date-start\">6  September@21:00<\/span><span class=\"tribe-event-time\">23:45<\/span><\/div>\n<\/li>\n\t<\/ul>","protected":false},"excerpt":{"rendered":"<p>Llu\u00eds S\u00e1nchez, ganador de la tercera temporada del talent show de mayor audiencia en Catalu\u00f1a, Euf\u00f2ria, sigue consolidando su carrera musical y se prepara para un 2026 lleno de novedades. Tras el \u00e9xito arrollador de su hit veraniego Els millors dels nostres dies \u2014canci\u00f3n del verano de TV3 y Catalunya R\u00e0dio, compuesta junto a Manu &hellip; <\/p>","protected":false},"author":2,"featured_media":33377,"template":"","meta":{"_tec_requires_first_save":false,"_uag_custom_page_level_css":"","loftloader_page_shortcode":"","_EventAllDay":false,"_EventTimezone":"Europe\/Madrid","_EventStartDate":"2026-04-19 21:00:00","_EventEndDate":"2026-04-19 23:30:00","_EventStartDateUTC":"2026-04-19 19:00:00","_EventEndDateUTC":"2026-04-19 21:30:00","_EventShowMap":false,"_EventShowMapLink":false,"_EventURL":"https:\/\/www.notikumi.com\/channel\/cafe-la-palma\/2026\/4\/19\/lluis-sanchez","_EventCost":"8","_EventCostDescription":"","_EventCurrencySymbol":"\u20ac","_EventCurrencyCode":"USD","_EventCurrencyPosition":"suffix","_EventDateTimeSeparator":"@","_EventTimeRangeSeparator":"-","_EventOrganizerID":[],"_EventVenueID":[],"_OrganizerEmail":"","_OrganizerPhone":"","_OrganizerWebsite":"","_VenueAddress":"","_VenueCity":"","_VenueCountry":"","_VenueProvince":"","_VenueState":"","_VenueZip":"","_VenuePhone":"","_VenueURL":"","_VenueStateProvince":"","_VenueLat":"","_VenueLng":"","_VenueShowMap":false,"_VenueShowMapLink":false,"_tribe_blocks_recurrence_rules":"","_tribe_blocks_recurrence_description":"","_tribe_blocks_recurrence_exclusions":"","_ecp_custom_2":"","_tribe_events_status":"","_tribe_events_status_reason":"","_tribe_events_is_hybrid":"","_tribe_events_is_virtual":"","_tribe_events_virtual_video_source":"","_tribe_events_virtual_embed_video":"","_tribe_events_virtual_linked_button_text":"","_tribe_events_virtual_linked_button":"","_tribe_events_virtual_show_embed_at":"","_tribe_events_virtual_show_embed_to":[],"_tribe_events_virtual_show_on_event":"","_tribe_events_virtual_show_on_views":"","_tribe_events_virtual_url":"","footnotes":""},"tags":[1363,8869,2865,9147,9146,18321,18320],"tribe_events_cat":[8963],"class_list":["post-33376","tribe_events","type-tribe_events","status-publish","has-post-thumbnail","hentry","tag-cafe-la-palma","tag-cafe-la-palma-2","tag-conciertos-cafe-la-palma","tag-conciertos-madrid","tag-conciertos-malasana","tag-euforia","tag-lluis-sanchez","tribe_events_cat-concierto","cat_concierto"],"uagb_featured_image_src":{"full":["https:\/\/cafelapalma.com\/wp-content\/uploads\/2026\/02\/LluisSanchez_CafeLaPalma_Post.jpg",1080,1440,false],"thumbnail":["https:\/\/cafelapalma.com\/wp-content\/uploads\/2026\/02\/LluisSanchez_CafeLaPalma_Post-150x150.jpg",150,150,true],"medium":["https:\/\/cafelapalma.com\/wp-content\/uploads\/2026\/02\/LluisSanchez_CafeLaPalma_Post-225x300.jpg",225,300,true],"medium_large":["https:\/\/cafelapalma.com\/wp-content\/uploads\/2026\/02\/LluisSanchez_CafeLaPalma_Post-768x1024.jpg",768,1024,true],"large":["https:\/\/cafelapalma.com\/wp-content\/uploads\/2026\/02\/LluisSanchez_CafeLaPalma_Post-780x1040.jpg",780,1040,true],"1536x1536":["https:\/\/cafelapalma.com\/wp-content\/uploads\/2026\/02\/LluisSanchez_CafeLaPalma_Post.jpg",1080,1440,false],"2048x2048":["https:\/\/cafelapalma.com\/wp-content\/uploads\/2026\/02\/LluisSanchez_CafeLaPalma_Post.jpg",1080,1440,false],"trp-custom-language-flag":["https:\/\/cafelapalma.com\/wp-content\/uploads\/2026\/02\/LluisSanchez_CafeLaPalma_Post-9x12.jpg",9,12,true],"blossom-feminine-slider":["https:\/\/cafelapalma.com\/wp-content\/uploads\/2026\/02\/LluisSanchez_CafeLaPalma_Post-1080x649.jpg",1080,649,true],"blossom-feminine-featured":["https:\/\/cafelapalma.com\/wp-content\/uploads\/2026\/02\/LluisSanchez_CafeLaPalma_Post-1080x600.jpg",1080,600,true],"blossom-feminine-with-sidebar":["https:\/\/cafelapalma.com\/wp-content\/uploads\/2026\/02\/LluisSanchez_CafeLaPalma_Post-1020x600.jpg",1020,600,true],"blossom-feminine-blog":["https:\/\/cafelapalma.com\/wp-content\/uploads\/2026\/02\/LluisSanchez_CafeLaPalma_Post-435x435.jpg",435,435,true],"blossom-feminine-cat":["https:\/\/cafelapalma.com\/wp-content\/uploads\/2026\/02\/LluisSanchez_CafeLaPalma_Post-450x300.jpg",450,300,true],"blossom-feminine-related":["https:\/\/cafelapalma.com\/wp-content\/uploads\/2026\/02\/LluisSanchez_CafeLaPalma_Post-320x200.jpg",320,200,true],"blossom-feminine-schema":["https:\/\/cafelapalma.com\/wp-content\/uploads\/2026\/02\/LluisSanchez_CafeLaPalma_Post-45x60.jpg",45,60,true]},"uagb_author_info":{"display_name":"Victor","author_link":"https:\/\/cafelapalma.com\/en\/author\/comunicacion\/"},"uagb_comment_info":0,"uagb_excerpt":"Llu\u00eds S\u00e1nchez, ganador de la tercera temporada del talent show de mayor audiencia en Catalu\u00f1a, Euf\u00f2ria, sigue consolidando su carrera musical y se prepara para un 2026 lleno de novedades. Tras el \u00e9xito arrollador de su hit veraniego Els millors dels nostres dies \u2014canci\u00f3n del verano de TV3 y Catalunya R\u00e0dio, compuesta junto a Manu&hellip;","_links":{"self":[{"href":"https:\/\/cafelapalma.com\/en\/wp-json\/wp\/v2\/tribe_events\/33376","targetHints":{"allow":["GET"]}}],"collection":[{"href":"https:\/\/cafelapalma.com\/en\/wp-json\/wp\/v2\/tribe_events"}],"about":[{"href":"https:\/\/cafelapalma.com\/en\/wp-json\/wp\/v2\/types\/tribe_events"}],"author":[{"embeddable":true,"href":"https:\/\/cafelapalma.com\/en\/wp-json\/wp\/v2\/users\/2"}],"version-history":[{"count":0,"href":"https:\/\/cafelapalma.com\/en\/wp-json\/wp\/v2\/tribe_events\/33376\/revisions"}],"wp:featuredmedia":[{"embeddable":true,"href":"https:\/\/cafelapalma.com\/en\/wp-json\/wp\/v2\/media\/33377"}],"wp:attachment":[{"href":"https:\/\/cafelapalma.com\/en\/wp-json\/wp\/v2\/media?parent=33376"}],"wp:term":[{"taxonomy":"post_tag","embeddable":true,"href":"https:\/\/cafelapalma.com\/en\/wp-json\/wp\/v2\/tags?post=33376"},{"taxonomy":"tribe_events_cat","embeddable":true,"href":"https:\/\/cafelapalma.com\/en\/wp-json\/wp\/v2\/tribe_events_cat?post=33376"}],"curies":[{"name":"wp","href":"https:\/\/api.w.org\/{rel}","templated":true}]}}

LLUÍS SÁNCHEZ GPS16

<div  class="tribe-events-schedule tribe-clearfix" >
	<p class="tribe-events-schedule__datetime">
		<span class="tribe-events-schedule__date tribe-events-schedule__date--start">
			19  April		</span>

					<span class="tribe-events-schedule__separator tribe-events-schedule__separator--date">
				@			</span>
			<span class="tribe-events-schedule__time tribe-events-schedule__time--start">
				21:00			</span>
		
									<span class="tribe-events-schedule__separator tribe-events-schedule__separator--time">
					&#8211;				</span>
			
							<span class="tribe-events-schedule__time tribe-events-schedule__time--end">
					23:30				</span>
			
						</p>
</div>


<div  class="tribe-block tribe-block__event-price" >
			<span class="tribe-block__event-price__cost"> 8€ </span>
				<span class="tribe-block__event-price__description">+ gg Anticipada | 10€ Taquilla</span>
	</div>



<div class="wp-block-columns is-layout-flex wp-container-core-columns-is-layout-8f761849 wp-block-columns-is-layout-flex">
<div class="wp-block-column is-layout-flow wp-block-column-is-layout-flow" style="flex-basis:33.33%">
<figure class="wp-block-image size-large"><img loading="lazy" decoding="async" width="780" height="1040" src="https://cafelapalma.com/wp-content/uploads/2026/02/LluisSanchez_CafeLaPalma_Post-780x1040.jpg" alt="" class="wp-image-33377" srcset="https://cafelapalma.com/wp-content/uploads/2026/02/LluisSanchez_CafeLaPalma_Post-780x1040.jpg 780w, https://cafelapalma.com/wp-content/uploads/2026/02/LluisSanchez_CafeLaPalma_Post-225x300.jpg 225w, https://cafelapalma.com/wp-content/uploads/2026/02/LluisSanchez_CafeLaPalma_Post-768x1024.jpg 768w, https://cafelapalma.com/wp-content/uploads/2026/02/LluisSanchez_CafeLaPalma_Post-9x12.jpg 9w, https://cafelapalma.com/wp-content/uploads/2026/02/LluisSanchez_CafeLaPalma_Post-45x60.jpg 45w, https://cafelapalma.com/wp-content/uploads/2026/02/LluisSanchez_CafeLaPalma_Post.jpg 1080w" sizes="auto, (max-width: 780px) 100vw, 780px" /></figure>


<div  class="tribe-block tribe-block__event-website" >
	<a
		href="https://www.notikumi.com/channel/cafe-la-palma/2026/4/19/lluis-sanchez"
		target="_self"
			>
		BUY TICKETS	</a>
</div>
</div>



<div class="wp-block-column is-layout-flow wp-block-column-is-layout-flow" style="flex-basis:66.66%">
<div style="height:100px" aria-hidden="true" class="wp-block-spacer"></div>



<p class="has-text-align-left wp-block-paragraph"><strong>Lluís Sánchez</strong>, ganador de la tercera temporada del talent show de mayor audiencia en Cataluña, Eufòria, sigue consolidando su carrera musical y se prepara para un 2026 lleno de novedades. Tras el éxito arrollador de su hit veraniego Els millors dels nostres dies —canción del verano de TV3 y Catalunya Ràdio, compuesta junto a Manu Guix y Roger Rodés—, el 2025 ha sido un año clave: ha presentado nueva música y ha actuado en grandes citas como las Fiestas Mayores de Lleida y Reus o el Share Festival, compartiendo escenario con artistas de referencia.</p>



<p class="has-text-align-left wp-block-paragraph">Acompañado por su banda —bajo, batería, guitarra y percusión—, ha ofrecido una gira llena de energía y emoción, con canciones que reflejan su evolución artística y su pasión por conectar con el público. Este 2026, Lluís Sánchez prepara nuevas canciones y un directo renovado junto a su banda, que promete cautivar los corazones del público y convertir cada concierto en una celebración de la música y de su trayectoria como una de las voces emergentes más prometedoras de la escena catalana.</p>



<p class="has-text-align-right wp-block-paragraph"><a href="https://www.instagram.com/lluissanchezz/"><em>Sigue a</em> <strong>Lluís Sánchez</strong> <em>in </em><strong>Instagram</strong>.</a></p>
</div>
</div>



<div style="height:100px" aria-hidden="true" class="wp-block-spacer"></div>


<h2 class="tribe-block__related-events__title">Related Events</h2>

<ul  class="tribe-related-events tribe-clearfix" >
			<li>
	
<div class="tribe-related-events-thumbnail">
	<a href="https://cafelapalma.com/en/programacion/funkin-donuts/" class="url" rel="bookmark" tabindex="-1" aria-hidden="true"><img loading="lazy" decoding="async" width="693" height="1040" src="https://cafelapalma.com/wp-content/uploads/2026/07/FD-vert2-bn-693x1040.jpg" class="attachment-large size-large wp-post-image" alt="" /></a>
</div>
	<div class="tribe-related-event-info">
	<h3 class="tribe-related-events-title">
		<a href="https://cafelapalma.com/en/programacion/funkin-donuts/" class="tribe-event-url" rel="bookmark">
			FUNKIN&#8217; DONUTS		</a>
	</h3>
	<span class="tribe-event-date-start">5  September@22:00</span><span class="tribe-event-time">23:45</span></div>
</li>
			<li>
	
<div class="tribe-related-events-thumbnail">
	<a href="https://cafelapalma.com/en/programacion/backstage-le-petit-truffle-mayo/" class="url" rel="bookmark" tabindex="-1" aria-hidden="true"><img loading="lazy" decoding="async" width="780" height="1040" src="https://cafelapalma.com/wp-content/uploads/2026/07/Imagen-TruffleMayo-LePetit-i-1-780x1040.png" class="attachment-large size-large wp-post-image" alt="" /></a>
</div>
	<div class="tribe-related-event-info">
	<h3 class="tribe-related-events-title">
		<a href="https://cafelapalma.com/en/programacion/backstage-le-petit-truffle-mayo/" class="tribe-event-url" rel="bookmark">
			BACKSTAGE: LE PETIT + TRUFFLE MAYO		</a>
	</h3>
	<span class="tribe-event-date-start">5  September@23:55</span></div>
</li>
			<li>
	
<div class="tribe-related-events-thumbnail">
	<a href="https://cafelapalma.com/en/programacion/willie-deville-concierto-benefico-x-venezuela/" class="url" rel="bookmark" tabindex="-1" aria-hidden="true"><img loading="lazy" decoding="async" width="1020" height="531" src="https://cafelapalma.com/wp-content/uploads/2026/08/Willie-deville-1100x572-1-1040x541.jpg" class="attachment-large size-large wp-post-image" alt="" /></a>
</div>
	<div class="tribe-related-event-info">
	<h3 class="tribe-related-events-title">
		<a href="https://cafelapalma.com/en/programacion/willie-deville-concierto-benefico-x-venezuela/" class="tribe-event-url" rel="bookmark">
			WILLIE DEVILLE: CONCIERTO BENÉFICO X VENEZUELA		</a>
	</h3>
	<span class="tribe-event-date-start">6  September@21:00</span><span class="tribe-event-time">23:45</span></div>
</li>
	</ul>

<p>Lluís Sánchez, ganador de la tercera temporada del talent show de mayor audiencia en Cataluña, Eufòria, sigue consolidando su carrera musical y se prepara para un 2026 lleno de novedades. Tras el éxito arrollador de su hit veraniego Els millors dels nostres dies —canción del verano de TV3 y Catalunya Ràdio, compuesta junto a Manu &hellip; </p>

Lluís Sánchez, ganador de la tercera temporada del talent show de mayor audiencia en Cataluña, Eufòria, sigue consolidando su carrera musical y se prepara para un 2026 lleno de novedades. Tras el éxito arrollador de su hit veraniego Els millors dels nostres dies —canción del verano de TV3 y Catalunya Ràdio, compuesta junto a Manu&hellip;
