{"id":33428,"date":"2026-02-23T13:08:55","date_gmt":"2026-02-23T12:08:55","guid":{"rendered":"https:\/\/cafelapalma.com\/?post_type=tribe_events&#038;p=33428"},"modified":"2026-02-23T13:18:07","modified_gmt":"2026-02-23T12:18:07","slug":"lumen-oid-dani-rubio-camilo-modesto","status":"publish","type":"tribe_events","link":"https:\/\/cafelapalma.com\/en\/programacion\/lumen-oid-dani-rubio-camilo-modesto\/","title":{"rendered":"LUMEN.OID: DANI RUBIO + CAMILO + MODESTO"},"content":{"rendered":"<div  class=\"tribe-events-schedule tribe-clearfix\" >\n\t<p class=\"tribe-events-schedule__datetime\">\n\t\t<span class=\"tribe-events-schedule__date tribe-events-schedule__date--start\">\n\t\t\t27  March\t\t<\/span>\n\n\t\t\t\t\t<span class=\"tribe-events-schedule__separator tribe-events-schedule__separator--date\">\n\t\t\t\t@\t\t\t<\/span>\n\t\t\t<span class=\"tribe-events-schedule__time tribe-events-schedule__time--start\">\n\t\t\t\t23:55\t\t\t<\/span>\n\t\t\n\t\t\t<\/p>\n<\/div>\n\n\n<div  class=\"tribe-block tribe-block__event-price\" >\n\t\t\t<span class=\"tribe-block__event-price__cost\"> ENTRADA LIBRE <\/span>\n\t\t\t\t<span class=\"tribe-block__event-price__description\">hasta la 01:00 | 13\u20ac taquilla de 01:00 a 03:00 (incluye UNA COPA o DOS CERVEZAS) | 15\u20ac taquilla de 03:00 a cierre (incluye UNA COPA).<\/span>\n\t<\/div>\n\n\n\n<div class=\"wp-block-columns is-layout-flex wp-container-core-columns-is-layout-8f761849 wp-block-columns-is-layout-flex\">\n<div class=\"wp-block-column is-layout-flow wp-block-column-is-layout-flow\" style=\"flex-basis:33.33%\">\n<figure class=\"wp-block-image size-large\"><img loading=\"lazy\" decoding=\"async\" width=\"585\" height=\"1040\" src=\"https:\/\/cafelapalma.com\/wp-content\/uploads\/2026\/02\/Lumen.oid-1080-x-1920-px-1-585x1040.jpg\" alt=\"\" class=\"wp-image-33432\" srcset=\"https:\/\/cafelapalma.com\/wp-content\/uploads\/2026\/02\/Lumen.oid-1080-x-1920-px-1-585x1040.jpg 585w, https:\/\/cafelapalma.com\/wp-content\/uploads\/2026\/02\/Lumen.oid-1080-x-1920-px-1-169x300.jpg 169w, https:\/\/cafelapalma.com\/wp-content\/uploads\/2026\/02\/Lumen.oid-1080-x-1920-px-1-768x1365.jpg 768w, https:\/\/cafelapalma.com\/wp-content\/uploads\/2026\/02\/Lumen.oid-1080-x-1920-px-1-864x1536.jpg 864w, https:\/\/cafelapalma.com\/wp-content\/uploads\/2026\/02\/Lumen.oid-1080-x-1920-px-1-7x12.jpg 7w, https:\/\/cafelapalma.com\/wp-content\/uploads\/2026\/02\/Lumen.oid-1080-x-1920-px-1-34x60.jpg 34w, https:\/\/cafelapalma.com\/wp-content\/uploads\/2026\/02\/Lumen.oid-1080-x-1920-px-1.jpg 1080w\" sizes=\"auto, (max-width: 585px) 100vw, 585px\" \/><\/figure>\n<\/div>\n\n\n\n<div class=\"wp-block-column is-layout-flow wp-block-column-is-layout-flow\" style=\"flex-basis:66.66%\">\n<div style=\"height:100px\" aria-hidden=\"true\" class=\"wp-block-spacer\"><\/div>\n\n\n\n<p class=\"has-text-align-left wp-block-paragraph\">Lumen.oid vuelve en su segunda edici\u00f3n a Caf\u00e9 la Palma, buscando un pulso de energ\u00eda a trav\u00e9s de Dani Rubio, Camilo y Modesto en la pista de baile\u2026<\/p>\n\n\n\n<p class=\"has-text-align-left wp-block-paragraph\">Un pulso dibujado por cada uno de los asistentes en su expresi\u00f3n corporal bailando y por la conexi\u00f3n con otras almas en nuestras zonas de descanso.<br><br>Nuestros invitados para esta noche vienen de Valencia y Holanda, ambos con trayectoria considerable en escenas nacionales e internacionales, desde el festival D\u00edas de Campo a clubes de renombre en Europa y Latinoam\u00e9rica.<\/p>\n<\/div>\n<\/div>\n\n\n\n<div style=\"height:100px\" aria-hidden=\"true\" class=\"wp-block-spacer\"><\/div>\n\n\n<h2 class=\"tribe-block__related-events__title\">Related Events<\/h2>\n\n<ul  class=\"tribe-related-events tribe-clearfix\" >\n\t\t\t<li>\n\t\n<div class=\"tribe-related-events-thumbnail\">\n\t<a href=\"https:\/\/cafelapalma.com\/en\/programacion\/backstage-le-petit-truffle-mayo\/\" class=\"url\" rel=\"bookmark\" tabindex=\"-1\" aria-hidden=\"true\"><img loading=\"lazy\" decoding=\"async\" width=\"780\" height=\"1040\" src=\"https:\/\/cafelapalma.com\/wp-content\/uploads\/2026\/07\/Imagen-TruffleMayo-LePetit-i-1-780x1040.png\" class=\"attachment-large size-large wp-post-image\" alt=\"\" \/><\/a>\n<\/div>\n\t<div class=\"tribe-related-event-info\">\n\t<h3 class=\"tribe-related-events-title\">\n\t\t<a href=\"https:\/\/cafelapalma.com\/en\/programacion\/backstage-le-petit-truffle-mayo\/\" class=\"tribe-event-url\" rel=\"bookmark\">\n\t\t\tBACKSTAGE: LE PETIT + TRUFFLE MAYO\t\t<\/a>\n\t<\/h3>\n\t<span class=\"tribe-event-date-start\">5  September@23:55<\/span><\/div>\n<\/li>\n\t\t\t<li>\n\t\n<div class=\"tribe-related-events-thumbnail\">\n\t<a href=\"https:\/\/cafelapalma.com\/en\/programacion\/zetaeme\/\" class=\"url\" rel=\"bookmark\" tabindex=\"-1\" aria-hidden=\"true\"><img loading=\"lazy\" decoding=\"async\" width=\"693\" height=\"1040\" src=\"https:\/\/cafelapalma.com\/wp-content\/uploads\/2026\/07\/5O3A7345-1-1-693x1040.jpg\" class=\"attachment-large size-large wp-post-image\" alt=\"\" \/><\/a>\n<\/div>\n\t<div class=\"tribe-related-event-info\">\n\t<h3 class=\"tribe-related-events-title\">\n\t\t<a href=\"https:\/\/cafelapalma.com\/en\/programacion\/zetaeme\/\" class=\"tribe-event-url\" rel=\"bookmark\">\n\t\t\tZETAEME\t\t<\/a>\n\t<\/h3>\n\t<span class=\"tribe-event-date-start\">10  September@23:55<\/span><\/div>\n<\/li>\n\t\t\t<li>\n\t\n<div class=\"tribe-related-events-thumbnail\">\n\t<a href=\"https:\/\/cafelapalma.com\/en\/programacion\/jarana-luis-demonde-banana-dr-k-salazar\/\" class=\"url\" rel=\"bookmark\" tabindex=\"-1\" aria-hidden=\"true\"><img loading=\"lazy\" decoding=\"async\" width=\"735\" height=\"1040\" src=\"https:\/\/cafelapalma.com\/wp-content\/uploads\/2026\/08\/JARANA-CAFE-LA-PALMA-A3-2026-copia3-1-735x1040.jpg\" class=\"attachment-large size-large wp-post-image\" alt=\"\" \/><\/a>\n<\/div>\n\t<div class=\"tribe-related-event-info\">\n\t<h3 class=\"tribe-related-events-title\">\n\t\t<a href=\"https:\/\/cafelapalma.com\/en\/programacion\/jarana-luis-demonde-banana-dr-k-salazar\/\" class=\"tribe-event-url\" rel=\"bookmark\">\n\t\t\tJARANA: LUIS DEMONDE + BANANA + DR K + SALAZAR\t\t<\/a>\n\t<\/h3>\n\t<span class=\"tribe-event-date-start\">11  September@23:59<\/span><\/div>\n<\/li>\n\t<\/ul>","protected":false},"excerpt":{"rendered":"<p>Lumen.oid vuelve en su segunda edici\u00f3n a Caf\u00e9 la Palma, buscando un pulso de energ\u00eda a trav\u00e9s de Dani Rubio, Camilo y Modesto en la pista de baile\u2026 Un pulso dibujado por cada uno de los asistentes en su expresi\u00f3n corporal bailando y por la conexi\u00f3n con otras almas en nuestras zonas de descanso. Nuestros &hellip; <\/p>","protected":false},"author":2,"featured_media":33432,"template":"","meta":{"_tec_requires_first_save":false,"_uag_custom_page_level_css":"","loftloader_page_shortcode":"","_EventAllDay":false,"_EventTimezone":"Europe\/Madrid","_EventStartDate":"2026-03-27 23:55:00","_EventEndDate":"2026-03-27 23:55:00","_EventStartDateUTC":"2026-03-27 22:55:00","_EventEndDateUTC":"2026-03-27 22:55:00","_EventShowMap":false,"_EventShowMapLink":false,"_EventURL":"","_EventCost":"ENTRADA LIBRE","_EventCostDescription":"","_EventCurrencySymbol":"\u20ac","_EventCurrencyCode":"USD","_EventCurrencyPosition":"suffix","_EventDateTimeSeparator":"@","_EventTimeRangeSeparator":"-","_EventOrganizerID":[],"_EventVenueID":[],"_OrganizerEmail":"","_OrganizerPhone":"","_OrganizerWebsite":"","_VenueAddress":"","_VenueCity":"","_VenueCountry":"","_VenueProvince":"","_VenueState":"","_VenueZip":"","_VenuePhone":"","_VenueURL":"","_VenueStateProvince":"","_VenueLat":"","_VenueLng":"","_VenueShowMap":false,"_VenueShowMapLink":false,"_tribe_blocks_recurrence_rules":"","_tribe_blocks_recurrence_description":"","_tribe_blocks_recurrence_exclusions":"","_ecp_custom_2":"","_tribe_events_status":"","_tribe_events_status_reason":"","_tribe_events_is_hybrid":"","_tribe_events_is_virtual":"","_tribe_events_virtual_video_source":"","_tribe_events_virtual_embed_video":"","_tribe_events_virtual_linked_button_text":"","_tribe_events_virtual_linked_button":"","_tribe_events_virtual_show_embed_at":"","_tribe_events_virtual_show_embed_to":[],"_tribe_events_virtual_show_on_event":"","_tribe_events_virtual_show_on_views":"","_tribe_events_virtual_url":"","footnotes":""},"tags":[],"tribe_events_cat":[8964],"class_list":["post-33428","tribe_events","type-tribe_events","status-publish","has-post-thumbnail","hentry","tribe_events_cat-clubbing","cat_clubbing"],"uagb_featured_image_src":{"full":["https:\/\/cafelapalma.com\/wp-content\/uploads\/2026\/02\/Lumen.oid-1080-x-1920-px-1.jpg",1080,1920,false],"thumbnail":["https:\/\/cafelapalma.com\/wp-content\/uploads\/2026\/02\/Lumen.oid-1080-x-1920-px-1-150x150.jpg",150,150,true],"medium":["https:\/\/cafelapalma.com\/wp-content\/uploads\/2026\/02\/Lumen.oid-1080-x-1920-px-1-169x300.jpg",169,300,true],"medium_large":["https:\/\/cafelapalma.com\/wp-content\/uploads\/2026\/02\/Lumen.oid-1080-x-1920-px-1-768x1365.jpg",768,1365,true],"large":["https:\/\/cafelapalma.com\/wp-content\/uploads\/2026\/02\/Lumen.oid-1080-x-1920-px-1-585x1040.jpg",585,1040,true],"1536x1536":["https:\/\/cafelapalma.com\/wp-content\/uploads\/2026\/02\/Lumen.oid-1080-x-1920-px-1-864x1536.jpg",864,1536,true],"2048x2048":["https:\/\/cafelapalma.com\/wp-content\/uploads\/2026\/02\/Lumen.oid-1080-x-1920-px-1.jpg",1080,1920,false],"trp-custom-language-flag":["https:\/\/cafelapalma.com\/wp-content\/uploads\/2026\/02\/Lumen.oid-1080-x-1920-px-1-7x12.jpg",7,12,true],"blossom-feminine-slider":["https:\/\/cafelapalma.com\/wp-content\/uploads\/2026\/02\/Lumen.oid-1080-x-1920-px-1-1080x649.jpg",1080,649,true],"blossom-feminine-featured":["https:\/\/cafelapalma.com\/wp-content\/uploads\/2026\/02\/Lumen.oid-1080-x-1920-px-1-1080x600.jpg",1080,600,true],"blossom-feminine-with-sidebar":["https:\/\/cafelapalma.com\/wp-content\/uploads\/2026\/02\/Lumen.oid-1080-x-1920-px-1-1020x600.jpg",1020,600,true],"blossom-feminine-blog":["https:\/\/cafelapalma.com\/wp-content\/uploads\/2026\/02\/Lumen.oid-1080-x-1920-px-1-435x435.jpg",435,435,true],"blossom-feminine-cat":["https:\/\/cafelapalma.com\/wp-content\/uploads\/2026\/02\/Lumen.oid-1080-x-1920-px-1-450x300.jpg",450,300,true],"blossom-feminine-related":["https:\/\/cafelapalma.com\/wp-content\/uploads\/2026\/02\/Lumen.oid-1080-x-1920-px-1-320x200.jpg",320,200,true],"blossom-feminine-schema":["https:\/\/cafelapalma.com\/wp-content\/uploads\/2026\/02\/Lumen.oid-1080-x-1920-px-1-34x60.jpg",34,60,true]},"uagb_author_info":{"display_name":"Victor","author_link":"https:\/\/cafelapalma.com\/en\/author\/comunicacion\/"},"uagb_comment_info":0,"uagb_excerpt":"Lumen.oid vuelve en su segunda edici\u00f3n a Caf\u00e9 la Palma, buscando un pulso de energ\u00eda a trav\u00e9s de Dani Rubio, Camilo y Modesto en la pista de baile\u2026 Un pulso dibujado por cada uno de los asistentes en su expresi\u00f3n corporal bailando y por la conexi\u00f3n con otras almas en nuestras zonas de descanso. Nuestros&hellip;","_links":{"self":[{"href":"https:\/\/cafelapalma.com\/en\/wp-json\/wp\/v2\/tribe_events\/33428","targetHints":{"allow":["GET"]}}],"collection":[{"href":"https:\/\/cafelapalma.com\/en\/wp-json\/wp\/v2\/tribe_events"}],"about":[{"href":"https:\/\/cafelapalma.com\/en\/wp-json\/wp\/v2\/types\/tribe_events"}],"author":[{"embeddable":true,"href":"https:\/\/cafelapalma.com\/en\/wp-json\/wp\/v2\/users\/2"}],"version-history":[{"count":0,"href":"https:\/\/cafelapalma.com\/en\/wp-json\/wp\/v2\/tribe_events\/33428\/revisions"}],"wp:featuredmedia":[{"embeddable":true,"href":"https:\/\/cafelapalma.com\/en\/wp-json\/wp\/v2\/media\/33432"}],"wp:attachment":[{"href":"https:\/\/cafelapalma.com\/en\/wp-json\/wp\/v2\/media?parent=33428"}],"wp:term":[{"taxonomy":"post_tag","embeddable":true,"href":"https:\/\/cafelapalma.com\/en\/wp-json\/wp\/v2\/tags?post=33428"},{"taxonomy":"tribe_events_cat","embeddable":true,"href":"https:\/\/cafelapalma.com\/en\/wp-json\/wp\/v2\/tribe_events_cat?post=33428"}],"curies":[{"name":"wp","href":"https:\/\/api.w.org\/{rel}","templated":true}]}}

<div  class="tribe-events-schedule tribe-clearfix" >
	<p class="tribe-events-schedule__datetime">
		<span class="tribe-events-schedule__date tribe-events-schedule__date--start">
			27  March		</span>

					<span class="tribe-events-schedule__separator tribe-events-schedule__separator--date">
				@			</span>
			<span class="tribe-events-schedule__time tribe-events-schedule__time--start">
				23:55			</span>
		
			</p>
</div>


<div  class="tribe-block tribe-block__event-price" >
			<span class="tribe-block__event-price__cost"> ENTRADA LIBRE </span>
				<span class="tribe-block__event-price__description">hasta la 01:00 | 13€ taquilla de 01:00 a 03:00 (incluye UNA COPA o DOS CERVEZAS) | 15€ taquilla de 03:00 a cierre (incluye UNA COPA).</span>
	</div>



<div class="wp-block-columns is-layout-flex wp-container-core-columns-is-layout-8f761849 wp-block-columns-is-layout-flex">
<div class="wp-block-column is-layout-flow wp-block-column-is-layout-flow" style="flex-basis:33.33%">
<figure class="wp-block-image size-large"><img loading="lazy" decoding="async" width="585" height="1040" src="https://cafelapalma.com/wp-content/uploads/2026/02/Lumen.oid-1080-x-1920-px-1-585x1040.jpg" alt="" class="wp-image-33432" srcset="https://cafelapalma.com/wp-content/uploads/2026/02/Lumen.oid-1080-x-1920-px-1-585x1040.jpg 585w, https://cafelapalma.com/wp-content/uploads/2026/02/Lumen.oid-1080-x-1920-px-1-169x300.jpg 169w, https://cafelapalma.com/wp-content/uploads/2026/02/Lumen.oid-1080-x-1920-px-1-768x1365.jpg 768w, https://cafelapalma.com/wp-content/uploads/2026/02/Lumen.oid-1080-x-1920-px-1-864x1536.jpg 864w, https://cafelapalma.com/wp-content/uploads/2026/02/Lumen.oid-1080-x-1920-px-1-7x12.jpg 7w, https://cafelapalma.com/wp-content/uploads/2026/02/Lumen.oid-1080-x-1920-px-1-34x60.jpg 34w, https://cafelapalma.com/wp-content/uploads/2026/02/Lumen.oid-1080-x-1920-px-1.jpg 1080w" sizes="auto, (max-width: 585px) 100vw, 585px" /></figure>
</div>



<div class="wp-block-column is-layout-flow wp-block-column-is-layout-flow" style="flex-basis:66.66%">
<div style="height:100px" aria-hidden="true" class="wp-block-spacer"></div>



<p class="has-text-align-left wp-block-paragraph">Lumen.oid vuelve en su segunda edición a Café la Palma, buscando un pulso de energía a través de Dani Rubio, Camilo y Modesto en la pista de baile…</p>



<p class="has-text-align-left wp-block-paragraph">Un pulso dibujado por cada uno de los asistentes en su expresión corporal bailando y por la conexión con otras almas en nuestras zonas de descanso.<br><br>Nuestros invitados para esta noche vienen de Valencia y Holanda, ambos con trayectoria considerable en escenas nacionales e internacionales, desde el festival Días de Campo a clubes de renombre en Europa y Latinoamérica.</p>
</div>
</div>



<div style="height:100px" aria-hidden="true" class="wp-block-spacer"></div>


<h2 class="tribe-block__related-events__title">Related Events</h2>

<ul  class="tribe-related-events tribe-clearfix" >
			<li>
	
<div class="tribe-related-events-thumbnail">
	<a href="https://cafelapalma.com/en/programacion/backstage-le-petit-truffle-mayo/" class="url" rel="bookmark" tabindex="-1" aria-hidden="true"><img loading="lazy" decoding="async" width="780" height="1040" src="https://cafelapalma.com/wp-content/uploads/2026/07/Imagen-TruffleMayo-LePetit-i-1-780x1040.png" class="attachment-large size-large wp-post-image" alt="" /></a>
</div>
	<div class="tribe-related-event-info">
	<h3 class="tribe-related-events-title">
		<a href="https://cafelapalma.com/en/programacion/backstage-le-petit-truffle-mayo/" class="tribe-event-url" rel="bookmark">
			BACKSTAGE: LE PETIT + TRUFFLE MAYO		</a>
	</h3>
	<span class="tribe-event-date-start">5  September@23:55</span></div>
</li>
			<li>
	
<div class="tribe-related-events-thumbnail">
	<a href="https://cafelapalma.com/en/programacion/zetaeme/" class="url" rel="bookmark" tabindex="-1" aria-hidden="true"><img loading="lazy" decoding="async" width="693" height="1040" src="https://cafelapalma.com/wp-content/uploads/2026/07/5O3A7345-1-1-693x1040.jpg" class="attachment-large size-large wp-post-image" alt="" /></a>
</div>
	<div class="tribe-related-event-info">
	<h3 class="tribe-related-events-title">
		<a href="https://cafelapalma.com/en/programacion/zetaeme/" class="tribe-event-url" rel="bookmark">
			ZETAEME		</a>
	</h3>
	<span class="tribe-event-date-start">10  September@23:55</span></div>
</li>
			<li>
	
<div class="tribe-related-events-thumbnail">
	<a href="https://cafelapalma.com/en/programacion/jarana-luis-demonde-banana-dr-k-salazar/" class="url" rel="bookmark" tabindex="-1" aria-hidden="true"><img loading="lazy" decoding="async" width="735" height="1040" src="https://cafelapalma.com/wp-content/uploads/2026/08/JARANA-CAFE-LA-PALMA-A3-2026-copia3-1-735x1040.jpg" class="attachment-large size-large wp-post-image" alt="" /></a>
</div>
	<div class="tribe-related-event-info">
	<h3 class="tribe-related-events-title">
		<a href="https://cafelapalma.com/en/programacion/jarana-luis-demonde-banana-dr-k-salazar/" class="tribe-event-url" rel="bookmark">
			JARANA: LUIS DEMONDE + BANANA + DR K + SALAZAR		</a>
	</h3>
	<span class="tribe-event-date-start">11  September@23:59</span></div>
</li>
	</ul>

<p>Lumen.oid vuelve en su segunda edición a Café la Palma, buscando un pulso de energía a través de Dani Rubio, Camilo y Modesto en la pista de baile… Un pulso dibujado por cada uno de los asistentes en su expresión corporal bailando y por la conexión con otras almas en nuestras zonas de descanso. Nuestros &hellip; </p>

Lumen.oid vuelve en su segunda edición a Café la Palma, buscando un pulso de energía a través de Dani Rubio, Camilo y Modesto en la pista de baile… Un pulso dibujado por cada uno de los asistentes en su expresión corporal bailando y por la conexión con otras almas en nuestras zonas de descanso. Nuestros&hellip;
