{"id":33437,"date":"2026-02-23T16:13:58","date_gmt":"2026-02-23T15:13:58","guid":{"rendered":"https:\/\/cafelapalma.com\/?post_type=tribe_events&#038;p=33437"},"modified":"2026-02-23T16:14:30","modified_gmt":"2026-02-23T15:14:30","slug":"simon-stabz-paquito-reverte","status":"publish","type":"tribe_events","link":"https:\/\/cafelapalma.com\/en\/programacion\/simon-stabz-paquito-reverte\/","title":{"rendered":"SIMON STABZ + PAQUITO REVERTE"},"content":{"rendered":"<div  class=\"tribe-events-schedule tribe-clearfix\" >\n\t<p class=\"tribe-events-schedule__datetime\">\n\t\t<span class=\"tribe-events-schedule__date tribe-events-schedule__date--start\">\n\t\t\t19  March\t\t<\/span>\n\n\t\t\t\t\t<span class=\"tribe-events-schedule__separator tribe-events-schedule__separator--date\">\n\t\t\t\t@\t\t\t<\/span>\n\t\t\t<span class=\"tribe-events-schedule__time tribe-events-schedule__time--start\">\n\t\t\t\t23:55\t\t\t<\/span>\n\t\t\n\t\t\t<\/p>\n<\/div>\n\n\n<div  class=\"tribe-block tribe-block__event-price\" >\n\t\t\t<span class=\"tribe-block__event-price__cost\"> ENTRADA LIBRE <\/span>\n\t\t<\/div>\n\n\n\n<div class=\"wp-block-columns is-layout-flex wp-container-core-columns-is-layout-8f761849 wp-block-columns-is-layout-flex\">\n<div class=\"wp-block-column is-layout-flow wp-block-column-is-layout-flow\" style=\"flex-basis:33.33%\">\n<figure class=\"wp-block-image size-large\"><img loading=\"lazy\" decoding=\"async\" width=\"832\" height=\"1040\" src=\"https:\/\/cafelapalma.com\/wp-content\/uploads\/2026\/02\/Long-format-insta-post-19-de-Marzo-1-832x1040.jpg\" alt=\"\" class=\"wp-image-33438\" srcset=\"https:\/\/cafelapalma.com\/wp-content\/uploads\/2026\/02\/Long-format-insta-post-19-de-Marzo-1-832x1040.jpg 832w, https:\/\/cafelapalma.com\/wp-content\/uploads\/2026\/02\/Long-format-insta-post-19-de-Marzo-1-240x300.jpg 240w, https:\/\/cafelapalma.com\/wp-content\/uploads\/2026\/02\/Long-format-insta-post-19-de-Marzo-1-768x960.jpg 768w, https:\/\/cafelapalma.com\/wp-content\/uploads\/2026\/02\/Long-format-insta-post-19-de-Marzo-1-10x12.jpg 10w, https:\/\/cafelapalma.com\/wp-content\/uploads\/2026\/02\/Long-format-insta-post-19-de-Marzo-1-48x60.jpg 48w, https:\/\/cafelapalma.com\/wp-content\/uploads\/2026\/02\/Long-format-insta-post-19-de-Marzo-1.jpg 1080w\" sizes=\"auto, (max-width: 832px) 100vw, 832px\" \/><\/figure>\n<\/div>\n\n\n\n<div class=\"wp-block-column is-layout-flow wp-block-column-is-layout-flow\" style=\"flex-basis:66.66%\">\n<div style=\"height:100px\" aria-hidden=\"true\" class=\"wp-block-spacer\"><\/div>\n\n\n\n<p class=\"has-text-align-left wp-block-paragraph\"><strong>Simon Stabz y Paquito<\/strong> os proponen un B2B de de 3 horas que refleja una selecci\u00f3n exquisita y energ\u00e9tica, combinando lo mejor del Tech House, Progressive y Deep House.<\/p>\n\n\n\n<p class=\"has-text-align-left wp-block-paragraph\">Simon Stabz un DJ franc\u00e9s residente en Madrid, influenciado por la escena parisina, ha desarrollado un estilo ecl\u00e9ctico y lleno de personalidad, con un objetivo claro: hacerte bailar al ritmo de kicks potentes y un groove vibrante.<\/p>\n\n\n\n<p class=\"has-text-align-left wp-block-paragraph\">Paquito Reverte, DJ afincado en Madrid, fusiona la esencia del house cl\u00e1sico con las propuestas m\u00e1s innovadoras de la escena actual. Su sonido viaja entre la elegancia atemporal y la frescura vanguardista, siempre impulsado por un groove que atrapa desde el primer beat.<\/p>\n\n\n\n<p class=\"has-text-align-right wp-block-paragraph\"><a href=\"https:\/\/www.instagram.com\/simonstabz\/?igsh=MTl6a21iNDJmbms4\" target=\"_blank\" rel=\"noreferrer noopener\"><em>Sigue a <\/em><strong>Simon Stabz<\/strong> <em>in <\/em><strong>Instagram<\/strong>.<\/a><\/p>\n\n\n\n<p class=\"has-text-align-right wp-block-paragraph\"><a href=\"https:\/\/www.instagram.com\/simonstabz\/?igsh=MTl6a21iNDJmbms4\"><em>Sigue a <\/em><strong>Paquito Reverte<\/strong> <em>in <\/em><strong>Instagram<\/strong>.<\/a><\/p>\n<\/div>\n<\/div>\n\n\n<h2 class=\"tribe-block__related-events__title\">Related Events<\/h2>\n\n<ul  class=\"tribe-related-events tribe-clearfix\" >\n\t\t\t<li>\n\t\n<div class=\"tribe-related-events-thumbnail\">\n\t<a href=\"https:\/\/cafelapalma.com\/en\/programacion\/funkin-donuts\/\" class=\"url\" rel=\"bookmark\" tabindex=\"-1\" aria-hidden=\"true\"><img loading=\"lazy\" decoding=\"async\" width=\"693\" height=\"1040\" src=\"https:\/\/cafelapalma.com\/wp-content\/uploads\/2026\/07\/FD-vert2-bn-693x1040.jpg\" class=\"attachment-large size-large wp-post-image\" alt=\"\" \/><\/a>\n<\/div>\n\t<div class=\"tribe-related-event-info\">\n\t<h3 class=\"tribe-related-events-title\">\n\t\t<a href=\"https:\/\/cafelapalma.com\/en\/programacion\/funkin-donuts\/\" class=\"tribe-event-url\" rel=\"bookmark\">\n\t\t\tFUNKIN&#8217; DONUTS\t\t<\/a>\n\t<\/h3>\n\t<span class=\"tribe-event-date-start\">5  September@22:00<\/span><span class=\"tribe-event-time\">23:45<\/span><\/div>\n<\/li>\n\t\t\t<li>\n\t\n<div class=\"tribe-related-events-thumbnail\">\n\t<a href=\"https:\/\/cafelapalma.com\/en\/programacion\/backstage-le-petit-truffle-mayo\/\" class=\"url\" rel=\"bookmark\" tabindex=\"-1\" aria-hidden=\"true\"><img loading=\"lazy\" decoding=\"async\" width=\"780\" height=\"1040\" src=\"https:\/\/cafelapalma.com\/wp-content\/uploads\/2026\/07\/Imagen-TruffleMayo-LePetit-i-1-780x1040.png\" class=\"attachment-large size-large wp-post-image\" alt=\"\" \/><\/a>\n<\/div>\n\t<div class=\"tribe-related-event-info\">\n\t<h3 class=\"tribe-related-events-title\">\n\t\t<a href=\"https:\/\/cafelapalma.com\/en\/programacion\/backstage-le-petit-truffle-mayo\/\" class=\"tribe-event-url\" rel=\"bookmark\">\n\t\t\tBACKSTAGE: LE PETIT + TRUFFLE MAYO\t\t<\/a>\n\t<\/h3>\n\t<span class=\"tribe-event-date-start\">5  September@23:55<\/span><\/div>\n<\/li>\n\t\t\t<li>\n\t\n<div class=\"tribe-related-events-thumbnail\">\n\t<a href=\"https:\/\/cafelapalma.com\/en\/programacion\/willie-deville-concierto-benefico-x-venezuela\/\" class=\"url\" rel=\"bookmark\" tabindex=\"-1\" aria-hidden=\"true\"><img loading=\"lazy\" decoding=\"async\" width=\"1020\" height=\"531\" src=\"https:\/\/cafelapalma.com\/wp-content\/uploads\/2026\/08\/Willie-deville-1100x572-1-1040x541.jpg\" class=\"attachment-large size-large wp-post-image\" alt=\"\" \/><\/a>\n<\/div>\n\t<div class=\"tribe-related-event-info\">\n\t<h3 class=\"tribe-related-events-title\">\n\t\t<a href=\"https:\/\/cafelapalma.com\/en\/programacion\/willie-deville-concierto-benefico-x-venezuela\/\" class=\"tribe-event-url\" rel=\"bookmark\">\n\t\t\tWILLIE DEVILLE: CONCIERTO BEN\u00c9FICO X VENEZUELA\t\t<\/a>\n\t<\/h3>\n\t<span class=\"tribe-event-date-start\">6  September@21:00<\/span><span class=\"tribe-event-time\">23:45<\/span><\/div>\n<\/li>\n\t<\/ul>","protected":false},"excerpt":{"rendered":"<p>Simon Stabz y Paquito os proponen un B2B de de 3 horas que refleja una selecci\u00f3n exquisita y energ\u00e9tica, combinando lo mejor del Tech House, Progressive y Deep House. Simon Stabz un DJ franc\u00e9s residente en Madrid, influenciado por la escena parisina, ha desarrollado un estilo ecl\u00e9ctico y lleno de personalidad, con un objetivo claro: &hellip; <\/p>","protected":false},"author":2,"featured_media":33438,"template":"","meta":{"_tec_requires_first_save":false,"_uag_custom_page_level_css":"","loftloader_page_shortcode":"","_EventAllDay":false,"_EventTimezone":"Europe\/Madrid","_EventStartDate":"2026-03-19 23:55:00","_EventEndDate":"2026-03-19 23:55:00","_EventStartDateUTC":"2026-03-19 22:55:00","_EventEndDateUTC":"2026-03-19 22:55:00","_EventShowMap":false,"_EventShowMapLink":false,"_EventURL":"","_EventCost":"ENTRADA LIBRE","_EventCostDescription":"","_EventCurrencySymbol":"\u20ac","_EventCurrencyCode":"USD","_EventCurrencyPosition":"suffix","_EventDateTimeSeparator":"@","_EventTimeRangeSeparator":"-","_EventOrganizerID":[],"_EventVenueID":[],"_OrganizerEmail":"","_OrganizerPhone":"","_OrganizerWebsite":"","_VenueAddress":"","_VenueCity":"","_VenueCountry":"","_VenueProvince":"","_VenueState":"","_VenueZip":"","_VenuePhone":"","_VenueURL":"","_VenueStateProvince":"","_VenueLat":"","_VenueLng":"","_VenueShowMap":false,"_VenueShowMapLink":false,"_tribe_blocks_recurrence_rules":"","_tribe_blocks_recurrence_description":"","_tribe_blocks_recurrence_exclusions":"","_ecp_custom_2":"","_tribe_events_status":"","_tribe_events_status_reason":"","_tribe_events_is_hybrid":"","_tribe_events_is_virtual":"","_tribe_events_virtual_video_source":"","_tribe_events_virtual_embed_video":"","_tribe_events_virtual_linked_button_text":"","_tribe_events_virtual_linked_button":"","_tribe_events_virtual_show_embed_at":"","_tribe_events_virtual_show_embed_to":[],"_tribe_events_virtual_show_on_event":"","_tribe_events_virtual_show_on_views":"","_tribe_events_virtual_url":"","footnotes":""},"tags":[1363,9225,9557,9226,9227,1357,9309,18353,11649,18041],"tribe_events_cat":[8964],"class_list":["post-33437","tribe_events","type-tribe_events","status-publish","has-post-thumbnail","hentry","tag-cafe-la-palma","tag-cafe-la-palma-clubbing","tag-deep-house","tag-djs-madrid","tag-djs-malasana","tag-electronica","tag-house","tag-paquito-reverte","tag-progressive","tag-simon-stabz","tribe_events_cat-clubbing","cat_clubbing"],"uagb_featured_image_src":{"full":["https:\/\/cafelapalma.com\/wp-content\/uploads\/2026\/02\/Long-format-insta-post-19-de-Marzo-1.jpg",1080,1350,false],"thumbnail":["https:\/\/cafelapalma.com\/wp-content\/uploads\/2026\/02\/Long-format-insta-post-19-de-Marzo-1-150x150.jpg",150,150,true],"medium":["https:\/\/cafelapalma.com\/wp-content\/uploads\/2026\/02\/Long-format-insta-post-19-de-Marzo-1-240x300.jpg",240,300,true],"medium_large":["https:\/\/cafelapalma.com\/wp-content\/uploads\/2026\/02\/Long-format-insta-post-19-de-Marzo-1-768x960.jpg",768,960,true],"large":["https:\/\/cafelapalma.com\/wp-content\/uploads\/2026\/02\/Long-format-insta-post-19-de-Marzo-1-832x1040.jpg",832,1040,true],"1536x1536":["https:\/\/cafelapalma.com\/wp-content\/uploads\/2026\/02\/Long-format-insta-post-19-de-Marzo-1.jpg",1080,1350,false],"2048x2048":["https:\/\/cafelapalma.com\/wp-content\/uploads\/2026\/02\/Long-format-insta-post-19-de-Marzo-1.jpg",1080,1350,false],"trp-custom-language-flag":["https:\/\/cafelapalma.com\/wp-content\/uploads\/2026\/02\/Long-format-insta-post-19-de-Marzo-1-10x12.jpg",10,12,true],"blossom-feminine-slider":["https:\/\/cafelapalma.com\/wp-content\/uploads\/2026\/02\/Long-format-insta-post-19-de-Marzo-1-1080x649.jpg",1080,649,true],"blossom-feminine-featured":["https:\/\/cafelapalma.com\/wp-content\/uploads\/2026\/02\/Long-format-insta-post-19-de-Marzo-1-1080x600.jpg",1080,600,true],"blossom-feminine-with-sidebar":["https:\/\/cafelapalma.com\/wp-content\/uploads\/2026\/02\/Long-format-insta-post-19-de-Marzo-1-1020x600.jpg",1020,600,true],"blossom-feminine-blog":["https:\/\/cafelapalma.com\/wp-content\/uploads\/2026\/02\/Long-format-insta-post-19-de-Marzo-1-435x435.jpg",435,435,true],"blossom-feminine-cat":["https:\/\/cafelapalma.com\/wp-content\/uploads\/2026\/02\/Long-format-insta-post-19-de-Marzo-1-450x300.jpg",450,300,true],"blossom-feminine-related":["https:\/\/cafelapalma.com\/wp-content\/uploads\/2026\/02\/Long-format-insta-post-19-de-Marzo-1-320x200.jpg",320,200,true],"blossom-feminine-schema":["https:\/\/cafelapalma.com\/wp-content\/uploads\/2026\/02\/Long-format-insta-post-19-de-Marzo-1-48x60.jpg",48,60,true]},"uagb_author_info":{"display_name":"Victor","author_link":"https:\/\/cafelapalma.com\/en\/author\/comunicacion\/"},"uagb_comment_info":0,"uagb_excerpt":"Simon Stabz y Paquito os proponen un B2B de de 3 horas que refleja una selecci\u00f3n exquisita y energ\u00e9tica, combinando lo mejor del Tech House, Progressive y Deep House. Simon Stabz un DJ franc\u00e9s residente en Madrid, influenciado por la escena parisina, ha desarrollado un estilo ecl\u00e9ctico y lleno de personalidad, con un objetivo claro:&hellip;","_links":{"self":[{"href":"https:\/\/cafelapalma.com\/en\/wp-json\/wp\/v2\/tribe_events\/33437","targetHints":{"allow":["GET"]}}],"collection":[{"href":"https:\/\/cafelapalma.com\/en\/wp-json\/wp\/v2\/tribe_events"}],"about":[{"href":"https:\/\/cafelapalma.com\/en\/wp-json\/wp\/v2\/types\/tribe_events"}],"author":[{"embeddable":true,"href":"https:\/\/cafelapalma.com\/en\/wp-json\/wp\/v2\/users\/2"}],"version-history":[{"count":0,"href":"https:\/\/cafelapalma.com\/en\/wp-json\/wp\/v2\/tribe_events\/33437\/revisions"}],"wp:featuredmedia":[{"embeddable":true,"href":"https:\/\/cafelapalma.com\/en\/wp-json\/wp\/v2\/media\/33438"}],"wp:attachment":[{"href":"https:\/\/cafelapalma.com\/en\/wp-json\/wp\/v2\/media?parent=33437"}],"wp:term":[{"taxonomy":"post_tag","embeddable":true,"href":"https:\/\/cafelapalma.com\/en\/wp-json\/wp\/v2\/tags?post=33437"},{"taxonomy":"tribe_events_cat","embeddable":true,"href":"https:\/\/cafelapalma.com\/en\/wp-json\/wp\/v2\/tribe_events_cat?post=33437"}],"curies":[{"name":"wp","href":"https:\/\/api.w.org\/{rel}","templated":true}]}}

<div  class="tribe-events-schedule tribe-clearfix" >
	<p class="tribe-events-schedule__datetime">
		<span class="tribe-events-schedule__date tribe-events-schedule__date--start">
			19  March		</span>

					<span class="tribe-events-schedule__separator tribe-events-schedule__separator--date">
				@			</span>
			<span class="tribe-events-schedule__time tribe-events-schedule__time--start">
				23:55			</span>
		
			</p>
</div>


<div  class="tribe-block tribe-block__event-price" >
			<span class="tribe-block__event-price__cost"> ENTRADA LIBRE </span>
		</div>



<div class="wp-block-columns is-layout-flex wp-container-core-columns-is-layout-8f761849 wp-block-columns-is-layout-flex">
<div class="wp-block-column is-layout-flow wp-block-column-is-layout-flow" style="flex-basis:33.33%">
<figure class="wp-block-image size-large"><img loading="lazy" decoding="async" width="832" height="1040" src="https://cafelapalma.com/wp-content/uploads/2026/02/Long-format-insta-post-19-de-Marzo-1-832x1040.jpg" alt="" class="wp-image-33438" srcset="https://cafelapalma.com/wp-content/uploads/2026/02/Long-format-insta-post-19-de-Marzo-1-832x1040.jpg 832w, https://cafelapalma.com/wp-content/uploads/2026/02/Long-format-insta-post-19-de-Marzo-1-240x300.jpg 240w, https://cafelapalma.com/wp-content/uploads/2026/02/Long-format-insta-post-19-de-Marzo-1-768x960.jpg 768w, https://cafelapalma.com/wp-content/uploads/2026/02/Long-format-insta-post-19-de-Marzo-1-10x12.jpg 10w, https://cafelapalma.com/wp-content/uploads/2026/02/Long-format-insta-post-19-de-Marzo-1-48x60.jpg 48w, https://cafelapalma.com/wp-content/uploads/2026/02/Long-format-insta-post-19-de-Marzo-1.jpg 1080w" sizes="auto, (max-width: 832px) 100vw, 832px" /></figure>
</div>



<div class="wp-block-column is-layout-flow wp-block-column-is-layout-flow" style="flex-basis:66.66%">
<div style="height:100px" aria-hidden="true" class="wp-block-spacer"></div>



<p class="has-text-align-left wp-block-paragraph"><strong>Simon Stabz y Paquito</strong> os proponen un B2B de de 3 horas que refleja una selección exquisita y energética, combinando lo mejor del Tech House, Progressive y Deep House.</p>



<p class="has-text-align-left wp-block-paragraph">Simon Stabz un DJ francés residente en Madrid, influenciado por la escena parisina, ha desarrollado un estilo ecléctico y lleno de personalidad, con un objetivo claro: hacerte bailar al ritmo de kicks potentes y un groove vibrante.</p>



<p class="has-text-align-left wp-block-paragraph">Paquito Reverte, DJ afincado en Madrid, fusiona la esencia del house clásico con las propuestas más innovadoras de la escena actual. Su sonido viaja entre la elegancia atemporal y la frescura vanguardista, siempre impulsado por un groove que atrapa desde el primer beat.</p>



<p class="has-text-align-right wp-block-paragraph"><a href="https://www.instagram.com/simonstabz/?igsh=MTl6a21iNDJmbms4" target="_blank" rel="noreferrer noopener"><em>Sigue a </em><strong>Simon Stabz</strong> <em>in </em><strong>Instagram</strong>.</a></p>



<p class="has-text-align-right wp-block-paragraph"><a href="https://www.instagram.com/simonstabz/?igsh=MTl6a21iNDJmbms4"><em>Sigue a </em><strong>Paquito Reverte</strong> <em>in </em><strong>Instagram</strong>.</a></p>
</div>
</div>


<h2 class="tribe-block__related-events__title">Related Events</h2>

<ul  class="tribe-related-events tribe-clearfix" >
			<li>
	
<div class="tribe-related-events-thumbnail">
	<a href="https://cafelapalma.com/en/programacion/funkin-donuts/" class="url" rel="bookmark" tabindex="-1" aria-hidden="true"><img loading="lazy" decoding="async" width="693" height="1040" src="https://cafelapalma.com/wp-content/uploads/2026/07/FD-vert2-bn-693x1040.jpg" class="attachment-large size-large wp-post-image" alt="" /></a>
</div>
	<div class="tribe-related-event-info">
	<h3 class="tribe-related-events-title">
		<a href="https://cafelapalma.com/en/programacion/funkin-donuts/" class="tribe-event-url" rel="bookmark">
			FUNKIN&#8217; DONUTS		</a>
	</h3>
	<span class="tribe-event-date-start">5  September@22:00</span><span class="tribe-event-time">23:45</span></div>
</li>
			<li>
	
<div class="tribe-related-events-thumbnail">
	<a href="https://cafelapalma.com/en/programacion/backstage-le-petit-truffle-mayo/" class="url" rel="bookmark" tabindex="-1" aria-hidden="true"><img loading="lazy" decoding="async" width="780" height="1040" src="https://cafelapalma.com/wp-content/uploads/2026/07/Imagen-TruffleMayo-LePetit-i-1-780x1040.png" class="attachment-large size-large wp-post-image" alt="" /></a>
</div>
	<div class="tribe-related-event-info">
	<h3 class="tribe-related-events-title">
		<a href="https://cafelapalma.com/en/programacion/backstage-le-petit-truffle-mayo/" class="tribe-event-url" rel="bookmark">
			BACKSTAGE: LE PETIT + TRUFFLE MAYO		</a>
	</h3>
	<span class="tribe-event-date-start">5  September@23:55</span></div>
</li>
			<li>
	
<div class="tribe-related-events-thumbnail">
	<a href="https://cafelapalma.com/en/programacion/willie-deville-concierto-benefico-x-venezuela/" class="url" rel="bookmark" tabindex="-1" aria-hidden="true"><img loading="lazy" decoding="async" width="1020" height="531" src="https://cafelapalma.com/wp-content/uploads/2026/08/Willie-deville-1100x572-1-1040x541.jpg" class="attachment-large size-large wp-post-image" alt="" /></a>
</div>
	<div class="tribe-related-event-info">
	<h3 class="tribe-related-events-title">
		<a href="https://cafelapalma.com/en/programacion/willie-deville-concierto-benefico-x-venezuela/" class="tribe-event-url" rel="bookmark">
			WILLIE DEVILLE: CONCIERTO BENÉFICO X VENEZUELA		</a>
	</h3>
	<span class="tribe-event-date-start">6  September@21:00</span><span class="tribe-event-time">23:45</span></div>
</li>
	</ul>

<p>Simon Stabz y Paquito os proponen un B2B de de 3 horas que refleja una selección exquisita y energética, combinando lo mejor del Tech House, Progressive y Deep House. Simon Stabz un DJ francés residente en Madrid, influenciado por la escena parisina, ha desarrollado un estilo ecléctico y lleno de personalidad, con un objetivo claro: &hellip; </p>

Simon Stabz y Paquito os proponen un B2B de de 3 horas que refleja una selección exquisita y energética, combinando lo mejor del Tech House, Progressive y Deep House. Simon Stabz un DJ francés residente en Madrid, influenciado por la escena parisina, ha desarrollado un estilo ecléctico y lleno de personalidad, con un objetivo claro:&hellip;
