{"id":33473,"date":"2026-03-04T15:27:46","date_gmt":"2026-03-04T14:27:46","guid":{"rendered":"https:\/\/cafelapalma.com\/?post_type=tribe_events&#038;p=33473"},"modified":"2026-03-05T14:25:42","modified_gmt":"2026-03-05T13:25:42","slug":"loclaire","status":"publish","type":"tribe_events","link":"https:\/\/cafelapalma.com\/en\/programacion\/loclaire\/","title":{"rendered":"LOCLAIRE"},"content":{"rendered":"<div  class=\"tribe-events-schedule tribe-clearfix\" >\n\t<p class=\"tribe-events-schedule__datetime\">\n\t\t<span class=\"tribe-events-schedule__date tribe-events-schedule__date--start\">\n\t\t\t9  April\t\t<\/span>\n\n\t\t\t\t\t<span class=\"tribe-events-schedule__separator tribe-events-schedule__separator--date\">\n\t\t\t\t@\t\t\t<\/span>\n\t\t\t<span class=\"tribe-events-schedule__time tribe-events-schedule__time--start\">\n\t\t\t\t22:00\t\t\t<\/span>\n\t\t\n\t\t\t\t\t\t\t\t\t<span class=\"tribe-events-schedule__separator tribe-events-schedule__separator--time\">\n\t\t\t\t\t&#8211;\t\t\t\t<\/span>\n\t\t\t\n\t\t\t\t\t\t\t<span class=\"tribe-events-schedule__time tribe-events-schedule__time--end\">\n\t\t\t\t\t23:45\t\t\t\t<\/span>\n\t\t\t\n\t\t\t\t\t\t<\/p>\n<\/div>\n\n\n<div  class=\"tribe-block tribe-block__event-price\" >\n\t\t\t<span class=\"tribe-block__event-price__cost\"> 10\u20ac <\/span>\n\t\t\t\t<span class=\"tribe-block__event-price__description\">+ gg Anticipada | 12\u20ac Taquilla<\/span>\n\t<\/div>\n\n\n\n<div class=\"wp-block-columns is-layout-flex wp-container-core-columns-is-layout-8f761849 wp-block-columns-is-layout-flex\">\n<div class=\"wp-block-column is-layout-flow wp-block-column-is-layout-flow\" style=\"flex-basis:33.33%\">\n<figure class=\"wp-block-image size-full\"><img loading=\"lazy\" decoding=\"async\" width=\"743\" height=\"928\" src=\"https:\/\/cafelapalma.com\/wp-content\/uploads\/2026\/03\/Instagram-Post-1-1.jpg\" alt=\"\" class=\"wp-image-33475\" srcset=\"https:\/\/cafelapalma.com\/wp-content\/uploads\/2026\/03\/Instagram-Post-1-1.jpg 743w, https:\/\/cafelapalma.com\/wp-content\/uploads\/2026\/03\/Instagram-Post-1-1-240x300.jpg 240w, https:\/\/cafelapalma.com\/wp-content\/uploads\/2026\/03\/Instagram-Post-1-1-10x12.jpg 10w, https:\/\/cafelapalma.com\/wp-content\/uploads\/2026\/03\/Instagram-Post-1-1-48x60.jpg 48w\" sizes=\"auto, (max-width: 743px) 100vw, 743px\" \/><\/figure>\n\n\n<div  class=\"tribe-block tribe-block__event-website\" >\n\t<a\n\t\thref=\"https:\/\/www.notikumi.com\/channel\/cafe-la-palma\/2026\/4\/9\/loclaire\"\n\t\ttarget=\"_self\"\n\t\t\t>\n\t\tBUY TICKETS\t<\/a>\n<\/div>\n<\/div>\n\n\n\n<div class=\"wp-block-column is-layout-flow wp-block-column-is-layout-flow\" style=\"flex-basis:66.66%\">\n<div style=\"height:100px\" aria-hidden=\"true\" class=\"wp-block-spacer\"><\/div>\n\n\n\n<p class=\"has-text-align-left wp-block-paragraph\"><strong>Loclaire <\/strong>es el nuevo proyecto de Dani Barrej\u00f3n, guitarrista y compositor toledano afincado en Madrid. Nacido de la guitarra y la voz en la intimidad de su habitaci\u00f3n, el proyecto ha crecido hacia un sonido m\u00e1s amplio y, sobre todo, colectivo. Loclaire, parcialmente<br>traducido del franc\u00e9s como \u201cagua clara\u201d, refleja la intenci\u00f3n de crear canciones donde la palabra no solo se escucha, sino que se siente y se ve. Escenas familiares envueltas en una ligera bruma de nostalgia y memoria.<\/p>\n\n\n\n<p class=\"has-text-align-left wp-block-paragraph\">Su \u00e1lbum debut, <strong>\u00abnot forever, just then (2026)\u00bb<\/strong>, combina la intimidad de su guitarra y voz con el sonido de la banda, que da forma y unidad a cada canci\u00f3n, siguiendo siempre una misma regla: menos es m\u00e1s. La contenci\u00f3n, el espacio y los silencios se convierten en parte esencial del sonido de Loclaire. En sus canciones conviven influencias de The Beatles, Wilco, Bon Iver o The Sunday Drivers, tomadas como punto de partida para construir un sonido propio.<\/p>\n\n\n\n<p class=\"has-text-align-left wp-block-paragraph\">Si bien el \u00e1lbum muestra el universo sonoro de Loclaire, es en el directo donde las canciones realmente cobran significado. La banda principal est\u00e1 formada por Fran Garc\u00eda Oeo en coros y teclados, V\u00edctor Amig\u00f3 al bajo y Ritxi Fish a la bater\u00eda, a los que en el<br>concierto de presentaci\u00f3n se suman Manu Clavijo al viol\u00edn y la viola y Amable Rodr\u00edguez a la guitarra el\u00e9ctrica, ampliando formaci\u00f3n para esta ocasi\u00f3n tan especial. El concierto de presentaci\u00f3n ser\u00e1 el 9 de Abril de 2026 en Madrid, en Caf\u00e9 La Palma a partir de las 22:00.<\/p>\n<\/div>\n<\/div>\n\n\n\n<div style=\"height:100px\" aria-hidden=\"true\" class=\"wp-block-spacer\"><\/div>\n\n\n<h2 class=\"tribe-block__related-events__title\">Related Events<\/h2>\n\n<ul  class=\"tribe-related-events tribe-clearfix\" >\n\t\t\t<li>\n\t\n<div class=\"tribe-related-events-thumbnail\">\n\t<a href=\"https:\/\/cafelapalma.com\/en\/programacion\/funkin-donuts\/\" class=\"url\" rel=\"bookmark\" tabindex=\"-1\" aria-hidden=\"true\"><img loading=\"lazy\" decoding=\"async\" width=\"693\" height=\"1040\" src=\"https:\/\/cafelapalma.com\/wp-content\/uploads\/2026\/07\/FD-vert2-bn-693x1040.jpg\" class=\"attachment-large size-large wp-post-image\" alt=\"\" \/><\/a>\n<\/div>\n\t<div class=\"tribe-related-event-info\">\n\t<h3 class=\"tribe-related-events-title\">\n\t\t<a href=\"https:\/\/cafelapalma.com\/en\/programacion\/funkin-donuts\/\" class=\"tribe-event-url\" rel=\"bookmark\">\n\t\t\tFUNKIN&#8217; DONUTS\t\t<\/a>\n\t<\/h3>\n\t<span class=\"tribe-event-date-start\">5  September@22:00<\/span><span class=\"tribe-event-time\">23:45<\/span><\/div>\n<\/li>\n\t\t\t<li>\n\t\n<div class=\"tribe-related-events-thumbnail\">\n\t<a href=\"https:\/\/cafelapalma.com\/en\/programacion\/backstage-le-petit-truffle-mayo\/\" class=\"url\" rel=\"bookmark\" tabindex=\"-1\" aria-hidden=\"true\"><img loading=\"lazy\" decoding=\"async\" width=\"780\" height=\"1040\" src=\"https:\/\/cafelapalma.com\/wp-content\/uploads\/2026\/07\/Imagen-TruffleMayo-LePetit-i-1-780x1040.png\" class=\"attachment-large size-large wp-post-image\" alt=\"\" \/><\/a>\n<\/div>\n\t<div class=\"tribe-related-event-info\">\n\t<h3 class=\"tribe-related-events-title\">\n\t\t<a href=\"https:\/\/cafelapalma.com\/en\/programacion\/backstage-le-petit-truffle-mayo\/\" class=\"tribe-event-url\" rel=\"bookmark\">\n\t\t\tBACKSTAGE: LE PETIT + TRUFFLE MAYO\t\t<\/a>\n\t<\/h3>\n\t<span class=\"tribe-event-date-start\">5  September@23:55<\/span><\/div>\n<\/li>\n\t\t\t<li>\n\t\n<div class=\"tribe-related-events-thumbnail\">\n\t<a href=\"https:\/\/cafelapalma.com\/en\/programacion\/willie-deville-concierto-benefico-x-venezuela\/\" class=\"url\" rel=\"bookmark\" tabindex=\"-1\" aria-hidden=\"true\"><img loading=\"lazy\" decoding=\"async\" width=\"1020\" height=\"531\" src=\"https:\/\/cafelapalma.com\/wp-content\/uploads\/2026\/08\/Willie-deville-1100x572-1-1040x541.jpg\" class=\"attachment-large size-large wp-post-image\" alt=\"\" \/><\/a>\n<\/div>\n\t<div class=\"tribe-related-event-info\">\n\t<h3 class=\"tribe-related-events-title\">\n\t\t<a href=\"https:\/\/cafelapalma.com\/en\/programacion\/willie-deville-concierto-benefico-x-venezuela\/\" class=\"tribe-event-url\" rel=\"bookmark\">\n\t\t\tWILLIE DEVILLE: CONCIERTO BEN\u00c9FICO X VENEZUELA\t\t<\/a>\n\t<\/h3>\n\t<span class=\"tribe-event-date-start\">6  September@21:00<\/span><span class=\"tribe-event-time\">23:45<\/span><\/div>\n<\/li>\n\t<\/ul>","protected":false},"excerpt":{"rendered":"<p>Loclaire es el nuevo proyecto de Dani Barrej\u00f3n, guitarrista y compositor toledano afincado en Madrid. Nacido de la guitarra y la voz en la intimidad de su habitaci\u00f3n, el proyecto ha crecido hacia un sonido m\u00e1s amplio y, sobre todo, colectivo. Loclaire, parcialmentetraducido del franc\u00e9s como \u201cagua clara\u201d, refleja la intenci\u00f3n de crear canciones donde &hellip; <\/p>","protected":false},"author":2,"featured_media":33475,"template":"","meta":{"_tec_requires_first_save":false,"_uag_custom_page_level_css":"","loftloader_page_shortcode":"","_EventAllDay":false,"_EventTimezone":"Europe\/Madrid","_EventStartDate":"2026-04-09 22:00:00","_EventEndDate":"2026-04-09 23:45:00","_EventStartDateUTC":"2026-04-09 20:00:00","_EventEndDateUTC":"2026-04-09 21:45:00","_EventShowMap":false,"_EventShowMapLink":false,"_EventURL":"https:\/\/www.notikumi.com\/channel\/cafe-la-palma\/2026\/4\/9\/loclaire","_EventCost":"10","_EventCostDescription":"","_EventCurrencySymbol":"\u20ac","_EventCurrencyCode":"USD","_EventCurrencyPosition":"suffix","_EventDateTimeSeparator":"@","_EventTimeRangeSeparator":"-","_EventOrganizerID":[],"_EventVenueID":[],"_OrganizerEmail":"","_OrganizerPhone":"","_OrganizerWebsite":"","_VenueAddress":"","_VenueCity":"","_VenueCountry":"","_VenueProvince":"","_VenueState":"","_VenueZip":"","_VenuePhone":"","_VenueURL":"","_VenueStateProvince":"","_VenueLat":"","_VenueLng":"","_VenueShowMap":false,"_VenueShowMapLink":false,"_tribe_blocks_recurrence_rules":"","_tribe_blocks_recurrence_description":"","_tribe_blocks_recurrence_exclusions":"","_ecp_custom_2":"","_tribe_events_status":"","_tribe_events_status_reason":"","_tribe_events_is_hybrid":"","_tribe_events_is_virtual":"","_tribe_events_virtual_video_source":"","_tribe_events_virtual_embed_video":"","_tribe_events_virtual_linked_button_text":"","_tribe_events_virtual_linked_button":"","_tribe_events_virtual_show_embed_at":"","_tribe_events_virtual_show_embed_to":[],"_tribe_events_virtual_show_on_event":"","_tribe_events_virtual_show_on_views":"","_tribe_events_virtual_url":"","footnotes":""},"tags":[1363,2865,9147,9146,18368,18365,18366],"tribe_events_cat":[8963],"class_list":["post-33473","tribe_events","type-tribe_events","status-publish","has-post-thumbnail","hentry","tag-cafe-la-palma","tag-conciertos-cafe-la-palma","tag-conciertos-madrid","tag-conciertos-malasana","tag-dani-barrejon","tag-loclaire","tag-not-forever-just-then","tribe_events_cat-concierto","cat_concierto"],"uagb_featured_image_src":{"full":["https:\/\/cafelapalma.com\/wp-content\/uploads\/2026\/03\/Instagram-Post-1-1.jpg",743,928,false],"thumbnail":["https:\/\/cafelapalma.com\/wp-content\/uploads\/2026\/03\/Instagram-Post-1-1-150x150.jpg",150,150,true],"medium":["https:\/\/cafelapalma.com\/wp-content\/uploads\/2026\/03\/Instagram-Post-1-1-240x300.jpg",240,300,true],"medium_large":["https:\/\/cafelapalma.com\/wp-content\/uploads\/2026\/03\/Instagram-Post-1-1.jpg",743,928,false],"large":["https:\/\/cafelapalma.com\/wp-content\/uploads\/2026\/03\/Instagram-Post-1-1.jpg",743,928,false],"1536x1536":["https:\/\/cafelapalma.com\/wp-content\/uploads\/2026\/03\/Instagram-Post-1-1.jpg",743,928,false],"2048x2048":["https:\/\/cafelapalma.com\/wp-content\/uploads\/2026\/03\/Instagram-Post-1-1.jpg",743,928,false],"trp-custom-language-flag":["https:\/\/cafelapalma.com\/wp-content\/uploads\/2026\/03\/Instagram-Post-1-1-10x12.jpg",10,12,true],"blossom-feminine-slider":["https:\/\/cafelapalma.com\/wp-content\/uploads\/2026\/03\/Instagram-Post-1-1-743x649.jpg",743,649,true],"blossom-feminine-featured":["https:\/\/cafelapalma.com\/wp-content\/uploads\/2026\/03\/Instagram-Post-1-1-743x600.jpg",743,600,true],"blossom-feminine-with-sidebar":["https:\/\/cafelapalma.com\/wp-content\/uploads\/2026\/03\/Instagram-Post-1-1-743x600.jpg",743,600,true],"blossom-feminine-blog":["https:\/\/cafelapalma.com\/wp-content\/uploads\/2026\/03\/Instagram-Post-1-1-435x435.jpg",435,435,true],"blossom-feminine-cat":["https:\/\/cafelapalma.com\/wp-content\/uploads\/2026\/03\/Instagram-Post-1-1-450x300.jpg",450,300,true],"blossom-feminine-related":["https:\/\/cafelapalma.com\/wp-content\/uploads\/2026\/03\/Instagram-Post-1-1-320x200.jpg",320,200,true],"blossom-feminine-schema":["https:\/\/cafelapalma.com\/wp-content\/uploads\/2026\/03\/Instagram-Post-1-1-48x60.jpg",48,60,true]},"uagb_author_info":{"display_name":"Victor","author_link":"https:\/\/cafelapalma.com\/en\/author\/comunicacion\/"},"uagb_comment_info":0,"uagb_excerpt":"Loclaire es el nuevo proyecto de Dani Barrej\u00f3n, guitarrista y compositor toledano afincado en Madrid. Nacido de la guitarra y la voz en la intimidad de su habitaci\u00f3n, el proyecto ha crecido hacia un sonido m\u00e1s amplio y, sobre todo, colectivo. Loclaire, parcialmentetraducido del franc\u00e9s como \u201cagua clara\u201d, refleja la intenci\u00f3n de crear canciones donde&hellip;","_links":{"self":[{"href":"https:\/\/cafelapalma.com\/en\/wp-json\/wp\/v2\/tribe_events\/33473","targetHints":{"allow":["GET"]}}],"collection":[{"href":"https:\/\/cafelapalma.com\/en\/wp-json\/wp\/v2\/tribe_events"}],"about":[{"href":"https:\/\/cafelapalma.com\/en\/wp-json\/wp\/v2\/types\/tribe_events"}],"author":[{"embeddable":true,"href":"https:\/\/cafelapalma.com\/en\/wp-json\/wp\/v2\/users\/2"}],"version-history":[{"count":0,"href":"https:\/\/cafelapalma.com\/en\/wp-json\/wp\/v2\/tribe_events\/33473\/revisions"}],"wp:featuredmedia":[{"embeddable":true,"href":"https:\/\/cafelapalma.com\/en\/wp-json\/wp\/v2\/media\/33475"}],"wp:attachment":[{"href":"https:\/\/cafelapalma.com\/en\/wp-json\/wp\/v2\/media?parent=33473"}],"wp:term":[{"taxonomy":"post_tag","embeddable":true,"href":"https:\/\/cafelapalma.com\/en\/wp-json\/wp\/v2\/tags?post=33473"},{"taxonomy":"tribe_events_cat","embeddable":true,"href":"https:\/\/cafelapalma.com\/en\/wp-json\/wp\/v2\/tribe_events_cat?post=33473"}],"curies":[{"name":"wp","href":"https:\/\/api.w.org\/{rel}","templated":true}]}}

<div  class="tribe-events-schedule tribe-clearfix" >
	<p class="tribe-events-schedule__datetime">
		<span class="tribe-events-schedule__date tribe-events-schedule__date--start">
			9  April		</span>

					<span class="tribe-events-schedule__separator tribe-events-schedule__separator--date">
				@			</span>
			<span class="tribe-events-schedule__time tribe-events-schedule__time--start">
				22:00			</span>
		
									<span class="tribe-events-schedule__separator tribe-events-schedule__separator--time">
					&#8211;				</span>
			
							<span class="tribe-events-schedule__time tribe-events-schedule__time--end">
					23:45				</span>
			
						</p>
</div>


<div  class="tribe-block tribe-block__event-price" >
			<span class="tribe-block__event-price__cost"> 10€ </span>
				<span class="tribe-block__event-price__description">+ gg Anticipada | 12€ Taquilla</span>
	</div>



<div class="wp-block-columns is-layout-flex wp-container-core-columns-is-layout-8f761849 wp-block-columns-is-layout-flex">
<div class="wp-block-column is-layout-flow wp-block-column-is-layout-flow" style="flex-basis:33.33%">
<figure class="wp-block-image size-full"><img loading="lazy" decoding="async" width="743" height="928" src="https://cafelapalma.com/wp-content/uploads/2026/03/Instagram-Post-1-1.jpg" alt="" class="wp-image-33475" srcset="https://cafelapalma.com/wp-content/uploads/2026/03/Instagram-Post-1-1.jpg 743w, https://cafelapalma.com/wp-content/uploads/2026/03/Instagram-Post-1-1-240x300.jpg 240w, https://cafelapalma.com/wp-content/uploads/2026/03/Instagram-Post-1-1-10x12.jpg 10w, https://cafelapalma.com/wp-content/uploads/2026/03/Instagram-Post-1-1-48x60.jpg 48w" sizes="auto, (max-width: 743px) 100vw, 743px" /></figure>


<div  class="tribe-block tribe-block__event-website" >
	<a
		href="https://www.notikumi.com/channel/cafe-la-palma/2026/4/9/loclaire"
		target="_self"
			>
		BUY TICKETS	</a>
</div>
</div>



<div class="wp-block-column is-layout-flow wp-block-column-is-layout-flow" style="flex-basis:66.66%">
<div style="height:100px" aria-hidden="true" class="wp-block-spacer"></div>



<p class="has-text-align-left wp-block-paragraph"><strong>Loclaire </strong>es el nuevo proyecto de Dani Barrejón, guitarrista y compositor toledano afincado en Madrid. Nacido de la guitarra y la voz en la intimidad de su habitación, el proyecto ha crecido hacia un sonido más amplio y, sobre todo, colectivo. Loclaire, parcialmente<br>traducido del francés como “agua clara”, refleja la intención de crear canciones donde la palabra no solo se escucha, sino que se siente y se ve. Escenas familiares envueltas en una ligera bruma de nostalgia y memoria.</p>



<p class="has-text-align-left wp-block-paragraph">Su álbum debut, <strong>«not forever, just then (2026)»</strong>, combina la intimidad de su guitarra y voz con el sonido de la banda, que da forma y unidad a cada canción, siguiendo siempre una misma regla: menos es más. La contención, el espacio y los silencios se convierten en parte esencial del sonido de Loclaire. En sus canciones conviven influencias de The Beatles, Wilco, Bon Iver o The Sunday Drivers, tomadas como punto de partida para construir un sonido propio.</p>



<p class="has-text-align-left wp-block-paragraph">Si bien el álbum muestra el universo sonoro de Loclaire, es en el directo donde las canciones realmente cobran significado. La banda principal está formada por Fran García Oeo en coros y teclados, Víctor Amigó al bajo y Ritxi Fish a la batería, a los que en el<br>concierto de presentación se suman Manu Clavijo al violín y la viola y Amable Rodríguez a la guitarra eléctrica, ampliando formación para esta ocasión tan especial. El concierto de presentación será el 9 de Abril de 2026 en Madrid, en Café La Palma a partir de las 22:00.</p>
</div>
</div>



<div style="height:100px" aria-hidden="true" class="wp-block-spacer"></div>


<h2 class="tribe-block__related-events__title">Related Events</h2>

<ul  class="tribe-related-events tribe-clearfix" >
			<li>
	
<div class="tribe-related-events-thumbnail">
	<a href="https://cafelapalma.com/en/programacion/funkin-donuts/" class="url" rel="bookmark" tabindex="-1" aria-hidden="true"><img loading="lazy" decoding="async" width="693" height="1040" src="https://cafelapalma.com/wp-content/uploads/2026/07/FD-vert2-bn-693x1040.jpg" class="attachment-large size-large wp-post-image" alt="" /></a>
</div>
	<div class="tribe-related-event-info">
	<h3 class="tribe-related-events-title">
		<a href="https://cafelapalma.com/en/programacion/funkin-donuts/" class="tribe-event-url" rel="bookmark">
			FUNKIN&#8217; DONUTS		</a>
	</h3>
	<span class="tribe-event-date-start">5  September@22:00</span><span class="tribe-event-time">23:45</span></div>
</li>
			<li>
	
<div class="tribe-related-events-thumbnail">
	<a href="https://cafelapalma.com/en/programacion/backstage-le-petit-truffle-mayo/" class="url" rel="bookmark" tabindex="-1" aria-hidden="true"><img loading="lazy" decoding="async" width="780" height="1040" src="https://cafelapalma.com/wp-content/uploads/2026/07/Imagen-TruffleMayo-LePetit-i-1-780x1040.png" class="attachment-large size-large wp-post-image" alt="" /></a>
</div>
	<div class="tribe-related-event-info">
	<h3 class="tribe-related-events-title">
		<a href="https://cafelapalma.com/en/programacion/backstage-le-petit-truffle-mayo/" class="tribe-event-url" rel="bookmark">
			BACKSTAGE: LE PETIT + TRUFFLE MAYO		</a>
	</h3>
	<span class="tribe-event-date-start">5  September@23:55</span></div>
</li>
			<li>
	
<div class="tribe-related-events-thumbnail">
	<a href="https://cafelapalma.com/en/programacion/willie-deville-concierto-benefico-x-venezuela/" class="url" rel="bookmark" tabindex="-1" aria-hidden="true"><img loading="lazy" decoding="async" width="1020" height="531" src="https://cafelapalma.com/wp-content/uploads/2026/08/Willie-deville-1100x572-1-1040x541.jpg" class="attachment-large size-large wp-post-image" alt="" /></a>
</div>
	<div class="tribe-related-event-info">
	<h3 class="tribe-related-events-title">
		<a href="https://cafelapalma.com/en/programacion/willie-deville-concierto-benefico-x-venezuela/" class="tribe-event-url" rel="bookmark">
			WILLIE DEVILLE: CONCIERTO BENÉFICO X VENEZUELA		</a>
	</h3>
	<span class="tribe-event-date-start">6  September@21:00</span><span class="tribe-event-time">23:45</span></div>
</li>
	</ul>

<p>Loclaire es el nuevo proyecto de Dani Barrejón, guitarrista y compositor toledano afincado en Madrid. Nacido de la guitarra y la voz en la intimidad de su habitación, el proyecto ha crecido hacia un sonido más amplio y, sobre todo, colectivo. Loclaire, parcialmentetraducido del francés como “agua clara”, refleja la intención de crear canciones donde &hellip; </p>

Loclaire es el nuevo proyecto de Dani Barrejón, guitarrista y compositor toledano afincado en Madrid. Nacido de la guitarra y la voz en la intimidad de su habitación, el proyecto ha crecido hacia un sonido más amplio y, sobre todo, colectivo. Loclaire, parcialmentetraducido del francés como “agua clara”, refleja la intención de crear canciones donde&hellip;
