{"id":33652,"date":"2026-03-30T12:23:31","date_gmt":"2026-03-30T10:23:31","guid":{"rendered":"https:\/\/cafelapalma.com\/?post_type=tribe_events&#038;p=33652"},"modified":"2026-03-31T11:43:03","modified_gmt":"2026-03-31T09:43:03","slug":"janso-di-buffala-presenta-el-camino-del-bufalo","status":"publish","type":"tribe_events","link":"https:\/\/cafelapalma.com\/en\/programacion\/janso-di-buffala-presenta-el-camino-del-bufalo\/","title":{"rendered":"JANSO DI BUFFALA PRESENTA: \u00abEL CAMINO DEL B\u00daFALO\u00bb"},"content":{"rendered":"<div  class=\"tribe-events-schedule tribe-clearfix\" >\n\t<p class=\"tribe-events-schedule__datetime\">\n\t\t<span class=\"tribe-events-schedule__date tribe-events-schedule__date--start\">\n\t\t\t1  May\t\t<\/span>\n\n\t\t\t\t\t<span class=\"tribe-events-schedule__separator tribe-events-schedule__separator--date\">\n\t\t\t\t@\t\t\t<\/span>\n\t\t\t<span class=\"tribe-events-schedule__time tribe-events-schedule__time--start\">\n\t\t\t\t22:00\t\t\t<\/span>\n\t\t\n\t\t\t\t\t\t\t\t\t<span class=\"tribe-events-schedule__separator tribe-events-schedule__separator--time\">\n\t\t\t\t\t&#8211;\t\t\t\t<\/span>\n\t\t\t\n\t\t\t\t\t\t\t<span class=\"tribe-events-schedule__time tribe-events-schedule__time--end\">\n\t\t\t\t\t23:45\t\t\t\t<\/span>\n\t\t\t\n\t\t\t\t\t\t<\/p>\n<\/div>\n\n\n<div  class=\"tribe-block tribe-block__event-price\" >\n\t\t\t<span class=\"tribe-block__event-price__cost\"> 10\u20ac <\/span>\n\t\t\t\t<span class=\"tribe-block__event-price__description\">+ gg Anticipada | 12\u20ac Taquilla. Todos los tramos incluyen UNA CONSUMICI\u00d3N.<\/span>\n\t<\/div>\n\n\n\n<div class=\"wp-block-columns is-layout-flex wp-container-core-columns-is-layout-8f761849 wp-block-columns-is-layout-flex\">\n<div class=\"wp-block-column is-layout-flow wp-block-column-is-layout-flow\" style=\"flex-basis:33.33%\">\n<figure class=\"wp-block-image size-large\"><img loading=\"lazy\" decoding=\"async\" width=\"736\" height=\"1040\" src=\"https:\/\/cafelapalma.com\/wp-content\/uploads\/2026\/03\/JANSO-WEB-1-736x1040.jpg\" alt=\"\" class=\"wp-image-33653\" srcset=\"https:\/\/cafelapalma.com\/wp-content\/uploads\/2026\/03\/JANSO-WEB-1-736x1040.jpg 736w, https:\/\/cafelapalma.com\/wp-content\/uploads\/2026\/03\/JANSO-WEB-1-212x300.jpg 212w, https:\/\/cafelapalma.com\/wp-content\/uploads\/2026\/03\/JANSO-WEB-1-768x1086.jpg 768w, https:\/\/cafelapalma.com\/wp-content\/uploads\/2026\/03\/JANSO-WEB-1-1086x1536.jpg 1086w, https:\/\/cafelapalma.com\/wp-content\/uploads\/2026\/03\/JANSO-WEB-1-1448x2048.jpg 1448w, https:\/\/cafelapalma.com\/wp-content\/uploads\/2026\/03\/JANSO-WEB-1-8x12.jpg 8w, https:\/\/cafelapalma.com\/wp-content\/uploads\/2026\/03\/JANSO-WEB-1-42x60.jpg 42w, https:\/\/cafelapalma.com\/wp-content\/uploads\/2026\/03\/JANSO-WEB-1.jpg 1575w\" sizes=\"auto, (max-width: 736px) 100vw, 736px\" \/><\/figure>\n\n\n<div  class=\"tribe-block tribe-block__event-website\" >\n\t<a\n\t\thref=\"https:\/\/www.notikumi.com\/channel\/cafe-la-palma\/2026\/5\/1\/janso-di-buffala-presenta-el-camino-del-bufalo\"\n\t\ttarget=\"_self\"\n\t\t\t>\n\t\tBUY TICKETS\t<\/a>\n<\/div>\n<\/div>\n\n\n\n<div class=\"wp-block-column is-layout-flow wp-block-column-is-layout-flow\" style=\"flex-basis:66.66%\">\n<div style=\"height:100px\" aria-hidden=\"true\" class=\"wp-block-spacer\"><\/div>\n\n\n\n<p class=\"has-text-align-left wp-block-paragraph\">El pr\u00f3ximo 1 de mayo, Caf\u00e9 La Palma acoge la presentaci\u00f3n en directo de El camino del Buffalo, la nueva maqueta de Janso di Buffala. <\/p>\n\n\n\n<p class=\"has-text-align-left wp-block-paragraph\">El proyecto est\u00e1 compuesto por diez canciones que orbitan alrededor de un rap crudo y m\u00e9trico, construido sobre un boom bap cl\u00e1sico y contempor\u00e1neo. La propuesta no busca nostalgia ni tendencia: se sit\u00faa en un punto honesto donde la palabra es protagonista y la<br>base acompa\u00f1a con intenci\u00f3n y car\u00e1cter.<\/p>\n\n\n\n<p class=\"has-text-align-left wp-block-paragraph\">Janso di Buffala, artista madrile\u00f1o de 26 a\u00f1os, entiende el Hip Hop no solo como un g\u00e9nero musical sino como una forma de observar y habitar lo cotidiano. Su escritura parte de lo cercano, de lo tangible, y lo transforma en relato directo, sin artificios. M\u00e9trica precisa, energ\u00eda contenida y una puesta en escena que prioriza el mensaje sin olvidarse de la importancia del directo.<\/p>\n\n\n\n<p class=\"has-text-align-right wp-block-paragraph\"><a href=\"https:\/\/open.spotify.com\/intl-es\/artist\/4uYoCV96kWK59JAwu1dbSM?si=h8wF1KrhTtSOvYGGAtflSg&amp;nd=1&amp;dlsi=eacb9ffdcd124954\"><em>Listen to<\/em> <strong>Janso di Buffala<\/strong> <em>in <\/em><strong>Spotify.<\/strong><\/a><\/p>\n<\/div>\n<\/div>\n\n\n\n<div style=\"height:100px\" aria-hidden=\"true\" class=\"wp-block-spacer\"><\/div>\n\n\n<h2 class=\"tribe-block__related-events__title\">Related Events<\/h2>\n\n<ul  class=\"tribe-related-events tribe-clearfix\" >\n\t\t\t<li>\n\t\n<div class=\"tribe-related-events-thumbnail\">\n\t<a href=\"https:\/\/cafelapalma.com\/en\/programacion\/funkin-donuts\/\" class=\"url\" rel=\"bookmark\" tabindex=\"-1\" aria-hidden=\"true\"><img loading=\"lazy\" decoding=\"async\" width=\"693\" height=\"1040\" src=\"https:\/\/cafelapalma.com\/wp-content\/uploads\/2026\/07\/FD-vert2-bn-693x1040.jpg\" class=\"attachment-large size-large wp-post-image\" alt=\"\" \/><\/a>\n<\/div>\n\t<div class=\"tribe-related-event-info\">\n\t<h3 class=\"tribe-related-events-title\">\n\t\t<a href=\"https:\/\/cafelapalma.com\/en\/programacion\/funkin-donuts\/\" class=\"tribe-event-url\" rel=\"bookmark\">\n\t\t\tFUNKIN&#8217; DONUTS\t\t<\/a>\n\t<\/h3>\n\t<span class=\"tribe-event-date-start\">5  September@22:00<\/span><span class=\"tribe-event-time\">23:45<\/span><\/div>\n<\/li>\n\t\t\t<li>\n\t\n<div class=\"tribe-related-events-thumbnail\">\n\t<a href=\"https:\/\/cafelapalma.com\/en\/programacion\/backstage-le-petit-truffle-mayo\/\" class=\"url\" rel=\"bookmark\" tabindex=\"-1\" aria-hidden=\"true\"><img loading=\"lazy\" decoding=\"async\" width=\"780\" height=\"1040\" src=\"https:\/\/cafelapalma.com\/wp-content\/uploads\/2026\/07\/Imagen-TruffleMayo-LePetit-i-1-780x1040.png\" class=\"attachment-large size-large wp-post-image\" alt=\"\" \/><\/a>\n<\/div>\n\t<div class=\"tribe-related-event-info\">\n\t<h3 class=\"tribe-related-events-title\">\n\t\t<a href=\"https:\/\/cafelapalma.com\/en\/programacion\/backstage-le-petit-truffle-mayo\/\" class=\"tribe-event-url\" rel=\"bookmark\">\n\t\t\tBACKSTAGE: LE PETIT + TRUFFLE MAYO\t\t<\/a>\n\t<\/h3>\n\t<span class=\"tribe-event-date-start\">5  September@23:55<\/span><\/div>\n<\/li>\n\t\t\t<li>\n\t\n<div class=\"tribe-related-events-thumbnail\">\n\t<a href=\"https:\/\/cafelapalma.com\/en\/programacion\/willie-deville-concierto-benefico-x-venezuela\/\" class=\"url\" rel=\"bookmark\" tabindex=\"-1\" aria-hidden=\"true\"><img loading=\"lazy\" decoding=\"async\" width=\"1020\" height=\"531\" src=\"https:\/\/cafelapalma.com\/wp-content\/uploads\/2026\/08\/Willie-deville-1100x572-1-1040x541.jpg\" class=\"attachment-large size-large wp-post-image\" alt=\"\" \/><\/a>\n<\/div>\n\t<div class=\"tribe-related-event-info\">\n\t<h3 class=\"tribe-related-events-title\">\n\t\t<a href=\"https:\/\/cafelapalma.com\/en\/programacion\/willie-deville-concierto-benefico-x-venezuela\/\" class=\"tribe-event-url\" rel=\"bookmark\">\n\t\t\tWILLIE DEVILLE: CONCIERTO BEN\u00c9FICO X VENEZUELA\t\t<\/a>\n\t<\/h3>\n\t<span class=\"tribe-event-date-start\">6  September@21:00<\/span><span class=\"tribe-event-time\">23:45<\/span><\/div>\n<\/li>\n\t<\/ul>","protected":false},"excerpt":{"rendered":"<p>El pr\u00f3ximo 1 de mayo, Caf\u00e9 La Palma acoge la presentaci\u00f3n en directo de El camino del Buffalo, la nueva maqueta de Janso di Buffala. El proyecto est\u00e1 compuesto por diez canciones que orbitan alrededor de un rap crudo y m\u00e9trico, construido sobre un boom bap cl\u00e1sico y contempor\u00e1neo. La propuesta no busca nostalgia ni &hellip; <\/p>","protected":false},"author":2,"featured_media":33654,"template":"","meta":{"_tec_requires_first_save":false,"_uag_custom_page_level_css":"","loftloader_page_shortcode":"","_EventAllDay":false,"_EventTimezone":"Europe\/Madrid","_EventStartDate":"2026-05-01 22:00:00","_EventEndDate":"2026-05-01 23:45:00","_EventStartDateUTC":"2026-05-01 20:00:00","_EventEndDateUTC":"2026-05-01 21:45:00","_EventShowMap":false,"_EventShowMapLink":false,"_EventURL":"https:\/\/www.notikumi.com\/channel\/cafe-la-palma\/2026\/5\/1\/janso-di-buffala-presenta-el-camino-del-bufalo","_EventCost":"10","_EventCostDescription":"","_EventCurrencySymbol":"\u20ac","_EventCurrencyCode":"USD","_EventCurrencyPosition":"suffix","_EventDateTimeSeparator":"@","_EventTimeRangeSeparator":"-","_EventOrganizerID":[],"_EventVenueID":[],"_OrganizerEmail":"","_OrganizerPhone":"","_OrganizerWebsite":"","_VenueAddress":"","_VenueCity":"","_VenueCountry":"","_VenueProvince":"","_VenueState":"","_VenueZip":"","_VenuePhone":"","_VenueURL":"","_VenueStateProvince":"","_VenueLat":"","_VenueLng":"","_VenueShowMap":false,"_VenueShowMapLink":false,"_tribe_blocks_recurrence_rules":"","_tribe_blocks_recurrence_description":"","_tribe_blocks_recurrence_exclusions":"","_ecp_custom_2":"","_tribe_events_status":"","_tribe_events_status_reason":"","_tribe_events_is_hybrid":"","_tribe_events_is_virtual":"","_tribe_events_virtual_video_source":"","_tribe_events_virtual_embed_video":"","_tribe_events_virtual_linked_button_text":"","_tribe_events_virtual_linked_button":"","_tribe_events_virtual_show_embed_at":"","_tribe_events_virtual_show_embed_to":[],"_tribe_events_virtual_show_on_event":"","_tribe_events_virtual_show_on_views":"","_tribe_events_virtual_url":"","footnotes":""},"tags":[1363,8869,2865,9147,9146,18415,18421,9352,18420,2395,15531],"tribe_events_cat":[8963],"class_list":["post-33652","tribe_events","type-tribe_events","status-publish","has-post-thumbnail","hentry","tag-cafe-la-palma","tag-cafe-la-palma-2","tag-conciertos-cafe-la-palma","tag-conciertos-madrid","tag-conciertos-malasana","tag-cora-collective","tag-el-camino-del-bufalo","tag-hip-hop-2","tag-janso-di-buffala","tag-rap","tag-urbano","tribe_events_cat-concierto","cat_concierto"],"uagb_featured_image_src":{"full":["https:\/\/cafelapalma.com\/wp-content\/uploads\/2026\/03\/janso.presskit.jpg",2048,1152,false],"thumbnail":["https:\/\/cafelapalma.com\/wp-content\/uploads\/2026\/03\/janso.presskit-150x150.jpg",150,150,true],"medium":["https:\/\/cafelapalma.com\/wp-content\/uploads\/2026\/03\/janso.presskit-300x169.jpg",300,169,true],"medium_large":["https:\/\/cafelapalma.com\/wp-content\/uploads\/2026\/03\/janso.presskit-768x432.jpg",768,432,true],"large":["https:\/\/cafelapalma.com\/wp-content\/uploads\/2026\/03\/janso.presskit-1040x585.jpg",1020,574,true],"1536x1536":["https:\/\/cafelapalma.com\/wp-content\/uploads\/2026\/03\/janso.presskit-1536x864.jpg",1536,864,true],"2048x2048":["https:\/\/cafelapalma.com\/wp-content\/uploads\/2026\/03\/janso.presskit.jpg",2048,1152,false],"trp-custom-language-flag":["https:\/\/cafelapalma.com\/wp-content\/uploads\/2026\/03\/janso.presskit-18x10.jpg",18,10,true],"blossom-feminine-slider":["https:\/\/cafelapalma.com\/wp-content\/uploads\/2026\/03\/janso.presskit-1920x649.jpg",1920,649,true],"blossom-feminine-featured":["https:\/\/cafelapalma.com\/wp-content\/uploads\/2026\/03\/janso.presskit-1410x600.jpg",1410,600,true],"blossom-feminine-with-sidebar":["https:\/\/cafelapalma.com\/wp-content\/uploads\/2026\/03\/janso.presskit-1020x600.jpg",1020,600,true],"blossom-feminine-blog":["https:\/\/cafelapalma.com\/wp-content\/uploads\/2026\/03\/janso.presskit-435x435.jpg",435,435,true],"blossom-feminine-cat":["https:\/\/cafelapalma.com\/wp-content\/uploads\/2026\/03\/janso.presskit-450x300.jpg",450,300,true],"blossom-feminine-related":["https:\/\/cafelapalma.com\/wp-content\/uploads\/2026\/03\/janso.presskit-320x200.jpg",320,200,true],"blossom-feminine-schema":["https:\/\/cafelapalma.com\/wp-content\/uploads\/2026\/03\/janso.presskit-107x60.jpg",107,60,true]},"uagb_author_info":{"display_name":"Victor","author_link":"https:\/\/cafelapalma.com\/en\/author\/comunicacion\/"},"uagb_comment_info":0,"uagb_excerpt":"El pr\u00f3ximo 1 de mayo, Caf\u00e9 La Palma acoge la presentaci\u00f3n en directo de El camino del Buffalo, la nueva maqueta de Janso di Buffala. El proyecto est\u00e1 compuesto por diez canciones que orbitan alrededor de un rap crudo y m\u00e9trico, construido sobre un boom bap cl\u00e1sico y contempor\u00e1neo. La propuesta no busca nostalgia ni&hellip;","_links":{"self":[{"href":"https:\/\/cafelapalma.com\/en\/wp-json\/wp\/v2\/tribe_events\/33652","targetHints":{"allow":["GET"]}}],"collection":[{"href":"https:\/\/cafelapalma.com\/en\/wp-json\/wp\/v2\/tribe_events"}],"about":[{"href":"https:\/\/cafelapalma.com\/en\/wp-json\/wp\/v2\/types\/tribe_events"}],"author":[{"embeddable":true,"href":"https:\/\/cafelapalma.com\/en\/wp-json\/wp\/v2\/users\/2"}],"version-history":[{"count":0,"href":"https:\/\/cafelapalma.com\/en\/wp-json\/wp\/v2\/tribe_events\/33652\/revisions"}],"wp:featuredmedia":[{"embeddable":true,"href":"https:\/\/cafelapalma.com\/en\/wp-json\/wp\/v2\/media\/33654"}],"wp:attachment":[{"href":"https:\/\/cafelapalma.com\/en\/wp-json\/wp\/v2\/media?parent=33652"}],"wp:term":[{"taxonomy":"post_tag","embeddable":true,"href":"https:\/\/cafelapalma.com\/en\/wp-json\/wp\/v2\/tags?post=33652"},{"taxonomy":"tribe_events_cat","embeddable":true,"href":"https:\/\/cafelapalma.com\/en\/wp-json\/wp\/v2\/tribe_events_cat?post=33652"}],"curies":[{"name":"wp","href":"https:\/\/api.w.org\/{rel}","templated":true}]}}

JANSO DI BUFFALA PRESENTA: «EL CAMINO DEL BÚFALO»

<div  class="tribe-events-schedule tribe-clearfix" >
	<p class="tribe-events-schedule__datetime">
		<span class="tribe-events-schedule__date tribe-events-schedule__date--start">
			1  May		</span>

					<span class="tribe-events-schedule__separator tribe-events-schedule__separator--date">
				@			</span>
			<span class="tribe-events-schedule__time tribe-events-schedule__time--start">
				22:00			</span>
		
									<span class="tribe-events-schedule__separator tribe-events-schedule__separator--time">
					&#8211;				</span>
			
							<span class="tribe-events-schedule__time tribe-events-schedule__time--end">
					23:45				</span>
			
						</p>
</div>


<div  class="tribe-block tribe-block__event-price" >
			<span class="tribe-block__event-price__cost"> 10€ </span>
				<span class="tribe-block__event-price__description">+ gg Anticipada | 12€ Taquilla. Todos los tramos incluyen UNA CONSUMICIÓN.</span>
	</div>



<div class="wp-block-columns is-layout-flex wp-container-core-columns-is-layout-8f761849 wp-block-columns-is-layout-flex">
<div class="wp-block-column is-layout-flow wp-block-column-is-layout-flow" style="flex-basis:33.33%">
<figure class="wp-block-image size-large"><img loading="lazy" decoding="async" width="736" height="1040" src="https://cafelapalma.com/wp-content/uploads/2026/03/JANSO-WEB-1-736x1040.jpg" alt="" class="wp-image-33653" srcset="https://cafelapalma.com/wp-content/uploads/2026/03/JANSO-WEB-1-736x1040.jpg 736w, https://cafelapalma.com/wp-content/uploads/2026/03/JANSO-WEB-1-212x300.jpg 212w, https://cafelapalma.com/wp-content/uploads/2026/03/JANSO-WEB-1-768x1086.jpg 768w, https://cafelapalma.com/wp-content/uploads/2026/03/JANSO-WEB-1-1086x1536.jpg 1086w, https://cafelapalma.com/wp-content/uploads/2026/03/JANSO-WEB-1-1448x2048.jpg 1448w, https://cafelapalma.com/wp-content/uploads/2026/03/JANSO-WEB-1-8x12.jpg 8w, https://cafelapalma.com/wp-content/uploads/2026/03/JANSO-WEB-1-42x60.jpg 42w, https://cafelapalma.com/wp-content/uploads/2026/03/JANSO-WEB-1.jpg 1575w" sizes="auto, (max-width: 736px) 100vw, 736px" /></figure>


<div  class="tribe-block tribe-block__event-website" >
	<a
		href="https://www.notikumi.com/channel/cafe-la-palma/2026/5/1/janso-di-buffala-presenta-el-camino-del-bufalo"
		target="_self"
			>
		BUY TICKETS	</a>
</div>
</div>



<div class="wp-block-column is-layout-flow wp-block-column-is-layout-flow" style="flex-basis:66.66%">
<div style="height:100px" aria-hidden="true" class="wp-block-spacer"></div>



<p class="has-text-align-left wp-block-paragraph">El próximo 1 de mayo, Café La Palma acoge la presentación en directo de El camino del Buffalo, la nueva maqueta de Janso di Buffala. </p>



<p class="has-text-align-left wp-block-paragraph">El proyecto está compuesto por diez canciones que orbitan alrededor de un rap crudo y métrico, construido sobre un boom bap clásico y contemporáneo. La propuesta no busca nostalgia ni tendencia: se sitúa en un punto honesto donde la palabra es protagonista y la<br>base acompaña con intención y carácter.</p>



<p class="has-text-align-left wp-block-paragraph">Janso di Buffala, artista madrileño de 26 años, entiende el Hip Hop no solo como un género musical sino como una forma de observar y habitar lo cotidiano. Su escritura parte de lo cercano, de lo tangible, y lo transforma en relato directo, sin artificios. Métrica precisa, energía contenida y una puesta en escena que prioriza el mensaje sin olvidarse de la importancia del directo.</p>



<p class="has-text-align-right wp-block-paragraph"><a href="https://open.spotify.com/intl-es/artist/4uYoCV96kWK59JAwu1dbSM?si=h8wF1KrhTtSOvYGGAtflSg&amp;nd=1&amp;dlsi=eacb9ffdcd124954"><em>Listen to</em> <strong>Janso di Buffala</strong> <em>in </em><strong>Spotify.</strong></a></p>
</div>
</div>



<div style="height:100px" aria-hidden="true" class="wp-block-spacer"></div>


<h2 class="tribe-block__related-events__title">Related Events</h2>

<ul  class="tribe-related-events tribe-clearfix" >
			<li>
	
<div class="tribe-related-events-thumbnail">
	<a href="https://cafelapalma.com/en/programacion/funkin-donuts/" class="url" rel="bookmark" tabindex="-1" aria-hidden="true"><img loading="lazy" decoding="async" width="693" height="1040" src="https://cafelapalma.com/wp-content/uploads/2026/07/FD-vert2-bn-693x1040.jpg" class="attachment-large size-large wp-post-image" alt="" /></a>
</div>
	<div class="tribe-related-event-info">
	<h3 class="tribe-related-events-title">
		<a href="https://cafelapalma.com/en/programacion/funkin-donuts/" class="tribe-event-url" rel="bookmark">
			FUNKIN&#8217; DONUTS		</a>
	</h3>
	<span class="tribe-event-date-start">5  September@22:00</span><span class="tribe-event-time">23:45</span></div>
</li>
			<li>
	
<div class="tribe-related-events-thumbnail">
	<a href="https://cafelapalma.com/en/programacion/backstage-le-petit-truffle-mayo/" class="url" rel="bookmark" tabindex="-1" aria-hidden="true"><img loading="lazy" decoding="async" width="780" height="1040" src="https://cafelapalma.com/wp-content/uploads/2026/07/Imagen-TruffleMayo-LePetit-i-1-780x1040.png" class="attachment-large size-large wp-post-image" alt="" /></a>
</div>
	<div class="tribe-related-event-info">
	<h3 class="tribe-related-events-title">
		<a href="https://cafelapalma.com/en/programacion/backstage-le-petit-truffle-mayo/" class="tribe-event-url" rel="bookmark">
			BACKSTAGE: LE PETIT + TRUFFLE MAYO		</a>
	</h3>
	<span class="tribe-event-date-start">5  September@23:55</span></div>
</li>
			<li>
	
<div class="tribe-related-events-thumbnail">
	<a href="https://cafelapalma.com/en/programacion/willie-deville-concierto-benefico-x-venezuela/" class="url" rel="bookmark" tabindex="-1" aria-hidden="true"><img loading="lazy" decoding="async" width="1020" height="531" src="https://cafelapalma.com/wp-content/uploads/2026/08/Willie-deville-1100x572-1-1040x541.jpg" class="attachment-large size-large wp-post-image" alt="" /></a>
</div>
	<div class="tribe-related-event-info">
	<h3 class="tribe-related-events-title">
		<a href="https://cafelapalma.com/en/programacion/willie-deville-concierto-benefico-x-venezuela/" class="tribe-event-url" rel="bookmark">
			WILLIE DEVILLE: CONCIERTO BENÉFICO X VENEZUELA		</a>
	</h3>
	<span class="tribe-event-date-start">6  September@21:00</span><span class="tribe-event-time">23:45</span></div>
</li>
	</ul>

<p>El próximo 1 de mayo, Café La Palma acoge la presentación en directo de El camino del Buffalo, la nueva maqueta de Janso di Buffala. El proyecto está compuesto por diez canciones que orbitan alrededor de un rap crudo y métrico, construido sobre un boom bap clásico y contemporáneo. La propuesta no busca nostalgia ni &hellip; </p>

El próximo 1 de mayo, Café La Palma acoge la presentación en directo de El camino del Buffalo, la nueva maqueta de Janso di Buffala. El proyecto está compuesto por diez canciones que orbitan alrededor de un rap crudo y métrico, construido sobre un boom bap clásico y contemporáneo. La propuesta no busca nostalgia ni&hellip;
