{"id":33703,"date":"2026-04-03T11:38:13","date_gmt":"2026-04-03T09:38:13","guid":{"rendered":"https:\/\/cafelapalma.com\/?post_type=tribe_events&#038;p=33703"},"modified":"2026-04-16T17:28:53","modified_gmt":"2026-04-16T15:28:53","slug":"konga-kanibal-piso-piloto","status":"publish","type":"tribe_events","link":"https:\/\/cafelapalma.com\/en\/programacion\/konga-kanibal-piso-piloto\/","title":{"rendered":"SONIDO MADRID EN VIVO &#8211; SAN ISIDRO 26: KONGA KAN\u00cdBAL + PISO PILOTO"},"content":{"rendered":"<div  class=\"tribe-events-schedule tribe-clearfix\" >\n\t<p class=\"tribe-events-schedule__datetime\">\n\t\t<span class=\"tribe-events-schedule__date tribe-events-schedule__date--start\">\n\t\t\t16  May\t\t<\/span>\n\n\t\t\t\t\t<span class=\"tribe-events-schedule__separator tribe-events-schedule__separator--date\">\n\t\t\t\t@\t\t\t<\/span>\n\t\t\t<span class=\"tribe-events-schedule__time tribe-events-schedule__time--start\">\n\t\t\t\t21:30\t\t\t<\/span>\n\t\t\n\t\t\t\t\t\t\t\t\t<span class=\"tribe-events-schedule__separator tribe-events-schedule__separator--time\">\n\t\t\t\t\t&#8211;\t\t\t\t<\/span>\n\t\t\t\n\t\t\t\t\t\t\t<span class=\"tribe-events-schedule__time tribe-events-schedule__time--end\">\n\t\t\t\t\t23:45\t\t\t\t<\/span>\n\t\t\t\n\t\t\t\t\t\t<\/p>\n<\/div>\n\n\n<div  class=\"tribe-block tribe-block__event-price\" >\n\t\t\t<span class=\"tribe-block__event-price__cost\"> 12\u20ac <\/span>\n\t\t\t\t<span class=\"tribe-block__event-price__description\">+ gg Anticipada | 15\u20ac Taquilla<\/span>\n\t<\/div>\n\n\n\n<div class=\"wp-block-columns is-layout-flex wp-container-core-columns-is-layout-8f761849 wp-block-columns-is-layout-flex\">\n<div class=\"wp-block-column is-layout-flow wp-block-column-is-layout-flow\" style=\"flex-basis:33.33%\">\n<figure class=\"wp-block-image size-large\"><img decoding=\"async\" src=\"https:\/\/cafelapalma.com\/wp-content\/uploads\/2026\/04\/konga-kanibal-post-san-isidro-1-832x1040.jpg\" alt=\"\" class=\"wp-image-33820\"\/><\/figure>\n\n\n<div  class=\"tribe-block tribe-block__event-website\" >\n\t<a\n\t\thref=\"https:\/\/www.notikumi.com\/channel\/cafe-la-palma\/2026\/5\/16\/konga-kanibal-piso-piloto\"\n\t\ttarget=\"_self\"\n\t\t\t>\n\t\tBUY TICKETS\t<\/a>\n<\/div>\n<\/div>\n\n\n\n<div class=\"wp-block-column is-layout-flow wp-block-column-is-layout-flow\" style=\"flex-basis:66.66%\">\n<div style=\"height:100px\" aria-hidden=\"true\" class=\"wp-block-spacer\"><\/div>\n\n\n\n<p class=\"has-text-align-left wp-block-paragraph\">Vuelve <strong>Konga Kan\u00edbal<\/strong> a Caf\u00e9 La Palma. Vuelve despu\u00e9s de una gira inexistente por ning\u00fan lado donde no ha pasado nada. No hay expectativas y, por tanto, todo puede ocurrir. El en\u00e9rgico grupo de punk ecl\u00e9ctico madrile\u00f1o se presenta un a\u00f1o m\u00e1s en este escenario m\u00edtico de Malasa\u00f1a para crear el caos entre pogos y levantar las risas entre el p\u00fablico. No sabemos si se r\u00eden de ellos o con ellos, pero la gente siempre lo disfruta.<\/p>\n\n\n\n<p class=\"has-text-align-left wp-block-paragraph\">En su explosivo directo se presentan con composiciones propias, humor y muchas ganas de levantar al p\u00fablico. En esta ocasi\u00f3n, adem\u00e1s, van acompa\u00f1ados de sus amigos de <strong>Piso Piloto<\/strong>, un grupo que mezcla s\u00e1tira a ritmo de punk, rock y rap con toques circenses en su directo. Este doble concierto asegura la diversi\u00f3n, el baile, los pogos, y, seguramente, alg\u00fan codazo.<\/p>\n\n\n\n<p class=\"has-text-align-left wp-block-paragraph\">Qu\u00e9 mejor manera de cerrar las fiestas de San Isidro que yendo este 16 de mayo al Caf\u00e9 la Palma a disfrutar de un show estrafalario, tras el cual seguramente Trump nos imponga alg\u00fan que otro arancel.&nbsp;<\/p>\n\n\n\n<p class=\"has-text-align-right wp-block-paragraph\"><a href=\"https:\/\/open.spotify.com\/intl-es\/artist\/41eUjSkj8It1AgVX3wx8Xl?si=yaMZtSqGQNyxGHp2J8qT1Q\"><em>Escucha<\/em> <strong>KONGA KAN\u00cdBAL <\/strong><em>in <\/em><strong>Spotify<\/strong>.<\/a><\/p>\n\n\n\n<p class=\"has-text-align-right wp-block-paragraph\"><a href=\"https:\/\/open.spotify.com\/intl-es\/artist\/6tQK138Vxap50aqGSXKB9O?si=nrxdsMfMSI25LK33dERXPQ\" type=\"link\" id=\"https:\/\/open.spotify.com\/intl-es\/artist\/6tQK138Vxap50aqGSXKB9O?si=nrxdsMfMSI25LK33dERXPQ\"><em>Escucha<\/em> <strong>PISO PILOTO <\/strong><em>in <\/em><strong>Spotify<\/strong>.<\/a><\/p>\n<\/div>\n<\/div>\n\n\n\n<div style=\"height:100px\" aria-hidden=\"true\" class=\"wp-block-spacer\"><\/div>\n\n\n<h2 class=\"tribe-block__related-events__title\">Related Events<\/h2>\n\n<ul  class=\"tribe-related-events tribe-clearfix\" >\n\t\t\t<li>\n\t\n<div class=\"tribe-related-events-thumbnail\">\n\t<a href=\"https:\/\/cafelapalma.com\/en\/programacion\/funkin-donuts\/\" class=\"url\" rel=\"bookmark\" tabindex=\"-1\" aria-hidden=\"true\"><img loading=\"lazy\" decoding=\"async\" width=\"693\" height=\"1040\" src=\"https:\/\/cafelapalma.com\/wp-content\/uploads\/2026\/07\/FD-vert2-bn-693x1040.jpg\" class=\"attachment-large size-large wp-post-image\" alt=\"\" \/><\/a>\n<\/div>\n\t<div class=\"tribe-related-event-info\">\n\t<h3 class=\"tribe-related-events-title\">\n\t\t<a href=\"https:\/\/cafelapalma.com\/en\/programacion\/funkin-donuts\/\" class=\"tribe-event-url\" rel=\"bookmark\">\n\t\t\tFUNKIN&#8217; DONUTS\t\t<\/a>\n\t<\/h3>\n\t<span class=\"tribe-event-date-start\">5  September@22:00<\/span><span class=\"tribe-event-time\">23:45<\/span><\/div>\n<\/li>\n\t\t\t<li>\n\t\n<div class=\"tribe-related-events-thumbnail\">\n\t<a href=\"https:\/\/cafelapalma.com\/en\/programacion\/backstage-le-petit-truffle-mayo\/\" class=\"url\" rel=\"bookmark\" tabindex=\"-1\" aria-hidden=\"true\"><img loading=\"lazy\" decoding=\"async\" width=\"780\" height=\"1040\" src=\"https:\/\/cafelapalma.com\/wp-content\/uploads\/2026\/07\/Imagen-TruffleMayo-LePetit-i-1-780x1040.png\" class=\"attachment-large size-large wp-post-image\" alt=\"\" \/><\/a>\n<\/div>\n\t<div class=\"tribe-related-event-info\">\n\t<h3 class=\"tribe-related-events-title\">\n\t\t<a href=\"https:\/\/cafelapalma.com\/en\/programacion\/backstage-le-petit-truffle-mayo\/\" class=\"tribe-event-url\" rel=\"bookmark\">\n\t\t\tBACKSTAGE: LE PETIT + TRUFFLE MAYO\t\t<\/a>\n\t<\/h3>\n\t<span class=\"tribe-event-date-start\">5  September@23:55<\/span><\/div>\n<\/li>\n\t\t\t<li>\n\t\n<div class=\"tribe-related-events-thumbnail\">\n\t<a href=\"https:\/\/cafelapalma.com\/en\/programacion\/willie-deville-concierto-benefico-x-venezuela\/\" class=\"url\" rel=\"bookmark\" tabindex=\"-1\" aria-hidden=\"true\"><img loading=\"lazy\" decoding=\"async\" width=\"1020\" height=\"531\" src=\"https:\/\/cafelapalma.com\/wp-content\/uploads\/2026\/08\/Willie-deville-1100x572-1-1040x541.jpg\" class=\"attachment-large size-large wp-post-image\" alt=\"\" \/><\/a>\n<\/div>\n\t<div class=\"tribe-related-event-info\">\n\t<h3 class=\"tribe-related-events-title\">\n\t\t<a href=\"https:\/\/cafelapalma.com\/en\/programacion\/willie-deville-concierto-benefico-x-venezuela\/\" class=\"tribe-event-url\" rel=\"bookmark\">\n\t\t\tWILLIE DEVILLE: CONCIERTO BEN\u00c9FICO X VENEZUELA\t\t<\/a>\n\t<\/h3>\n\t<span class=\"tribe-event-date-start\">6  September@21:00<\/span><span class=\"tribe-event-time\">23:45<\/span><\/div>\n<\/li>\n\t<\/ul>","protected":false},"excerpt":{"rendered":"<p>Vuelve Konga Kan\u00edbal a Caf\u00e9 La Palma. Vuelve despu\u00e9s de una gira inexistente por ning\u00fan lado donde no ha pasado nada. No hay expectativas y, por tanto, todo puede ocurrir. El en\u00e9rgico grupo de punk ecl\u00e9ctico madrile\u00f1o se presenta un a\u00f1o m\u00e1s en este escenario m\u00edtico de Malasa\u00f1a para crear el caos entre pogos y &hellip; <\/p>","protected":false},"author":2,"featured_media":33820,"template":"","meta":{"_tec_requires_first_save":false,"_uag_custom_page_level_css":"","loftloader_page_shortcode":"","_EventAllDay":false,"_EventTimezone":"Europe\/Madrid","_EventStartDate":"2026-05-16 21:30:00","_EventEndDate":"2026-05-16 23:45:00","_EventStartDateUTC":"2026-05-16 19:30:00","_EventEndDateUTC":"2026-05-16 21:45:00","_EventShowMap":false,"_EventShowMapLink":false,"_EventURL":"https:\/\/www.notikumi.com\/channel\/cafe-la-palma\/2026\/5\/16\/konga-kanibal-piso-piloto","_EventCost":"12","_EventCostDescription":"","_EventCurrencySymbol":"\u20ac","_EventCurrencyCode":"USD","_EventCurrencyPosition":"suffix","_EventDateTimeSeparator":"@","_EventTimeRangeSeparator":"-","_EventOrganizerID":[],"_EventVenueID":[],"_OrganizerEmail":"","_OrganizerPhone":"","_OrganizerWebsite":"","_VenueAddress":"","_VenueCity":"","_VenueCountry":"","_VenueProvince":"","_VenueState":"","_VenueZip":"","_VenuePhone":"","_VenueURL":"","_VenueStateProvince":"","_VenueLat":"","_VenueLng":"","_VenueShowMap":false,"_VenueShowMapLink":false,"_tribe_blocks_recurrence_rules":"","_tribe_blocks_recurrence_description":"","_tribe_blocks_recurrence_exclusions":"","_ecp_custom_2":"","_tribe_events_status":"","_tribe_events_status_reason":"","_tribe_events_is_hybrid":"","_tribe_events_is_virtual":"","_tribe_events_virtual_video_source":"","_tribe_events_virtual_embed_video":"","_tribe_events_virtual_linked_button_text":"","_tribe_events_virtual_linked_button":"","_tribe_events_virtual_show_embed_at":"","_tribe_events_virtual_show_embed_to":[],"_tribe_events_virtual_show_on_event":"","_tribe_events_virtual_show_on_views":"","_tribe_events_virtual_url":"","footnotes":""},"tags":[1363,2865,9147,9146,18498,18438,18496,18439,2395,1354,18497,12608],"tribe_events_cat":[8963],"class_list":["post-33703","tribe_events","type-tribe_events","status-publish","has-post-thumbnail","hentry","tag-cafe-la-palma","tag-conciertos-cafe-la-palma","tag-conciertos-madrid","tag-conciertos-malasana","tag-conciertos-san-isidro-2026","tag-konga-kanibal-2","tag-madrid-en-vivo-2026","tag-piso-piloto","tag-rap","tag-rock","tag-san-isidro-2026","tag-sonido-madrid-en-vivo","tribe_events_cat-concierto","cat_concierto"],"uagb_featured_image_src":{"full":["https:\/\/cafelapalma.com\/wp-content\/uploads\/2026\/04\/konga-kanibal-post-san-isidro-1-e1778506172565.jpg",1080,632,false],"thumbnail":["https:\/\/cafelapalma.com\/wp-content\/uploads\/2026\/04\/konga-kanibal-post-san-isidro-1-e1778506172565-150x150.jpg",150,150,true],"medium":["https:\/\/cafelapalma.com\/wp-content\/uploads\/2026\/04\/konga-kanibal-post-san-isidro-1-e1778506172565-300x176.jpg",300,176,true],"medium_large":["https:\/\/cafelapalma.com\/wp-content\/uploads\/2026\/04\/konga-kanibal-post-san-isidro-1-e1778506172565-768x449.jpg",768,449,true],"large":["https:\/\/cafelapalma.com\/wp-content\/uploads\/2026\/04\/konga-kanibal-post-san-isidro-1-e1778506172565-1040x609.jpg",1020,597,true],"1536x1536":["https:\/\/cafelapalma.com\/wp-content\/uploads\/2026\/04\/konga-kanibal-post-san-isidro-1-e1778506172565.jpg",1080,632,false],"2048x2048":["https:\/\/cafelapalma.com\/wp-content\/uploads\/2026\/04\/konga-kanibal-post-san-isidro-1-e1778506172565.jpg",1080,632,false],"trp-custom-language-flag":["https:\/\/cafelapalma.com\/wp-content\/uploads\/2026\/04\/konga-kanibal-post-san-isidro-1-e1778506172565-18x12.jpg",18,12,true],"blossom-feminine-slider":["https:\/\/cafelapalma.com\/wp-content\/uploads\/2026\/04\/konga-kanibal-post-san-isidro-1-1080x649.jpg",1080,649,true],"blossom-feminine-featured":["https:\/\/cafelapalma.com\/wp-content\/uploads\/2026\/04\/konga-kanibal-post-san-isidro-1-e1778506172565-1080x600.jpg",1080,600,true],"blossom-feminine-with-sidebar":["https:\/\/cafelapalma.com\/wp-content\/uploads\/2026\/04\/konga-kanibal-post-san-isidro-1-e1778506172565-1020x600.jpg",1020,600,true],"blossom-feminine-blog":["https:\/\/cafelapalma.com\/wp-content\/uploads\/2026\/04\/konga-kanibal-post-san-isidro-1-e1778506172565-435x435.jpg",435,435,true],"blossom-feminine-cat":["https:\/\/cafelapalma.com\/wp-content\/uploads\/2026\/04\/konga-kanibal-post-san-isidro-1-e1778506172565-450x300.jpg",450,300,true],"blossom-feminine-related":["https:\/\/cafelapalma.com\/wp-content\/uploads\/2026\/04\/konga-kanibal-post-san-isidro-1-e1778506172565-320x200.jpg",320,200,true],"blossom-feminine-schema":["https:\/\/cafelapalma.com\/wp-content\/uploads\/2026\/04\/konga-kanibal-post-san-isidro-1-e1778506172565-103x60.jpg",103,60,true]},"uagb_author_info":{"display_name":"Victor","author_link":"https:\/\/cafelapalma.com\/en\/author\/comunicacion\/"},"uagb_comment_info":0,"uagb_excerpt":"Vuelve Konga Kan\u00edbal a Caf\u00e9 La Palma. Vuelve despu\u00e9s de una gira inexistente por ning\u00fan lado donde no ha pasado nada. No hay expectativas y, por tanto, todo puede ocurrir. El en\u00e9rgico grupo de punk ecl\u00e9ctico madrile\u00f1o se presenta un a\u00f1o m\u00e1s en este escenario m\u00edtico de Malasa\u00f1a para crear el caos entre pogos y&hellip;","_links":{"self":[{"href":"https:\/\/cafelapalma.com\/en\/wp-json\/wp\/v2\/tribe_events\/33703","targetHints":{"allow":["GET"]}}],"collection":[{"href":"https:\/\/cafelapalma.com\/en\/wp-json\/wp\/v2\/tribe_events"}],"about":[{"href":"https:\/\/cafelapalma.com\/en\/wp-json\/wp\/v2\/types\/tribe_events"}],"author":[{"embeddable":true,"href":"https:\/\/cafelapalma.com\/en\/wp-json\/wp\/v2\/users\/2"}],"version-history":[{"count":0,"href":"https:\/\/cafelapalma.com\/en\/wp-json\/wp\/v2\/tribe_events\/33703\/revisions"}],"wp:featuredmedia":[{"embeddable":true,"href":"https:\/\/cafelapalma.com\/en\/wp-json\/wp\/v2\/media\/33820"}],"wp:attachment":[{"href":"https:\/\/cafelapalma.com\/en\/wp-json\/wp\/v2\/media?parent=33703"}],"wp:term":[{"taxonomy":"post_tag","embeddable":true,"href":"https:\/\/cafelapalma.com\/en\/wp-json\/wp\/v2\/tags?post=33703"},{"taxonomy":"tribe_events_cat","embeddable":true,"href":"https:\/\/cafelapalma.com\/en\/wp-json\/wp\/v2\/tribe_events_cat?post=33703"}],"curies":[{"name":"wp","href":"https:\/\/api.w.org\/{rel}","templated":true}]}}

SONIDO MADRID EN VIVO &#8211; SAN ISIDRO 26: KONGA KANÍBAL + PISO PILOTO

<div  class="tribe-events-schedule tribe-clearfix" >
	<p class="tribe-events-schedule__datetime">
		<span class="tribe-events-schedule__date tribe-events-schedule__date--start">
			16  May		</span>

					<span class="tribe-events-schedule__separator tribe-events-schedule__separator--date">
				@			</span>
			<span class="tribe-events-schedule__time tribe-events-schedule__time--start">
				21:30			</span>
		
									<span class="tribe-events-schedule__separator tribe-events-schedule__separator--time">
					&#8211;				</span>
			
							<span class="tribe-events-schedule__time tribe-events-schedule__time--end">
					23:45				</span>
			
						</p>
</div>


<div  class="tribe-block tribe-block__event-price" >
			<span class="tribe-block__event-price__cost"> 12€ </span>
				<span class="tribe-block__event-price__description">+ gg Anticipada | 15€ Taquilla</span>
	</div>



<div class="wp-block-columns is-layout-flex wp-container-core-columns-is-layout-8f761849 wp-block-columns-is-layout-flex">
<div class="wp-block-column is-layout-flow wp-block-column-is-layout-flow" style="flex-basis:33.33%">
<figure class="wp-block-image size-large"><img decoding="async" src="https://cafelapalma.com/wp-content/uploads/2026/04/konga-kanibal-post-san-isidro-1-832x1040.jpg" alt="" class="wp-image-33820"/></figure>


<div  class="tribe-block tribe-block__event-website" >
	<a
		href="https://www.notikumi.com/channel/cafe-la-palma/2026/5/16/konga-kanibal-piso-piloto"
		target="_self"
			>
		BUY TICKETS	</a>
</div>
</div>



<div class="wp-block-column is-layout-flow wp-block-column-is-layout-flow" style="flex-basis:66.66%">
<div style="height:100px" aria-hidden="true" class="wp-block-spacer"></div>



<p class="has-text-align-left wp-block-paragraph">Vuelve <strong>Konga Kaníbal</strong> a Café La Palma. Vuelve después de una gira inexistente por ningún lado donde no ha pasado nada. No hay expectativas y, por tanto, todo puede ocurrir. El enérgico grupo de punk ecléctico madrileño se presenta un año más en este escenario mítico de Malasaña para crear el caos entre pogos y levantar las risas entre el público. No sabemos si se ríen de ellos o con ellos, pero la gente siempre lo disfruta.</p>



<p class="has-text-align-left wp-block-paragraph">En su explosivo directo se presentan con composiciones propias, humor y muchas ganas de levantar al público. En esta ocasión, además, van acompañados de sus amigos de <strong>Piso Piloto</strong>, un grupo que mezcla sátira a ritmo de punk, rock y rap con toques circenses en su directo. Este doble concierto asegura la diversión, el baile, los pogos, y, seguramente, algún codazo.</p>



<p class="has-text-align-left wp-block-paragraph">Qué mejor manera de cerrar las fiestas de San Isidro que yendo este 16 de mayo al Café la Palma a disfrutar de un show estrafalario, tras el cual seguramente Trump nos imponga algún que otro arancel.&nbsp;</p>



<p class="has-text-align-right wp-block-paragraph"><a href="https://open.spotify.com/intl-es/artist/41eUjSkj8It1AgVX3wx8Xl?si=yaMZtSqGQNyxGHp2J8qT1Q"><em>Escucha</em> <strong>KONGA KANÍBAL </strong><em>in </em><strong>Spotify</strong>.</a></p>



<p class="has-text-align-right wp-block-paragraph"><a href="https://open.spotify.com/intl-es/artist/6tQK138Vxap50aqGSXKB9O?si=nrxdsMfMSI25LK33dERXPQ" type="link" id="https://open.spotify.com/intl-es/artist/6tQK138Vxap50aqGSXKB9O?si=nrxdsMfMSI25LK33dERXPQ"><em>Escucha</em> <strong>PISO PILOTO </strong><em>in </em><strong>Spotify</strong>.</a></p>
</div>
</div>



<div style="height:100px" aria-hidden="true" class="wp-block-spacer"></div>


<h2 class="tribe-block__related-events__title">Related Events</h2>

<ul  class="tribe-related-events tribe-clearfix" >
			<li>
	
<div class="tribe-related-events-thumbnail">
	<a href="https://cafelapalma.com/en/programacion/funkin-donuts/" class="url" rel="bookmark" tabindex="-1" aria-hidden="true"><img loading="lazy" decoding="async" width="693" height="1040" src="https://cafelapalma.com/wp-content/uploads/2026/07/FD-vert2-bn-693x1040.jpg" class="attachment-large size-large wp-post-image" alt="" /></a>
</div>
	<div class="tribe-related-event-info">
	<h3 class="tribe-related-events-title">
		<a href="https://cafelapalma.com/en/programacion/funkin-donuts/" class="tribe-event-url" rel="bookmark">
			FUNKIN&#8217; DONUTS		</a>
	</h3>
	<span class="tribe-event-date-start">5  September@22:00</span><span class="tribe-event-time">23:45</span></div>
</li>
			<li>
	
<div class="tribe-related-events-thumbnail">
	<a href="https://cafelapalma.com/en/programacion/backstage-le-petit-truffle-mayo/" class="url" rel="bookmark" tabindex="-1" aria-hidden="true"><img loading="lazy" decoding="async" width="780" height="1040" src="https://cafelapalma.com/wp-content/uploads/2026/07/Imagen-TruffleMayo-LePetit-i-1-780x1040.png" class="attachment-large size-large wp-post-image" alt="" /></a>
</div>
	<div class="tribe-related-event-info">
	<h3 class="tribe-related-events-title">
		<a href="https://cafelapalma.com/en/programacion/backstage-le-petit-truffle-mayo/" class="tribe-event-url" rel="bookmark">
			BACKSTAGE: LE PETIT + TRUFFLE MAYO		</a>
	</h3>
	<span class="tribe-event-date-start">5  September@23:55</span></div>
</li>
			<li>
	
<div class="tribe-related-events-thumbnail">
	<a href="https://cafelapalma.com/en/programacion/willie-deville-concierto-benefico-x-venezuela/" class="url" rel="bookmark" tabindex="-1" aria-hidden="true"><img loading="lazy" decoding="async" width="1020" height="531" src="https://cafelapalma.com/wp-content/uploads/2026/08/Willie-deville-1100x572-1-1040x541.jpg" class="attachment-large size-large wp-post-image" alt="" /></a>
</div>
	<div class="tribe-related-event-info">
	<h3 class="tribe-related-events-title">
		<a href="https://cafelapalma.com/en/programacion/willie-deville-concierto-benefico-x-venezuela/" class="tribe-event-url" rel="bookmark">
			WILLIE DEVILLE: CONCIERTO BENÉFICO X VENEZUELA		</a>
	</h3>
	<span class="tribe-event-date-start">6  September@21:00</span><span class="tribe-event-time">23:45</span></div>
</li>
	</ul>

<p>Vuelve Konga Kaníbal a Café La Palma. Vuelve después de una gira inexistente por ningún lado donde no ha pasado nada. No hay expectativas y, por tanto, todo puede ocurrir. El enérgico grupo de punk ecléctico madrileño se presenta un año más en este escenario mítico de Malasaña para crear el caos entre pogos y &hellip; </p>

Vuelve Konga Kaníbal a Café La Palma. Vuelve después de una gira inexistente por ningún lado donde no ha pasado nada. No hay expectativas y, por tanto, todo puede ocurrir. El enérgico grupo de punk ecléctico madrileño se presenta un año más en este escenario mítico de Malasaña para crear el caos entre pogos y&hellip;
