{"id":34095,"date":"2026-05-20T10:11:28","date_gmt":"2026-05-20T08:11:28","guid":{"rendered":"https:\/\/cafelapalma.com\/?post_type=tribe_events&#038;p=34095"},"modified":"2026-05-20T10:12:27","modified_gmt":"2026-05-20T08:12:27","slug":"suadisko-natxo-b2b-delvi","status":"publish","type":"tribe_events","link":"https:\/\/cafelapalma.com\/en\/programacion\/suadisko-natxo-b2b-delvi\/","title":{"rendered":"SUADISKO: NATXO B2B DELVI"},"content":{"rendered":"<div  class=\"tribe-events-schedule tribe-clearfix\" >\n\t<p class=\"tribe-events-schedule__datetime\">\n\t\t<span class=\"tribe-events-schedule__date tribe-events-schedule__date--start\">\n\t\t\t5  June\t\t<\/span>\n\n\t\t\t\t\t<span class=\"tribe-events-schedule__separator tribe-events-schedule__separator--date\">\n\t\t\t\t@\t\t\t<\/span>\n\t\t\t<span class=\"tribe-events-schedule__time tribe-events-schedule__time--start\">\n\t\t\t\t23:55\t\t\t<\/span>\n\t\t\n\t\t\t<\/p>\n<\/div>\n\n\n<div  class=\"tribe-block tribe-block__event-price\" >\n\t\t\t<span class=\"tribe-block__event-price__cost\"> ENTRADA LIBRE <\/span>\n\t\t\t\t<span class=\"tribe-block__event-price__description\">hasta la 01:00 | 13\u20ac taquilla de 01:00 a 03:00 (incluye UNA COPA o DOS CERVEZAS) | 15\u20ac taquilla de 03:00 a cierre (incluye UNA COPA).<\/span>\n\t<\/div>\n\n\n\n<div class=\"wp-block-columns is-layout-flex wp-container-core-columns-is-layout-8f761849 wp-block-columns-is-layout-flex\">\n<div class=\"wp-block-column is-layout-flow wp-block-column-is-layout-flow\" style=\"flex-basis:33.33%\">\n<figure class=\"wp-block-image size-large\"><img loading=\"lazy\" decoding=\"async\" width=\"736\" height=\"1040\" src=\"https:\/\/cafelapalma.com\/wp-content\/uploads\/2026\/05\/a3-3-1-1-736x1040.png\" alt=\"\" class=\"wp-image-34096\" srcset=\"https:\/\/cafelapalma.com\/wp-content\/uploads\/2026\/05\/a3-3-1-1-736x1040.png 736w, https:\/\/cafelapalma.com\/wp-content\/uploads\/2026\/05\/a3-3-1-1-212x300.png 212w, https:\/\/cafelapalma.com\/wp-content\/uploads\/2026\/05\/a3-3-1-1-768x1086.png 768w, https:\/\/cafelapalma.com\/wp-content\/uploads\/2026\/05\/a3-3-1-1-8x12.png 8w, https:\/\/cafelapalma.com\/wp-content\/uploads\/2026\/05\/a3-3-1-1-42x60.png 42w, https:\/\/cafelapalma.com\/wp-content\/uploads\/2026\/05\/a3-3-1-1.png 877w\" sizes=\"auto, (max-width: 736px) 100vw, 736px\" \/><\/figure>\n<\/div>\n\n\n\n<div class=\"wp-block-column is-layout-flow wp-block-column-is-layout-flow\" style=\"flex-basis:66.66%\">\n<div style=\"height:100px\" aria-hidden=\"true\" class=\"wp-block-spacer\"><\/div>\n\n\n\n<p class=\"has-text-align-left wp-block-paragraph\">Para esta edici\u00f3n, los integrantes de SuaDisko, Natxo y Delvi , se unen en un B2B all night long donde la curadur\u00eda musical ser\u00e1 el eje central de la noche.<\/p>\n\n\n\n<p class=\"has-text-align-left wp-block-paragraph\">M\u00e1s que una fiesta, ser\u00e1 un viaje sonoro construido de principio a fin, explorando sus influencias m\u00e1s ecl\u00e9cticas entre house, minimal, electro y ritmos tanto en digital como&nbsp;en vinilos. A trav\u00e9s de transiciones fluidas y una selecci\u00f3n cuidadosamente pensada, ambos DJs crear\u00e1n una atm\u00f3sfera inmersiva que evolucionar\u00e1 durante toda la sesi\u00f3n, conectando energ\u00eda, texturas y emociones en la pista.<\/p>\n\n\n\n<p class=\"has-text-align-left wp-block-paragraph\"><strong>Natxo<\/strong>:\u00a0DJ y promotor hispano-colombiano afincado residente en Madrid. Su sonido mezcla house, electro, tech house, minimal y breakbeat, influenciado por su vida entre Europa, Am\u00e9rica Latina y EE. UU. Ha actuado en clubes como\u00a0Cadavra Club\u00a0y Siroco en Madrid\u00a0y en eventos internacionales como\u00a0La F\u00eate de la Musique en Par\u00eds o Ritmo en Manila.\u00a0 Sus sets destacan por transiciones fluidas, energ\u00eda vers\u00e1til y una mezcla de culturas y emociones en la pista.<\/p>\n\n\n\n<p class=\"has-text-align-left wp-block-paragraph\"><strong>Delvi <\/strong>es un DJ colombiano afincado en Madrid. Su estilo mezcla house, tech house, techno, minimal, electro y acid, combinando vinilo y digital en sets \u00fanicos e impredecibles. Es cofundador del colectivo Suadisko y ha actuado en espacios de la escena electr\u00f3nica madrile\u00f1a como\u00a0Cadavra,\u00a0Caf\u00e9 de la Palma,\u00a0Ballesta\u00a0y\u00a0Macera. Tambi\u00e9n ha colaborado con colectivos como\u00a0Time To Panic\u00a0dentro de la escena underground europea.<\/p>\n<\/div>\n<\/div>\n\n\n\n<div style=\"height:100px\" aria-hidden=\"true\" class=\"wp-block-spacer\"><\/div>\n\n\n<h2 class=\"tribe-block__related-events__title\">Related Events<\/h2>\n\n<ul  class=\"tribe-related-events tribe-clearfix\" >\n\t\t\t<li>\n\t\n<div class=\"tribe-related-events-thumbnail\">\n\t<a href=\"https:\/\/cafelapalma.com\/en\/programacion\/funkin-donuts\/\" class=\"url\" rel=\"bookmark\" tabindex=\"-1\" aria-hidden=\"true\"><img loading=\"lazy\" decoding=\"async\" width=\"693\" height=\"1040\" src=\"https:\/\/cafelapalma.com\/wp-content\/uploads\/2026\/07\/FD-vert2-bn-693x1040.jpg\" class=\"attachment-large size-large wp-post-image\" alt=\"\" \/><\/a>\n<\/div>\n\t<div class=\"tribe-related-event-info\">\n\t<h3 class=\"tribe-related-events-title\">\n\t\t<a href=\"https:\/\/cafelapalma.com\/en\/programacion\/funkin-donuts\/\" class=\"tribe-event-url\" rel=\"bookmark\">\n\t\t\tFUNKIN&#8217; DONUTS\t\t<\/a>\n\t<\/h3>\n\t<span class=\"tribe-event-date-start\">5  September@22:00<\/span><span class=\"tribe-event-time\">23:45<\/span><\/div>\n<\/li>\n\t\t\t<li>\n\t\n<div class=\"tribe-related-events-thumbnail\">\n\t<a href=\"https:\/\/cafelapalma.com\/en\/programacion\/backstage-le-petit-truffle-mayo\/\" class=\"url\" rel=\"bookmark\" tabindex=\"-1\" aria-hidden=\"true\"><img loading=\"lazy\" decoding=\"async\" width=\"780\" height=\"1040\" src=\"https:\/\/cafelapalma.com\/wp-content\/uploads\/2026\/07\/Imagen-TruffleMayo-LePetit-i-1-780x1040.png\" class=\"attachment-large size-large wp-post-image\" alt=\"\" \/><\/a>\n<\/div>\n\t<div class=\"tribe-related-event-info\">\n\t<h3 class=\"tribe-related-events-title\">\n\t\t<a href=\"https:\/\/cafelapalma.com\/en\/programacion\/backstage-le-petit-truffle-mayo\/\" class=\"tribe-event-url\" rel=\"bookmark\">\n\t\t\tBACKSTAGE: LE PETIT + TRUFFLE MAYO\t\t<\/a>\n\t<\/h3>\n\t<span class=\"tribe-event-date-start\">5  September@23:55<\/span><\/div>\n<\/li>\n\t\t\t<li>\n\t\n<div class=\"tribe-related-events-thumbnail\">\n\t<a href=\"https:\/\/cafelapalma.com\/en\/programacion\/willie-deville-concierto-benefico-x-venezuela\/\" class=\"url\" rel=\"bookmark\" tabindex=\"-1\" aria-hidden=\"true\"><img loading=\"lazy\" decoding=\"async\" width=\"1020\" height=\"531\" src=\"https:\/\/cafelapalma.com\/wp-content\/uploads\/2026\/08\/Willie-deville-1100x572-1-1040x541.jpg\" class=\"attachment-large size-large wp-post-image\" alt=\"\" \/><\/a>\n<\/div>\n\t<div class=\"tribe-related-event-info\">\n\t<h3 class=\"tribe-related-events-title\">\n\t\t<a href=\"https:\/\/cafelapalma.com\/en\/programacion\/willie-deville-concierto-benefico-x-venezuela\/\" class=\"tribe-event-url\" rel=\"bookmark\">\n\t\t\tWILLIE DEVILLE: CONCIERTO BEN\u00c9FICO X VENEZUELA\t\t<\/a>\n\t<\/h3>\n\t<span class=\"tribe-event-date-start\">6  September@21:00<\/span><span class=\"tribe-event-time\">23:45<\/span><\/div>\n<\/li>\n\t<\/ul>","protected":false},"excerpt":{"rendered":"<p>Para esta edici\u00f3n, los integrantes de SuaDisko, Natxo y Delvi , se unen en un B2B all night long donde la curadur\u00eda musical ser\u00e1 el eje central de la noche. M\u00e1s que una fiesta, ser\u00e1 un viaje sonoro construido de principio a fin, explorando sus influencias m\u00e1s ecl\u00e9cticas entre house, minimal, electro y ritmos tanto &hellip; <\/p>","protected":false},"author":2,"featured_media":34096,"template":"","meta":{"_tec_requires_first_save":false,"_uag_custom_page_level_css":"","loftloader_page_shortcode":"","_EventAllDay":false,"_EventTimezone":"Europe\/Madrid","_EventStartDate":"2026-06-05 23:55:00","_EventEndDate":"2026-06-05 23:55:00","_EventStartDateUTC":"2026-06-05 21:55:00","_EventEndDateUTC":"2026-06-05 21:55:00","_EventShowMap":false,"_EventShowMapLink":false,"_EventURL":"","_EventCost":"ENTRADA LIBRE","_EventCostDescription":"","_EventCurrencySymbol":"\u20ac","_EventCurrencyCode":"USD","_EventCurrencyPosition":"suffix","_EventDateTimeSeparator":"@","_EventTimeRangeSeparator":"-","_EventOrganizerID":[],"_EventVenueID":[],"_OrganizerEmail":"","_OrganizerPhone":"","_OrganizerWebsite":"","_VenueAddress":"","_VenueCity":"","_VenueCountry":"","_VenueProvince":"","_VenueState":"","_VenueZip":"","_VenuePhone":"","_VenueURL":"","_VenueStateProvince":"","_VenueLat":"","_VenueLng":"","_VenueShowMap":false,"_VenueShowMapLink":false,"_tribe_blocks_recurrence_rules":"","_tribe_blocks_recurrence_description":"","_tribe_blocks_recurrence_exclusions":"","_ecp_custom_2":"","_tribe_events_status":"","_tribe_events_status_reason":"","_tribe_events_is_hybrid":"","_tribe_events_is_virtual":"","_tribe_events_virtual_video_source":"","_tribe_events_virtual_embed_video":"","_tribe_events_virtual_linked_button_text":"","_tribe_events_virtual_linked_button":"","_tribe_events_virtual_show_embed_at":"","_tribe_events_virtual_show_embed_to":[],"_tribe_events_virtual_show_on_event":"","_tribe_events_virtual_show_on_views":"","_tribe_events_virtual_url":"","footnotes":""},"tags":[1363,9225,18001,18002,9146,16899,9226,9227,1357,17429,18590],"tribe_events_cat":[8964],"class_list":["post-34095","tribe_events","type-tribe_events","status-publish","has-post-thumbnail","hentry","tag-cafe-la-palma","tag-cafe-la-palma-clubbing","tag-clubbing-madrid","tag-clubbing-malasana","tag-conciertos-malasana","tag-delvi","tag-djs-madrid","tag-djs-malasana","tag-electronica","tag-natxo","tag-suadisko","tribe_events_cat-clubbing","cat_clubbing"],"uagb_featured_image_src":{"full":["https:\/\/cafelapalma.com\/wp-content\/uploads\/2026\/05\/a3-3-1-1.png",877,1240,false],"thumbnail":["https:\/\/cafelapalma.com\/wp-content\/uploads\/2026\/05\/a3-3-1-1-150x150.png",150,150,true],"medium":["https:\/\/cafelapalma.com\/wp-content\/uploads\/2026\/05\/a3-3-1-1-212x300.png",212,300,true],"medium_large":["https:\/\/cafelapalma.com\/wp-content\/uploads\/2026\/05\/a3-3-1-1-768x1086.png",768,1086,true],"large":["https:\/\/cafelapalma.com\/wp-content\/uploads\/2026\/05\/a3-3-1-1-736x1040.png",736,1040,true],"1536x1536":["https:\/\/cafelapalma.com\/wp-content\/uploads\/2026\/05\/a3-3-1-1.png",877,1240,false],"2048x2048":["https:\/\/cafelapalma.com\/wp-content\/uploads\/2026\/05\/a3-3-1-1.png",877,1240,false],"trp-custom-language-flag":["https:\/\/cafelapalma.com\/wp-content\/uploads\/2026\/05\/a3-3-1-1-8x12.png",8,12,true],"blossom-feminine-slider":["https:\/\/cafelapalma.com\/wp-content\/uploads\/2026\/05\/a3-3-1-1-877x649.png",877,649,true],"blossom-feminine-featured":["https:\/\/cafelapalma.com\/wp-content\/uploads\/2026\/05\/a3-3-1-1-877x600.png",877,600,true],"blossom-feminine-with-sidebar":["https:\/\/cafelapalma.com\/wp-content\/uploads\/2026\/05\/a3-3-1-1-877x600.png",877,600,true],"blossom-feminine-blog":["https:\/\/cafelapalma.com\/wp-content\/uploads\/2026\/05\/a3-3-1-1-435x435.png",435,435,true],"blossom-feminine-cat":["https:\/\/cafelapalma.com\/wp-content\/uploads\/2026\/05\/a3-3-1-1-450x300.png",450,300,true],"blossom-feminine-related":["https:\/\/cafelapalma.com\/wp-content\/uploads\/2026\/05\/a3-3-1-1-320x200.png",320,200,true],"blossom-feminine-schema":["https:\/\/cafelapalma.com\/wp-content\/uploads\/2026\/05\/a3-3-1-1-42x60.png",42,60,true]},"uagb_author_info":{"display_name":"Victor","author_link":"https:\/\/cafelapalma.com\/en\/author\/comunicacion\/"},"uagb_comment_info":0,"uagb_excerpt":"Para esta edici\u00f3n, los integrantes de SuaDisko, Natxo y Delvi , se unen en un B2B all night long donde la curadur\u00eda musical ser\u00e1 el eje central de la noche. M\u00e1s que una fiesta, ser\u00e1 un viaje sonoro construido de principio a fin, explorando sus influencias m\u00e1s ecl\u00e9cticas entre house, minimal, electro y ritmos tanto&hellip;","_links":{"self":[{"href":"https:\/\/cafelapalma.com\/en\/wp-json\/wp\/v2\/tribe_events\/34095","targetHints":{"allow":["GET"]}}],"collection":[{"href":"https:\/\/cafelapalma.com\/en\/wp-json\/wp\/v2\/tribe_events"}],"about":[{"href":"https:\/\/cafelapalma.com\/en\/wp-json\/wp\/v2\/types\/tribe_events"}],"author":[{"embeddable":true,"href":"https:\/\/cafelapalma.com\/en\/wp-json\/wp\/v2\/users\/2"}],"version-history":[{"count":0,"href":"https:\/\/cafelapalma.com\/en\/wp-json\/wp\/v2\/tribe_events\/34095\/revisions"}],"wp:featuredmedia":[{"embeddable":true,"href":"https:\/\/cafelapalma.com\/en\/wp-json\/wp\/v2\/media\/34096"}],"wp:attachment":[{"href":"https:\/\/cafelapalma.com\/en\/wp-json\/wp\/v2\/media?parent=34095"}],"wp:term":[{"taxonomy":"post_tag","embeddable":true,"href":"https:\/\/cafelapalma.com\/en\/wp-json\/wp\/v2\/tags?post=34095"},{"taxonomy":"tribe_events_cat","embeddable":true,"href":"https:\/\/cafelapalma.com\/en\/wp-json\/wp\/v2\/tribe_events_cat?post=34095"}],"curies":[{"name":"wp","href":"https:\/\/api.w.org\/{rel}","templated":true}]}}

<div  class="tribe-events-schedule tribe-clearfix" >
	<p class="tribe-events-schedule__datetime">
		<span class="tribe-events-schedule__date tribe-events-schedule__date--start">
			5  June		</span>

					<span class="tribe-events-schedule__separator tribe-events-schedule__separator--date">
				@			</span>
			<span class="tribe-events-schedule__time tribe-events-schedule__time--start">
				23:55			</span>
		
			</p>
</div>


<div  class="tribe-block tribe-block__event-price" >
			<span class="tribe-block__event-price__cost"> ENTRADA LIBRE </span>
				<span class="tribe-block__event-price__description">hasta la 01:00 | 13€ taquilla de 01:00 a 03:00 (incluye UNA COPA o DOS CERVEZAS) | 15€ taquilla de 03:00 a cierre (incluye UNA COPA).</span>
	</div>



<div class="wp-block-columns is-layout-flex wp-container-core-columns-is-layout-8f761849 wp-block-columns-is-layout-flex">
<div class="wp-block-column is-layout-flow wp-block-column-is-layout-flow" style="flex-basis:33.33%">
<figure class="wp-block-image size-large"><img loading="lazy" decoding="async" width="736" height="1040" src="https://cafelapalma.com/wp-content/uploads/2026/05/a3-3-1-1-736x1040.png" alt="" class="wp-image-34096" srcset="https://cafelapalma.com/wp-content/uploads/2026/05/a3-3-1-1-736x1040.png 736w, https://cafelapalma.com/wp-content/uploads/2026/05/a3-3-1-1-212x300.png 212w, https://cafelapalma.com/wp-content/uploads/2026/05/a3-3-1-1-768x1086.png 768w, https://cafelapalma.com/wp-content/uploads/2026/05/a3-3-1-1-8x12.png 8w, https://cafelapalma.com/wp-content/uploads/2026/05/a3-3-1-1-42x60.png 42w, https://cafelapalma.com/wp-content/uploads/2026/05/a3-3-1-1.png 877w" sizes="auto, (max-width: 736px) 100vw, 736px" /></figure>
</div>



<div class="wp-block-column is-layout-flow wp-block-column-is-layout-flow" style="flex-basis:66.66%">
<div style="height:100px" aria-hidden="true" class="wp-block-spacer"></div>



<p class="has-text-align-left wp-block-paragraph">Para esta edición, los integrantes de SuaDisko, Natxo y Delvi , se unen en un B2B all night long donde la curaduría musical será el eje central de la noche.</p>



<p class="has-text-align-left wp-block-paragraph">Más que una fiesta, será un viaje sonoro construido de principio a fin, explorando sus influencias más eclécticas entre house, minimal, electro y ritmos tanto en digital como&nbsp;en vinilos. A través de transiciones fluidas y una selección cuidadosamente pensada, ambos DJs crearán una atmósfera inmersiva que evolucionará durante toda la sesión, conectando energía, texturas y emociones en la pista.</p>



<p class="has-text-align-left wp-block-paragraph"><strong>Natxo</strong>: DJ y promotor hispano-colombiano afincado residente en Madrid. Su sonido mezcla house, electro, tech house, minimal y breakbeat, influenciado por su vida entre Europa, América Latina y EE. UU. Ha actuado en clubes como Cadavra Club y Siroco en Madrid y en eventos internacionales como La Fête de la Musique en París o Ritmo en Manila.  Sus sets destacan por transiciones fluidas, energía versátil y una mezcla de culturas y emociones en la pista.</p>



<p class="has-text-align-left wp-block-paragraph"><strong>Delvi </strong>es un DJ colombiano afincado en Madrid. Su estilo mezcla house, tech house, techno, minimal, electro y acid, combinando vinilo y digital en sets únicos e impredecibles. Es cofundador del colectivo Suadisko y ha actuado en espacios de la escena electrónica madrileña como Cadavra, Café de la Palma, Ballesta y Macera. También ha colaborado con colectivos como Time To Panic dentro de la escena underground europea.</p>
</div>
</div>



<div style="height:100px" aria-hidden="true" class="wp-block-spacer"></div>


<h2 class="tribe-block__related-events__title">Related Events</h2>

<ul  class="tribe-related-events tribe-clearfix" >
			<li>
	
<div class="tribe-related-events-thumbnail">
	<a href="https://cafelapalma.com/en/programacion/funkin-donuts/" class="url" rel="bookmark" tabindex="-1" aria-hidden="true"><img loading="lazy" decoding="async" width="693" height="1040" src="https://cafelapalma.com/wp-content/uploads/2026/07/FD-vert2-bn-693x1040.jpg" class="attachment-large size-large wp-post-image" alt="" /></a>
</div>
	<div class="tribe-related-event-info">
	<h3 class="tribe-related-events-title">
		<a href="https://cafelapalma.com/en/programacion/funkin-donuts/" class="tribe-event-url" rel="bookmark">
			FUNKIN&#8217; DONUTS		</a>
	</h3>
	<span class="tribe-event-date-start">5  September@22:00</span><span class="tribe-event-time">23:45</span></div>
</li>
			<li>
	
<div class="tribe-related-events-thumbnail">
	<a href="https://cafelapalma.com/en/programacion/backstage-le-petit-truffle-mayo/" class="url" rel="bookmark" tabindex="-1" aria-hidden="true"><img loading="lazy" decoding="async" width="780" height="1040" src="https://cafelapalma.com/wp-content/uploads/2026/07/Imagen-TruffleMayo-LePetit-i-1-780x1040.png" class="attachment-large size-large wp-post-image" alt="" /></a>
</div>
	<div class="tribe-related-event-info">
	<h3 class="tribe-related-events-title">
		<a href="https://cafelapalma.com/en/programacion/backstage-le-petit-truffle-mayo/" class="tribe-event-url" rel="bookmark">
			BACKSTAGE: LE PETIT + TRUFFLE MAYO		</a>
	</h3>
	<span class="tribe-event-date-start">5  September@23:55</span></div>
</li>
			<li>
	
<div class="tribe-related-events-thumbnail">
	<a href="https://cafelapalma.com/en/programacion/willie-deville-concierto-benefico-x-venezuela/" class="url" rel="bookmark" tabindex="-1" aria-hidden="true"><img loading="lazy" decoding="async" width="1020" height="531" src="https://cafelapalma.com/wp-content/uploads/2026/08/Willie-deville-1100x572-1-1040x541.jpg" class="attachment-large size-large wp-post-image" alt="" /></a>
</div>
	<div class="tribe-related-event-info">
	<h3 class="tribe-related-events-title">
		<a href="https://cafelapalma.com/en/programacion/willie-deville-concierto-benefico-x-venezuela/" class="tribe-event-url" rel="bookmark">
			WILLIE DEVILLE: CONCIERTO BENÉFICO X VENEZUELA		</a>
	</h3>
	<span class="tribe-event-date-start">6  September@21:00</span><span class="tribe-event-time">23:45</span></div>
</li>
	</ul>

<p>Para esta edición, los integrantes de SuaDisko, Natxo y Delvi , se unen en un B2B all night long donde la curaduría musical será el eje central de la noche. Más que una fiesta, será un viaje sonoro construido de principio a fin, explorando sus influencias más eclécticas entre house, minimal, electro y ritmos tanto &hellip; </p>

Para esta edición, los integrantes de SuaDisko, Natxo y Delvi , se unen en un B2B all night long donde la curaduría musical será el eje central de la noche. Más que una fiesta, será un viaje sonoro construido de principio a fin, explorando sus influencias más eclécticas entre house, minimal, electro y ritmos tanto&hellip;
