{"id":34318,"date":"2026-06-11T16:53:20","date_gmt":"2026-06-11T14:53:20","guid":{"rendered":"https:\/\/cafelapalma.com\/?post_type=tribe_events&#038;p=34318"},"modified":"2026-08-04T12:06:05","modified_gmt":"2026-08-04T10:06:05","slug":"macias","status":"publish","type":"tribe_events","link":"https:\/\/cafelapalma.com\/en\/programacion\/macias\/","title":{"rendered":"MAC\u00cdAS"},"content":{"rendered":"<div  class=\"tribe-events-schedule tribe-clearfix\" >\n\t<p class=\"tribe-events-schedule__datetime\">\n\t\t<span class=\"tribe-events-schedule__date tribe-events-schedule__date--start\">\n\t\t\t17  September\t\t<\/span>\n\n\t\t\t\t\t<span class=\"tribe-events-schedule__separator tribe-events-schedule__separator--date\">\n\t\t\t\t@\t\t\t<\/span>\n\t\t\t<span class=\"tribe-events-schedule__time tribe-events-schedule__time--start\">\n\t\t\t\t22:00\t\t\t<\/span>\n\t\t\n\t\t\t\t\t\t\t\t\t<span class=\"tribe-events-schedule__separator tribe-events-schedule__separator--time\">\n\t\t\t\t\t&#8211;\t\t\t\t<\/span>\n\t\t\t\n\t\t\t\t\t\t\t<span class=\"tribe-events-schedule__time tribe-events-schedule__time--end\">\n\t\t\t\t\t23:45\t\t\t\t<\/span>\n\t\t\t\n\t\t\t\t\t\t<\/p>\n<\/div>\n\n\n<div  class=\"tribe-block tribe-block__event-price\" >\n\t\t\t<span class=\"tribe-block__event-price__cost\"> 12\u20ac <\/span>\n\t\t\t\t<span class=\"tribe-block__event-price__description\">+ gg Anticipada | 15\u20ac Taquilla<\/span>\n\t<\/div>\n\n\n\n<div class=\"wp-block-columns is-layout-flex wp-container-core-columns-is-layout-8f761849 wp-block-columns-is-layout-flex\">\n<div class=\"wp-block-column is-layout-flow wp-block-column-is-layout-flow\" style=\"flex-basis:33.33%\">\n<figure class=\"wp-block-image size-large\"><img loading=\"lazy\" decoding=\"async\" width=\"736\" height=\"1040\" src=\"https:\/\/cafelapalma.com\/wp-content\/uploads\/2026\/06\/MACIAS-FECHA-CORRECTA-1-736x1040.png\" alt=\"\" class=\"wp-image-34743\" srcset=\"https:\/\/cafelapalma.com\/wp-content\/uploads\/2026\/06\/MACIAS-FECHA-CORRECTA-1-736x1040.png 736w, https:\/\/cafelapalma.com\/wp-content\/uploads\/2026\/06\/MACIAS-FECHA-CORRECTA-1-212x300.png 212w, https:\/\/cafelapalma.com\/wp-content\/uploads\/2026\/06\/MACIAS-FECHA-CORRECTA-1-768x1085.png 768w, https:\/\/cafelapalma.com\/wp-content\/uploads\/2026\/06\/MACIAS-FECHA-CORRECTA-1-8x12.png 8w, https:\/\/cafelapalma.com\/wp-content\/uploads\/2026\/06\/MACIAS-FECHA-CORRECTA-1-42x60.png 42w, https:\/\/cafelapalma.com\/wp-content\/uploads\/2026\/06\/MACIAS-FECHA-CORRECTA-1.png 864w\" sizes=\"auto, (max-width: 736px) 100vw, 736px\" \/><\/figure>\n\n\n<div  class=\"tribe-block tribe-block__event-website\" >\n\t<a\n\t\thref=\"https:\/\/entradas.musicbus.es\/events\/macias-cafe-la-palma-madrid\"\n\t\ttarget=\"_self\"\n\t\t\t>\n\t\tBUY TICKETS\t<\/a>\n<\/div>\n<\/div>\n\n\n\n<div class=\"wp-block-column is-layout-flow wp-block-column-is-layout-flow\" style=\"flex-basis:66.66%\">\n<div style=\"height:100px\" aria-hidden=\"true\" class=\"wp-block-spacer\"><\/div>\n\n\n\n<p class=\"has-text-align-left wp-block-paragraph\"><strong>Mac\u00edas <\/strong>es compositor y productor, y ha construido su proyecto art\u00edstico desde la honestidad emocional y la b\u00fasqueda de una voz propia. Tras varios lanzamientos independientes en los que explor\u00f3 un universo sonoro que combina pop contempor\u00e1neo, electr\u00f3nica sutil y una sensibilidad profundamente \u00edntima, presenta <strong>\u00abA\u00fan es pronto para ser feliz\u00bb<\/strong>, su primer \u00e1lbum.<\/p>\n\n\n\n<p class=\"has-text-align-left wp-block-paragraph\">En este trabajo, Mac\u00edas transforma experiencias personales en canciones que hablan de crecer, amar, equivocarse y convivir con las contradicciones de la vida. Su m\u00fasica encuentra belleza en la vulnerabilidad y convierte la melancol\u00eda en un espacio de encuentro, cercan\u00eda y reconocimiento.<\/p>\n\n\n\n<p class=\"has-text-align-left wp-block-paragraph\">El 17 de septiembre, Mac\u00edas debuta en directo en Caf\u00e9 La Palma, llevando por primera vez al escenario las canciones que han dado forma a su universo creativo. Una oportunidad \u00fanica para descubrir a un artista que entiende la m\u00fasica como un refugio compartido, donde la emoci\u00f3n siempre est\u00e1 por encima del artificio.<\/p>\n\n\n\n<p class=\"has-text-align-right wp-block-paragraph\"><a href=\"https:\/\/entradas.musicbus.es\/events\/macias-cafe-la-palma-madrid\"><em>Listen to <\/em><strong>Mac\u00edas <\/strong><em>in <\/em><strong>Spotify<\/strong>.<\/a><\/p>\n<\/div>\n<\/div>\n\n\n\n<div style=\"height:100px\" aria-hidden=\"true\" class=\"wp-block-spacer\"><\/div>\n\n\n\n<div style=\"height:100px\" aria-hidden=\"true\" class=\"wp-block-spacer\"><\/div>\n\n\n<h2 class=\"tribe-block__related-events__title\">Related Events<\/h2>\n\n<ul  class=\"tribe-related-events tribe-clearfix\" >\n\t\t\t<li>\n\t\n<div class=\"tribe-related-events-thumbnail\">\n\t<a href=\"https:\/\/cafelapalma.com\/en\/programacion\/funkin-donuts\/\" class=\"url\" rel=\"bookmark\" tabindex=\"-1\" aria-hidden=\"true\"><img loading=\"lazy\" decoding=\"async\" width=\"693\" height=\"1040\" src=\"https:\/\/cafelapalma.com\/wp-content\/uploads\/2026\/07\/FD-vert2-bn-693x1040.jpg\" class=\"attachment-large size-large wp-post-image\" alt=\"\" \/><\/a>\n<\/div>\n\t<div class=\"tribe-related-event-info\">\n\t<h3 class=\"tribe-related-events-title\">\n\t\t<a href=\"https:\/\/cafelapalma.com\/en\/programacion\/funkin-donuts\/\" class=\"tribe-event-url\" rel=\"bookmark\">\n\t\t\tFUNKIN&#8217; DONUTS\t\t<\/a>\n\t<\/h3>\n\t<span class=\"tribe-event-date-start\">5  September@22:00<\/span><span class=\"tribe-event-time\">23:45<\/span><\/div>\n<\/li>\n\t\t\t<li>\n\t\n<div class=\"tribe-related-events-thumbnail\">\n\t<a href=\"https:\/\/cafelapalma.com\/en\/programacion\/backstage-le-petit-truffle-mayo\/\" class=\"url\" rel=\"bookmark\" tabindex=\"-1\" aria-hidden=\"true\"><img loading=\"lazy\" decoding=\"async\" width=\"780\" height=\"1040\" src=\"https:\/\/cafelapalma.com\/wp-content\/uploads\/2026\/07\/Imagen-TruffleMayo-LePetit-i-1-780x1040.png\" class=\"attachment-large size-large wp-post-image\" alt=\"\" \/><\/a>\n<\/div>\n\t<div class=\"tribe-related-event-info\">\n\t<h3 class=\"tribe-related-events-title\">\n\t\t<a href=\"https:\/\/cafelapalma.com\/en\/programacion\/backstage-le-petit-truffle-mayo\/\" class=\"tribe-event-url\" rel=\"bookmark\">\n\t\t\tBACKSTAGE: LE PETIT + TRUFFLE MAYO\t\t<\/a>\n\t<\/h3>\n\t<span class=\"tribe-event-date-start\">5  September@23:55<\/span><\/div>\n<\/li>\n\t\t\t<li>\n\t\n<div class=\"tribe-related-events-thumbnail\">\n\t<a href=\"https:\/\/cafelapalma.com\/en\/programacion\/willie-deville-concierto-benefico-x-venezuela\/\" class=\"url\" rel=\"bookmark\" tabindex=\"-1\" aria-hidden=\"true\"><img loading=\"lazy\" decoding=\"async\" width=\"1020\" height=\"531\" src=\"https:\/\/cafelapalma.com\/wp-content\/uploads\/2026\/08\/Willie-deville-1100x572-1-1040x541.jpg\" class=\"attachment-large size-large wp-post-image\" alt=\"\" \/><\/a>\n<\/div>\n\t<div class=\"tribe-related-event-info\">\n\t<h3 class=\"tribe-related-events-title\">\n\t\t<a href=\"https:\/\/cafelapalma.com\/en\/programacion\/willie-deville-concierto-benefico-x-venezuela\/\" class=\"tribe-event-url\" rel=\"bookmark\">\n\t\t\tWILLIE DEVILLE: CONCIERTO BEN\u00c9FICO X VENEZUELA\t\t<\/a>\n\t<\/h3>\n\t<span class=\"tribe-event-date-start\">6  September@21:00<\/span><span class=\"tribe-event-time\">23:45<\/span><\/div>\n<\/li>\n\t<\/ul>","protected":false},"excerpt":{"rendered":"<p>Mac\u00edas es compositor y productor, y ha construido su proyecto art\u00edstico desde la honestidad emocional y la b\u00fasqueda de una voz propia. Tras varios lanzamientos independientes en los que explor\u00f3 un universo sonoro que combina pop contempor\u00e1neo, electr\u00f3nica sutil y una sensibilidad profundamente \u00edntima, presenta \u00abA\u00fan es pronto para ser feliz\u00bb, su primer \u00e1lbum. En &hellip; <\/p>","protected":false},"author":2,"featured_media":34320,"template":"","meta":{"_tec_requires_first_save":false,"_uag_custom_page_level_css":"","loftloader_page_shortcode":"","_EventAllDay":false,"_EventTimezone":"Europe\/Madrid","_EventStartDate":"2026-09-17 22:00:00","_EventEndDate":"2026-09-17 23:45:00","_EventStartDateUTC":"2026-09-17 20:00:00","_EventEndDateUTC":"2026-09-17 21:45:00","_EventShowMap":false,"_EventShowMapLink":false,"_EventURL":"https:\/\/entradas.musicbus.es\/events\/macias-cafe-la-palma-madrid","_EventCost":"12","_EventCostDescription":"","_EventCurrencySymbol":"\u20ac","_EventCurrencyCode":"USD","_EventCurrencyPosition":"suffix","_EventDateTimeSeparator":"@","_EventTimeRangeSeparator":"-","_EventOrganizerID":[],"_EventVenueID":[],"_OrganizerEmail":"","_OrganizerPhone":"","_OrganizerWebsite":"","_VenueAddress":"","_VenueCity":"","_VenueCountry":"","_VenueProvince":"","_VenueState":"","_VenueZip":"","_VenuePhone":"","_VenueURL":"","_VenueStateProvince":"","_VenueLat":"","_VenueLng":"","_VenueShowMap":false,"_VenueShowMapLink":false,"_tribe_blocks_recurrence_rules":"","_tribe_blocks_recurrence_description":"","_tribe_blocks_recurrence_exclusions":"","_ecp_custom_2":"","_tribe_events_status":"","_tribe_events_status_reason":"","_tribe_events_is_hybrid":"","_tribe_events_is_virtual":"","_tribe_events_virtual_video_source":"","_tribe_events_virtual_embed_video":"","_tribe_events_virtual_linked_button_text":"","_tribe_events_virtual_linked_button":"","_tribe_events_virtual_show_embed_at":"","_tribe_events_virtual_show_embed_to":[],"_tribe_events_virtual_show_on_event":"","_tribe_events_virtual_show_on_views":"","_tribe_events_virtual_url":"","footnotes":""},"tags":[1363,2865,9147,9146,1357,18668,1355],"tribe_events_cat":[8963],"class_list":["post-34318","tribe_events","type-tribe_events","status-publish","has-post-thumbnail","hentry","tag-cafe-la-palma","tag-conciertos-cafe-la-palma","tag-conciertos-madrid","tag-conciertos-malasana","tag-electronica","tag-macias","tag-pop","tribe_events_cat-concierto","cat_concierto"],"uagb_featured_image_src":{"full":["https:\/\/cafelapalma.com\/wp-content\/uploads\/2026\/06\/IMG_3825-scaled.jpeg",2085,3000,false],"thumbnail":["https:\/\/cafelapalma.com\/wp-content\/uploads\/2026\/06\/IMG_3825-150x150.jpeg",150,150,true],"medium":["https:\/\/cafelapalma.com\/wp-content\/uploads\/2026\/06\/IMG_3825-209x300.jpeg",209,300,true],"medium_large":["https:\/\/cafelapalma.com\/wp-content\/uploads\/2026\/06\/IMG_3825-768x1105.jpeg",768,1105,true],"large":["https:\/\/cafelapalma.com\/wp-content\/uploads\/2026\/06\/IMG_3825-723x1040.jpeg",723,1040,true],"1536x1536":["https:\/\/cafelapalma.com\/wp-content\/uploads\/2026\/06\/IMG_3825-1068x1536.jpeg",1068,1536,true],"2048x2048":["https:\/\/cafelapalma.com\/wp-content\/uploads\/2026\/06\/IMG_3825-1423x2048.jpeg",1423,2048,true],"trp-custom-language-flag":["https:\/\/cafelapalma.com\/wp-content\/uploads\/2026\/06\/IMG_3825-8x12.jpeg",8,12,true],"blossom-feminine-slider":["https:\/\/cafelapalma.com\/wp-content\/uploads\/2026\/06\/IMG_3825-1920x649.jpeg",1920,649,true],"blossom-feminine-featured":["https:\/\/cafelapalma.com\/wp-content\/uploads\/2026\/06\/IMG_3825-1410x600.jpeg",1410,600,true],"blossom-feminine-with-sidebar":["https:\/\/cafelapalma.com\/wp-content\/uploads\/2026\/06\/IMG_3825-1020x600.jpeg",1020,600,true],"blossom-feminine-blog":["https:\/\/cafelapalma.com\/wp-content\/uploads\/2026\/06\/IMG_3825-435x435.jpeg",435,435,true],"blossom-feminine-cat":["https:\/\/cafelapalma.com\/wp-content\/uploads\/2026\/06\/IMG_3825-450x300.jpeg",450,300,true],"blossom-feminine-related":["https:\/\/cafelapalma.com\/wp-content\/uploads\/2026\/06\/IMG_3825-320x200.jpeg",320,200,true],"blossom-feminine-schema":["https:\/\/cafelapalma.com\/wp-content\/uploads\/2026\/06\/IMG_3825-42x60.jpeg",42,60,true]},"uagb_author_info":{"display_name":"Victor","author_link":"https:\/\/cafelapalma.com\/en\/author\/comunicacion\/"},"uagb_comment_info":0,"uagb_excerpt":"Mac\u00edas es compositor y productor, y ha construido su proyecto art\u00edstico desde la honestidad emocional y la b\u00fasqueda de una voz propia. Tras varios lanzamientos independientes en los que explor\u00f3 un universo sonoro que combina pop contempor\u00e1neo, electr\u00f3nica sutil y una sensibilidad profundamente \u00edntima, presenta \u00abA\u00fan es pronto para ser feliz\u00bb, su primer \u00e1lbum. En&hellip;","_links":{"self":[{"href":"https:\/\/cafelapalma.com\/en\/wp-json\/wp\/v2\/tribe_events\/34318","targetHints":{"allow":["GET"]}}],"collection":[{"href":"https:\/\/cafelapalma.com\/en\/wp-json\/wp\/v2\/tribe_events"}],"about":[{"href":"https:\/\/cafelapalma.com\/en\/wp-json\/wp\/v2\/types\/tribe_events"}],"author":[{"embeddable":true,"href":"https:\/\/cafelapalma.com\/en\/wp-json\/wp\/v2\/users\/2"}],"version-history":[{"count":0,"href":"https:\/\/cafelapalma.com\/en\/wp-json\/wp\/v2\/tribe_events\/34318\/revisions"}],"wp:featuredmedia":[{"embeddable":true,"href":"https:\/\/cafelapalma.com\/en\/wp-json\/wp\/v2\/media\/34320"}],"wp:attachment":[{"href":"https:\/\/cafelapalma.com\/en\/wp-json\/wp\/v2\/media?parent=34318"}],"wp:term":[{"taxonomy":"post_tag","embeddable":true,"href":"https:\/\/cafelapalma.com\/en\/wp-json\/wp\/v2\/tags?post=34318"},{"taxonomy":"tribe_events_cat","embeddable":true,"href":"https:\/\/cafelapalma.com\/en\/wp-json\/wp\/v2\/tribe_events_cat?post=34318"}],"curies":[{"name":"wp","href":"https:\/\/api.w.org\/{rel}","templated":true}]}}

MACÍAS

<div  class="tribe-events-schedule tribe-clearfix" >
	<p class="tribe-events-schedule__datetime">
		<span class="tribe-events-schedule__date tribe-events-schedule__date--start">
			17  September		</span>

					<span class="tribe-events-schedule__separator tribe-events-schedule__separator--date">
				@			</span>
			<span class="tribe-events-schedule__time tribe-events-schedule__time--start">
				22:00			</span>
		
									<span class="tribe-events-schedule__separator tribe-events-schedule__separator--time">
					&#8211;				</span>
			
							<span class="tribe-events-schedule__time tribe-events-schedule__time--end">
					23:45				</span>
			
						</p>
</div>


<div  class="tribe-block tribe-block__event-price" >
			<span class="tribe-block__event-price__cost"> 12€ </span>
				<span class="tribe-block__event-price__description">+ gg Anticipada | 15€ Taquilla</span>
	</div>



<div class="wp-block-columns is-layout-flex wp-container-core-columns-is-layout-8f761849 wp-block-columns-is-layout-flex">
<div class="wp-block-column is-layout-flow wp-block-column-is-layout-flow" style="flex-basis:33.33%">
<figure class="wp-block-image size-large"><img loading="lazy" decoding="async" width="736" height="1040" src="https://cafelapalma.com/wp-content/uploads/2026/06/MACIAS-FECHA-CORRECTA-1-736x1040.png" alt="" class="wp-image-34743" srcset="https://cafelapalma.com/wp-content/uploads/2026/06/MACIAS-FECHA-CORRECTA-1-736x1040.png 736w, https://cafelapalma.com/wp-content/uploads/2026/06/MACIAS-FECHA-CORRECTA-1-212x300.png 212w, https://cafelapalma.com/wp-content/uploads/2026/06/MACIAS-FECHA-CORRECTA-1-768x1085.png 768w, https://cafelapalma.com/wp-content/uploads/2026/06/MACIAS-FECHA-CORRECTA-1-8x12.png 8w, https://cafelapalma.com/wp-content/uploads/2026/06/MACIAS-FECHA-CORRECTA-1-42x60.png 42w, https://cafelapalma.com/wp-content/uploads/2026/06/MACIAS-FECHA-CORRECTA-1.png 864w" sizes="auto, (max-width: 736px) 100vw, 736px" /></figure>


<div  class="tribe-block tribe-block__event-website" >
	<a
		href="https://entradas.musicbus.es/events/macias-cafe-la-palma-madrid"
		target="_self"
			>
		BUY TICKETS	</a>
</div>
</div>



<div class="wp-block-column is-layout-flow wp-block-column-is-layout-flow" style="flex-basis:66.66%">
<div style="height:100px" aria-hidden="true" class="wp-block-spacer"></div>



<p class="has-text-align-left wp-block-paragraph"><strong>Macías </strong>es compositor y productor, y ha construido su proyecto artístico desde la honestidad emocional y la búsqueda de una voz propia. Tras varios lanzamientos independientes en los que exploró un universo sonoro que combina pop contemporáneo, electrónica sutil y una sensibilidad profundamente íntima, presenta <strong>«Aún es pronto para ser feliz»</strong>, su primer álbum.</p>



<p class="has-text-align-left wp-block-paragraph">En este trabajo, Macías transforma experiencias personales en canciones que hablan de crecer, amar, equivocarse y convivir con las contradicciones de la vida. Su música encuentra belleza en la vulnerabilidad y convierte la melancolía en un espacio de encuentro, cercanía y reconocimiento.</p>



<p class="has-text-align-left wp-block-paragraph">El 17 de septiembre, Macías debuta en directo en Café La Palma, llevando por primera vez al escenario las canciones que han dado forma a su universo creativo. Una oportunidad única para descubrir a un artista que entiende la música como un refugio compartido, donde la emoción siempre está por encima del artificio.</p>



<p class="has-text-align-right wp-block-paragraph"><a href="https://entradas.musicbus.es/events/macias-cafe-la-palma-madrid"><em>Listen to </em><strong>Macías </strong><em>in </em><strong>Spotify</strong>.</a></p>
</div>
</div>



<div style="height:100px" aria-hidden="true" class="wp-block-spacer"></div>



<div style="height:100px" aria-hidden="true" class="wp-block-spacer"></div>


<h2 class="tribe-block__related-events__title">Related Events</h2>

<ul  class="tribe-related-events tribe-clearfix" >
			<li>
	
<div class="tribe-related-events-thumbnail">
	<a href="https://cafelapalma.com/en/programacion/funkin-donuts/" class="url" rel="bookmark" tabindex="-1" aria-hidden="true"><img loading="lazy" decoding="async" width="693" height="1040" src="https://cafelapalma.com/wp-content/uploads/2026/07/FD-vert2-bn-693x1040.jpg" class="attachment-large size-large wp-post-image" alt="" /></a>
</div>
	<div class="tribe-related-event-info">
	<h3 class="tribe-related-events-title">
		<a href="https://cafelapalma.com/en/programacion/funkin-donuts/" class="tribe-event-url" rel="bookmark">
			FUNKIN&#8217; DONUTS		</a>
	</h3>
	<span class="tribe-event-date-start">5  September@22:00</span><span class="tribe-event-time">23:45</span></div>
</li>
			<li>
	
<div class="tribe-related-events-thumbnail">
	<a href="https://cafelapalma.com/en/programacion/backstage-le-petit-truffle-mayo/" class="url" rel="bookmark" tabindex="-1" aria-hidden="true"><img loading="lazy" decoding="async" width="780" height="1040" src="https://cafelapalma.com/wp-content/uploads/2026/07/Imagen-TruffleMayo-LePetit-i-1-780x1040.png" class="attachment-large size-large wp-post-image" alt="" /></a>
</div>
	<div class="tribe-related-event-info">
	<h3 class="tribe-related-events-title">
		<a href="https://cafelapalma.com/en/programacion/backstage-le-petit-truffle-mayo/" class="tribe-event-url" rel="bookmark">
			BACKSTAGE: LE PETIT + TRUFFLE MAYO		</a>
	</h3>
	<span class="tribe-event-date-start">5  September@23:55</span></div>
</li>
			<li>
	
<div class="tribe-related-events-thumbnail">
	<a href="https://cafelapalma.com/en/programacion/willie-deville-concierto-benefico-x-venezuela/" class="url" rel="bookmark" tabindex="-1" aria-hidden="true"><img loading="lazy" decoding="async" width="1020" height="531" src="https://cafelapalma.com/wp-content/uploads/2026/08/Willie-deville-1100x572-1-1040x541.jpg" class="attachment-large size-large wp-post-image" alt="" /></a>
</div>
	<div class="tribe-related-event-info">
	<h3 class="tribe-related-events-title">
		<a href="https://cafelapalma.com/en/programacion/willie-deville-concierto-benefico-x-venezuela/" class="tribe-event-url" rel="bookmark">
			WILLIE DEVILLE: CONCIERTO BENÉFICO X VENEZUELA		</a>
	</h3>
	<span class="tribe-event-date-start">6  September@21:00</span><span class="tribe-event-time">23:45</span></div>
</li>
	</ul>

<p>Macías es compositor y productor, y ha construido su proyecto artístico desde la honestidad emocional y la búsqueda de una voz propia. Tras varios lanzamientos independientes en los que exploró un universo sonoro que combina pop contemporáneo, electrónica sutil y una sensibilidad profundamente íntima, presenta «Aún es pronto para ser feliz», su primer álbum. En &hellip; </p>

Macías es compositor y productor, y ha construido su proyecto artístico desde la honestidad emocional y la búsqueda de una voz propia. Tras varios lanzamientos independientes en los que exploró un universo sonoro que combina pop contemporáneo, electrónica sutil y una sensibilidad profundamente íntima, presenta «Aún es pronto para ser feliz», su primer álbum. En&hellip;
