{"id":34384,"date":"2026-06-19T12:06:44","date_gmt":"2026-06-19T10:06:44","guid":{"rendered":"https:\/\/cafelapalma.com\/?post_type=tribe_events&#038;p=34384"},"modified":"2026-07-09T12:09:56","modified_gmt":"2026-07-09T10:09:56","slug":"n-mayuscula-pink-artichokes","status":"publish","type":"tribe_events","link":"https:\/\/cafelapalma.com\/en\/programacion\/n-mayuscula-pink-artichokes\/","title":{"rendered":"\u00d1 MAYUSCULA"},"content":{"rendered":"<div  class=\"tribe-events-schedule tribe-clearfix\" >\n\t<p class=\"tribe-events-schedule__datetime\">\n\t\t<span class=\"tribe-events-schedule__date tribe-events-schedule__date--start\">\n\t\t\t10  July\t\t<\/span>\n\n\t\t\t\t\t<span class=\"tribe-events-schedule__separator tribe-events-schedule__separator--date\">\n\t\t\t\t@\t\t\t<\/span>\n\t\t\t<span class=\"tribe-events-schedule__time tribe-events-schedule__time--start\">\n\t\t\t\t22:00\t\t\t<\/span>\n\t\t\n\t\t\t\t\t\t\t\t\t<span class=\"tribe-events-schedule__separator tribe-events-schedule__separator--time\">\n\t\t\t\t\t&#8211;\t\t\t\t<\/span>\n\t\t\t\n\t\t\t\t\t\t\t<span class=\"tribe-events-schedule__time tribe-events-schedule__time--end\">\n\t\t\t\t\t23:45\t\t\t\t<\/span>\n\t\t\t\n\t\t\t\t\t\t<\/p>\n<\/div>\n\n\n<div  class=\"tribe-block tribe-block__event-price\" >\n\t\t\t<span class=\"tribe-block__event-price__cost\"> 10\u20ac <\/span>\n\t\t\t\t<span class=\"tribe-block__event-price__description\">+ gg Anticipada | 10\u20ac Taquilla. Ambos tramos incluyen UNA CONSUMICI\u00d3N.<\/span>\n\t<\/div>\n\n\n\n<div class=\"wp-block-columns is-layout-flex wp-container-core-columns-is-layout-8f761849 wp-block-columns-is-layout-flex\">\n<div class=\"wp-block-column is-layout-flow wp-block-column-is-layout-flow\" style=\"flex-basis:33.33%\">\n<figure class=\"wp-block-image size-large\"><img loading=\"lazy\" decoding=\"async\" width=\"736\" height=\"1040\" src=\"https:\/\/cafelapalma.com\/wp-content\/uploads\/2026\/06\/N_MAYUSCULA_PINK_ARTICHOKES_CAFE_LA_PALMA_CARTEL_VERTICAL_v4_FOOTER_OBLIGATORIO-1-736x1040.png\" alt=\"\" class=\"wp-image-34385\" srcset=\"https:\/\/cafelapalma.com\/wp-content\/uploads\/2026\/06\/N_MAYUSCULA_PINK_ARTICHOKES_CAFE_LA_PALMA_CARTEL_VERTICAL_v4_FOOTER_OBLIGATORIO-1-736x1040.png 736w, https:\/\/cafelapalma.com\/wp-content\/uploads\/2026\/06\/N_MAYUSCULA_PINK_ARTICHOKES_CAFE_LA_PALMA_CARTEL_VERTICAL_v4_FOOTER_OBLIGATORIO-1-212x300.png 212w, https:\/\/cafelapalma.com\/wp-content\/uploads\/2026\/06\/N_MAYUSCULA_PINK_ARTICHOKES_CAFE_LA_PALMA_CARTEL_VERTICAL_v4_FOOTER_OBLIGATORIO-1-768x1086.png 768w, https:\/\/cafelapalma.com\/wp-content\/uploads\/2026\/06\/N_MAYUSCULA_PINK_ARTICHOKES_CAFE_LA_PALMA_CARTEL_VERTICAL_v4_FOOTER_OBLIGATORIO-1-8x12.png 8w, https:\/\/cafelapalma.com\/wp-content\/uploads\/2026\/06\/N_MAYUSCULA_PINK_ARTICHOKES_CAFE_LA_PALMA_CARTEL_VERTICAL_v4_FOOTER_OBLIGATORIO-1-42x60.png 42w, https:\/\/cafelapalma.com\/wp-content\/uploads\/2026\/06\/N_MAYUSCULA_PINK_ARTICHOKES_CAFE_LA_PALMA_CARTEL_VERTICAL_v4_FOOTER_OBLIGATORIO-1.png 1080w\" sizes=\"auto, (max-width: 736px) 100vw, 736px\" \/><\/figure>\n\n\n<div  class=\"tribe-block tribe-block__event-website\" >\n\t<a\n\t\thref=\"https:\/\/www.notikumi.com\/channel\/cafe-la-palma\/2026\/7\/10\/n-mayuscula-pink-artichokes\"\n\t\ttarget=\"_self\"\n\t\t\t>\n\t\tBUY TICKETS\t<\/a>\n<\/div>\n<\/div>\n\n\n\n<div class=\"wp-block-column is-layout-flow wp-block-column-is-layout-flow\" style=\"flex-basis:66.66%\">\n<div style=\"height:100px\" aria-hidden=\"true\" class=\"wp-block-spacer\"><\/div>\n\n\n\n<p class=\"wp-block-paragraph\"><\/p>\n\n\n\n<p class=\"has-text-align-left wp-block-paragraph\">El viernes 10 de julio, Caf\u00e9 La Palma trae a <strong>\u00d1 May\u00fascula <\/strong>en una noche de directo que promete ser la alternativa perfecta para aquellxs amantes de la m\u00fasica que quieran escapar del f\u00fatbol.<\/p>\n\n\n\n<p class=\"has-text-align-left wp-block-paragraph\">\u00d1 May\u00fascula llega con un repertorio de versiones de pop-rock en espa\u00f1ol pensado para cantar desde el primer tema, con guitarras, estribillos y complicidad de banda. <\/p>\n<\/div>\n<\/div>\n\n\n\n<div style=\"height:100px\" aria-hidden=\"true\" class=\"wp-block-spacer\"><\/div>\n\n\n<h2 class=\"tribe-block__related-events__title\">Related Events<\/h2>\n\n<ul  class=\"tribe-related-events tribe-clearfix\" >\n\t\t\t<li>\n\t\n<div class=\"tribe-related-events-thumbnail\">\n\t<a href=\"https:\/\/cafelapalma.com\/en\/programacion\/funkin-donuts\/\" class=\"url\" rel=\"bookmark\" tabindex=\"-1\" aria-hidden=\"true\"><img loading=\"lazy\" decoding=\"async\" width=\"693\" height=\"1040\" src=\"https:\/\/cafelapalma.com\/wp-content\/uploads\/2026\/07\/FD-vert2-bn-693x1040.jpg\" class=\"attachment-large size-large wp-post-image\" alt=\"\" \/><\/a>\n<\/div>\n\t<div class=\"tribe-related-event-info\">\n\t<h3 class=\"tribe-related-events-title\">\n\t\t<a href=\"https:\/\/cafelapalma.com\/en\/programacion\/funkin-donuts\/\" class=\"tribe-event-url\" rel=\"bookmark\">\n\t\t\tFUNKIN&#8217; DONUTS\t\t<\/a>\n\t<\/h3>\n\t<span class=\"tribe-event-date-start\">5  September@22:00<\/span><span class=\"tribe-event-time\">23:45<\/span><\/div>\n<\/li>\n\t\t\t<li>\n\t\n<div class=\"tribe-related-events-thumbnail\">\n\t<a href=\"https:\/\/cafelapalma.com\/en\/programacion\/backstage-le-petit-truffle-mayo\/\" class=\"url\" rel=\"bookmark\" tabindex=\"-1\" aria-hidden=\"true\"><img loading=\"lazy\" decoding=\"async\" width=\"780\" height=\"1040\" src=\"https:\/\/cafelapalma.com\/wp-content\/uploads\/2026\/07\/Imagen-TruffleMayo-LePetit-i-1-780x1040.png\" class=\"attachment-large size-large wp-post-image\" alt=\"\" \/><\/a>\n<\/div>\n\t<div class=\"tribe-related-event-info\">\n\t<h3 class=\"tribe-related-events-title\">\n\t\t<a href=\"https:\/\/cafelapalma.com\/en\/programacion\/backstage-le-petit-truffle-mayo\/\" class=\"tribe-event-url\" rel=\"bookmark\">\n\t\t\tBACKSTAGE: LE PETIT + TRUFFLE MAYO\t\t<\/a>\n\t<\/h3>\n\t<span class=\"tribe-event-date-start\">5  September@23:55<\/span><\/div>\n<\/li>\n\t\t\t<li>\n\t\n<div class=\"tribe-related-events-thumbnail\">\n\t<a href=\"https:\/\/cafelapalma.com\/en\/programacion\/willie-deville-concierto-benefico-x-venezuela\/\" class=\"url\" rel=\"bookmark\" tabindex=\"-1\" aria-hidden=\"true\"><img loading=\"lazy\" decoding=\"async\" width=\"1020\" height=\"531\" src=\"https:\/\/cafelapalma.com\/wp-content\/uploads\/2026\/08\/Willie-deville-1100x572-1-1040x541.jpg\" class=\"attachment-large size-large wp-post-image\" alt=\"\" \/><\/a>\n<\/div>\n\t<div class=\"tribe-related-event-info\">\n\t<h3 class=\"tribe-related-events-title\">\n\t\t<a href=\"https:\/\/cafelapalma.com\/en\/programacion\/willie-deville-concierto-benefico-x-venezuela\/\" class=\"tribe-event-url\" rel=\"bookmark\">\n\t\t\tWILLIE DEVILLE: CONCIERTO BEN\u00c9FICO X VENEZUELA\t\t<\/a>\n\t<\/h3>\n\t<span class=\"tribe-event-date-start\">6  September@21:00<\/span><span class=\"tribe-event-time\">23:45<\/span><\/div>\n<\/li>\n\t<\/ul>","protected":false},"excerpt":{"rendered":"<p>El viernes 10 de julio, Caf\u00e9 La Palma trae a \u00d1 May\u00fascula en una noche de directo que promete ser la alternativa perfecta para aquellxs amantes de la m\u00fasica que quieran escapar del f\u00fatbol. \u00d1 May\u00fascula llega con un repertorio de versiones de pop-rock en espa\u00f1ol pensado para cantar desde el primer tema, con guitarras, &hellip; <\/p>","protected":false},"author":2,"featured_media":34386,"template":"","meta":{"_tec_requires_first_save":false,"_uag_custom_page_level_css":"","loftloader_page_shortcode":"","_EventAllDay":false,"_EventTimezone":"Europe\/Madrid","_EventStartDate":"2026-07-10 22:00:00","_EventEndDate":"2026-07-10 23:45:00","_EventStartDateUTC":"2026-07-10 20:00:00","_EventEndDateUTC":"2026-07-10 21:45:00","_EventShowMap":false,"_EventShowMapLink":false,"_EventURL":"https:\/\/www.notikumi.com\/channel\/cafe-la-palma\/2026\/7\/10\/n-mayuscula-pink-artichokes","_EventCost":"10","_EventCostDescription":"","_EventCurrencySymbol":"\u20ac","_EventCurrencyCode":"USD","_EventCurrencyPosition":"suffix","_EventDateTimeSeparator":"@","_EventTimeRangeSeparator":"-","_EventOrganizerID":[],"_EventVenueID":[],"_OrganizerEmail":"","_OrganizerPhone":"","_OrganizerWebsite":"","_VenueAddress":"","_VenueCity":"","_VenueCountry":"","_VenueProvince":"","_VenueState":"","_VenueZip":"","_VenuePhone":"","_VenueURL":"","_VenueStateProvince":"","_VenueLat":"","_VenueLng":"","_VenueShowMap":false,"_VenueShowMapLink":false,"_tribe_blocks_recurrence_rules":"","_tribe_blocks_recurrence_description":"","_tribe_blocks_recurrence_exclusions":"","_ecp_custom_2":"","_tribe_events_status":"","_tribe_events_status_reason":"","_tribe_events_is_hybrid":"","_tribe_events_is_virtual":"","_tribe_events_virtual_video_source":"","_tribe_events_virtual_embed_video":"","_tribe_events_virtual_linked_button_text":"","_tribe_events_virtual_linked_button":"","_tribe_events_virtual_show_embed_at":"","_tribe_events_virtual_show_embed_to":[],"_tribe_events_virtual_show_on_event":"","_tribe_events_virtual_show_on_views":"","_tribe_events_virtual_url":"","footnotes":""},"tags":[18709,1363,2865,9147,9146,779,18707,18708,9164,1354,12257],"tribe_events_cat":[8963],"class_list":["post-34384","tribe_events","type-tribe_events","status-publish","has-post-thumbnail","hentry","tag-banda-versiones","tag-cafe-la-palma","tag-conciertos-cafe-la-palma","tag-conciertos-madrid","tag-conciertos-malasana","tag-funk","tag-n-mayuscula","tag-pink-artichokes","tag-pop-rock-2","tag-rock","tag-versiones","tribe_events_cat-concierto","cat_concierto"],"uagb_featured_image_src":{"full":["https:\/\/cafelapalma.com\/wp-content\/uploads\/2026\/06\/N_MAYUSCULA_foto_horizontal_alta_res.png",1672,941,false],"thumbnail":["https:\/\/cafelapalma.com\/wp-content\/uploads\/2026\/06\/N_MAYUSCULA_foto_horizontal_alta_res-150x150.png",150,150,true],"medium":["https:\/\/cafelapalma.com\/wp-content\/uploads\/2026\/06\/N_MAYUSCULA_foto_horizontal_alta_res-300x169.png",300,169,true],"medium_large":["https:\/\/cafelapalma.com\/wp-content\/uploads\/2026\/06\/N_MAYUSCULA_foto_horizontal_alta_res-768x432.png",768,432,true],"large":["https:\/\/cafelapalma.com\/wp-content\/uploads\/2026\/06\/N_MAYUSCULA_foto_horizontal_alta_res-1040x585.png",1020,574,true],"1536x1536":["https:\/\/cafelapalma.com\/wp-content\/uploads\/2026\/06\/N_MAYUSCULA_foto_horizontal_alta_res-1536x864.png",1536,864,true],"2048x2048":["https:\/\/cafelapalma.com\/wp-content\/uploads\/2026\/06\/N_MAYUSCULA_foto_horizontal_alta_res.png",1672,941,false],"trp-custom-language-flag":["https:\/\/cafelapalma.com\/wp-content\/uploads\/2026\/06\/N_MAYUSCULA_foto_horizontal_alta_res-18x10.png",18,10,true],"blossom-feminine-slider":["https:\/\/cafelapalma.com\/wp-content\/uploads\/2026\/06\/N_MAYUSCULA_foto_horizontal_alta_res-1672x649.png",1672,649,true],"blossom-feminine-featured":["https:\/\/cafelapalma.com\/wp-content\/uploads\/2026\/06\/N_MAYUSCULA_foto_horizontal_alta_res-1410x600.png",1410,600,true],"blossom-feminine-with-sidebar":["https:\/\/cafelapalma.com\/wp-content\/uploads\/2026\/06\/N_MAYUSCULA_foto_horizontal_alta_res-1020x600.png",1020,600,true],"blossom-feminine-blog":["https:\/\/cafelapalma.com\/wp-content\/uploads\/2026\/06\/N_MAYUSCULA_foto_horizontal_alta_res-435x435.png",435,435,true],"blossom-feminine-cat":["https:\/\/cafelapalma.com\/wp-content\/uploads\/2026\/06\/N_MAYUSCULA_foto_horizontal_alta_res-450x300.png",450,300,true],"blossom-feminine-related":["https:\/\/cafelapalma.com\/wp-content\/uploads\/2026\/06\/N_MAYUSCULA_foto_horizontal_alta_res-320x200.png",320,200,true],"blossom-feminine-schema":["https:\/\/cafelapalma.com\/wp-content\/uploads\/2026\/06\/N_MAYUSCULA_foto_horizontal_alta_res-107x60.png",107,60,true]},"uagb_author_info":{"display_name":"Victor","author_link":"https:\/\/cafelapalma.com\/en\/author\/comunicacion\/"},"uagb_comment_info":0,"uagb_excerpt":"El viernes 10 de julio, Caf\u00e9 La Palma trae a \u00d1 May\u00fascula en una noche de directo que promete ser la alternativa perfecta para aquellxs amantes de la m\u00fasica que quieran escapar del f\u00fatbol. \u00d1 May\u00fascula llega con un repertorio de versiones de pop-rock en espa\u00f1ol pensado para cantar desde el primer tema, con guitarras,&hellip;","_links":{"self":[{"href":"https:\/\/cafelapalma.com\/en\/wp-json\/wp\/v2\/tribe_events\/34384","targetHints":{"allow":["GET"]}}],"collection":[{"href":"https:\/\/cafelapalma.com\/en\/wp-json\/wp\/v2\/tribe_events"}],"about":[{"href":"https:\/\/cafelapalma.com\/en\/wp-json\/wp\/v2\/types\/tribe_events"}],"author":[{"embeddable":true,"href":"https:\/\/cafelapalma.com\/en\/wp-json\/wp\/v2\/users\/2"}],"version-history":[{"count":0,"href":"https:\/\/cafelapalma.com\/en\/wp-json\/wp\/v2\/tribe_events\/34384\/revisions"}],"wp:featuredmedia":[{"embeddable":true,"href":"https:\/\/cafelapalma.com\/en\/wp-json\/wp\/v2\/media\/34386"}],"wp:attachment":[{"href":"https:\/\/cafelapalma.com\/en\/wp-json\/wp\/v2\/media?parent=34384"}],"wp:term":[{"taxonomy":"post_tag","embeddable":true,"href":"https:\/\/cafelapalma.com\/en\/wp-json\/wp\/v2\/tags?post=34384"},{"taxonomy":"tribe_events_cat","embeddable":true,"href":"https:\/\/cafelapalma.com\/en\/wp-json\/wp\/v2\/tribe_events_cat?post=34384"}],"curies":[{"name":"wp","href":"https:\/\/api.w.org\/{rel}","templated":true}]}}

Ñ MAYUSCULA

<div  class="tribe-events-schedule tribe-clearfix" >
	<p class="tribe-events-schedule__datetime">
		<span class="tribe-events-schedule__date tribe-events-schedule__date--start">
			10  July		</span>

					<span class="tribe-events-schedule__separator tribe-events-schedule__separator--date">
				@			</span>
			<span class="tribe-events-schedule__time tribe-events-schedule__time--start">
				22:00			</span>
		
									<span class="tribe-events-schedule__separator tribe-events-schedule__separator--time">
					&#8211;				</span>
			
							<span class="tribe-events-schedule__time tribe-events-schedule__time--end">
					23:45				</span>
			
						</p>
</div>


<div  class="tribe-block tribe-block__event-price" >
			<span class="tribe-block__event-price__cost"> 10€ </span>
				<span class="tribe-block__event-price__description">+ gg Anticipada | 10€ Taquilla. Ambos tramos incluyen UNA CONSUMICIÓN.</span>
	</div>



<div class="wp-block-columns is-layout-flex wp-container-core-columns-is-layout-8f761849 wp-block-columns-is-layout-flex">
<div class="wp-block-column is-layout-flow wp-block-column-is-layout-flow" style="flex-basis:33.33%">
<figure class="wp-block-image size-large"><img loading="lazy" decoding="async" width="736" height="1040" src="https://cafelapalma.com/wp-content/uploads/2026/06/N_MAYUSCULA_PINK_ARTICHOKES_CAFE_LA_PALMA_CARTEL_VERTICAL_v4_FOOTER_OBLIGATORIO-1-736x1040.png" alt="" class="wp-image-34385" srcset="https://cafelapalma.com/wp-content/uploads/2026/06/N_MAYUSCULA_PINK_ARTICHOKES_CAFE_LA_PALMA_CARTEL_VERTICAL_v4_FOOTER_OBLIGATORIO-1-736x1040.png 736w, https://cafelapalma.com/wp-content/uploads/2026/06/N_MAYUSCULA_PINK_ARTICHOKES_CAFE_LA_PALMA_CARTEL_VERTICAL_v4_FOOTER_OBLIGATORIO-1-212x300.png 212w, https://cafelapalma.com/wp-content/uploads/2026/06/N_MAYUSCULA_PINK_ARTICHOKES_CAFE_LA_PALMA_CARTEL_VERTICAL_v4_FOOTER_OBLIGATORIO-1-768x1086.png 768w, https://cafelapalma.com/wp-content/uploads/2026/06/N_MAYUSCULA_PINK_ARTICHOKES_CAFE_LA_PALMA_CARTEL_VERTICAL_v4_FOOTER_OBLIGATORIO-1-8x12.png 8w, https://cafelapalma.com/wp-content/uploads/2026/06/N_MAYUSCULA_PINK_ARTICHOKES_CAFE_LA_PALMA_CARTEL_VERTICAL_v4_FOOTER_OBLIGATORIO-1-42x60.png 42w, https://cafelapalma.com/wp-content/uploads/2026/06/N_MAYUSCULA_PINK_ARTICHOKES_CAFE_LA_PALMA_CARTEL_VERTICAL_v4_FOOTER_OBLIGATORIO-1.png 1080w" sizes="auto, (max-width: 736px) 100vw, 736px" /></figure>


<div  class="tribe-block tribe-block__event-website" >
	<a
		href="https://www.notikumi.com/channel/cafe-la-palma/2026/7/10/n-mayuscula-pink-artichokes"
		target="_self"
			>
		BUY TICKETS	</a>
</div>
</div>



<div class="wp-block-column is-layout-flow wp-block-column-is-layout-flow" style="flex-basis:66.66%">
<div style="height:100px" aria-hidden="true" class="wp-block-spacer"></div>



<p class="wp-block-paragraph"></p>



<p class="has-text-align-left wp-block-paragraph">El viernes 10 de julio, Café La Palma trae a <strong>Ñ Mayúscula </strong>en una noche de directo que promete ser la alternativa perfecta para aquellxs amantes de la música que quieran escapar del fútbol.</p>



<p class="has-text-align-left wp-block-paragraph">Ñ Mayúscula llega con un repertorio de versiones de pop-rock en español pensado para cantar desde el primer tema, con guitarras, estribillos y complicidad de banda. </p>
</div>
</div>



<div style="height:100px" aria-hidden="true" class="wp-block-spacer"></div>


<h2 class="tribe-block__related-events__title">Related Events</h2>

<ul  class="tribe-related-events tribe-clearfix" >
			<li>
	
<div class="tribe-related-events-thumbnail">
	<a href="https://cafelapalma.com/en/programacion/funkin-donuts/" class="url" rel="bookmark" tabindex="-1" aria-hidden="true"><img loading="lazy" decoding="async" width="693" height="1040" src="https://cafelapalma.com/wp-content/uploads/2026/07/FD-vert2-bn-693x1040.jpg" class="attachment-large size-large wp-post-image" alt="" /></a>
</div>
	<div class="tribe-related-event-info">
	<h3 class="tribe-related-events-title">
		<a href="https://cafelapalma.com/en/programacion/funkin-donuts/" class="tribe-event-url" rel="bookmark">
			FUNKIN&#8217; DONUTS		</a>
	</h3>
	<span class="tribe-event-date-start">5  September@22:00</span><span class="tribe-event-time">23:45</span></div>
</li>
			<li>
	
<div class="tribe-related-events-thumbnail">
	<a href="https://cafelapalma.com/en/programacion/backstage-le-petit-truffle-mayo/" class="url" rel="bookmark" tabindex="-1" aria-hidden="true"><img loading="lazy" decoding="async" width="780" height="1040" src="https://cafelapalma.com/wp-content/uploads/2026/07/Imagen-TruffleMayo-LePetit-i-1-780x1040.png" class="attachment-large size-large wp-post-image" alt="" /></a>
</div>
	<div class="tribe-related-event-info">
	<h3 class="tribe-related-events-title">
		<a href="https://cafelapalma.com/en/programacion/backstage-le-petit-truffle-mayo/" class="tribe-event-url" rel="bookmark">
			BACKSTAGE: LE PETIT + TRUFFLE MAYO		</a>
	</h3>
	<span class="tribe-event-date-start">5  September@23:55</span></div>
</li>
			<li>
	
<div class="tribe-related-events-thumbnail">
	<a href="https://cafelapalma.com/en/programacion/willie-deville-concierto-benefico-x-venezuela/" class="url" rel="bookmark" tabindex="-1" aria-hidden="true"><img loading="lazy" decoding="async" width="1020" height="531" src="https://cafelapalma.com/wp-content/uploads/2026/08/Willie-deville-1100x572-1-1040x541.jpg" class="attachment-large size-large wp-post-image" alt="" /></a>
</div>
	<div class="tribe-related-event-info">
	<h3 class="tribe-related-events-title">
		<a href="https://cafelapalma.com/en/programacion/willie-deville-concierto-benefico-x-venezuela/" class="tribe-event-url" rel="bookmark">
			WILLIE DEVILLE: CONCIERTO BENÉFICO X VENEZUELA		</a>
	</h3>
	<span class="tribe-event-date-start">6  September@21:00</span><span class="tribe-event-time">23:45</span></div>
</li>
	</ul>

<p>El viernes 10 de julio, Café La Palma trae a Ñ Mayúscula en una noche de directo que promete ser la alternativa perfecta para aquellxs amantes de la música que quieran escapar del fútbol. Ñ Mayúscula llega con un repertorio de versiones de pop-rock en español pensado para cantar desde el primer tema, con guitarras, &hellip; </p>

El viernes 10 de julio, Café La Palma trae a Ñ Mayúscula en una noche de directo que promete ser la alternativa perfecta para aquellxs amantes de la música que quieran escapar del fútbol. Ñ Mayúscula llega con un repertorio de versiones de pop-rock en español pensado para cantar desde el primer tema, con guitarras,&hellip;
