{"id":34565,"date":"2026-07-14T09:45:39","date_gmt":"2026-07-14T07:45:39","guid":{"rendered":"https:\/\/cafelapalma.com\/?post_type=tribe_events&#038;p=34565"},"modified":"2026-07-27T13:31:44","modified_gmt":"2026-07-27T11:31:44","slug":"erich-fischer-trio","status":"publish","type":"tribe_events","link":"https:\/\/cafelapalma.com\/en\/programacion\/erich-fischer-trio\/","title":{"rendered":"ERICH FISCHER TRIO"},"content":{"rendered":"<div  class=\"tribe-events-schedule tribe-clearfix\" >\n\t<p class=\"tribe-events-schedule__datetime\">\n\t\t<span class=\"tribe-events-schedule__date tribe-events-schedule__date--start\">\n\t\t\t23  September\t\t<\/span>\n\n\t\t\t\t\t<span class=\"tribe-events-schedule__separator tribe-events-schedule__separator--date\">\n\t\t\t\t@\t\t\t<\/span>\n\t\t\t<span class=\"tribe-events-schedule__time tribe-events-schedule__time--start\">\n\t\t\t\t21:30\t\t\t<\/span>\n\t\t\n\t\t\t\t\t\t\t\t\t<span class=\"tribe-events-schedule__separator tribe-events-schedule__separator--time\">\n\t\t\t\t\t&#8211;\t\t\t\t<\/span>\n\t\t\t\n\t\t\t\t\t\t\t<span class=\"tribe-events-schedule__time tribe-events-schedule__time--end\">\n\t\t\t\t\t23:45\t\t\t\t<\/span>\n\t\t\t\n\t\t\t\t\t\t<\/p>\n<\/div>\n\n\n<div  class=\"tribe-block tribe-block__event-price\" >\n\t\t\t<span class=\"tribe-block__event-price__cost\"> 10\u20ac <\/span>\n\t\t\t\t<span class=\"tribe-block__event-price__description\">+ gg Anticipada | 12\u20ac Taquilla<\/span>\n\t<\/div>\n\n\n\n<div class=\"wp-block-columns is-layout-flex wp-container-core-columns-is-layout-8f761849 wp-block-columns-is-layout-flex\">\n<div class=\"wp-block-column is-layout-flow wp-block-column-is-layout-flow\" style=\"flex-basis:33.33%\">\n<figure class=\"wp-block-image size-large\"><img loading=\"lazy\" decoding=\"async\" width=\"755\" height=\"1040\" src=\"https:\/\/cafelapalma.com\/wp-content\/uploads\/2026\/07\/Entradas-en-www.cafelapalma.com_-755x1040.jpg\" alt=\"\" class=\"wp-image-34574\" srcset=\"https:\/\/cafelapalma.com\/wp-content\/uploads\/2026\/07\/Entradas-en-www.cafelapalma.com_-755x1040.jpg 755w, https:\/\/cafelapalma.com\/wp-content\/uploads\/2026\/07\/Entradas-en-www.cafelapalma.com_-218x300.jpg 218w, https:\/\/cafelapalma.com\/wp-content\/uploads\/2026\/07\/Entradas-en-www.cafelapalma.com_-768x1057.jpg 768w, https:\/\/cafelapalma.com\/wp-content\/uploads\/2026\/07\/Entradas-en-www.cafelapalma.com_-1116x1536.jpg 1116w, https:\/\/cafelapalma.com\/wp-content\/uploads\/2026\/07\/Entradas-en-www.cafelapalma.com_-1488x2048.jpg 1488w, https:\/\/cafelapalma.com\/wp-content\/uploads\/2026\/07\/Entradas-en-www.cafelapalma.com_-9x12.jpg 9w, https:\/\/cafelapalma.com\/wp-content\/uploads\/2026\/07\/Entradas-en-www.cafelapalma.com_-44x60.jpg 44w\" sizes=\"auto, (max-width: 755px) 100vw, 755px\" \/><\/figure>\n\n\n<div  class=\"tribe-block tribe-block__event-website\" >\n\t<a\n\t\thref=\"https:\/\/tickets.baila.fm\/erich-fischer-trio-madrid-2026\"\n\t\ttarget=\"_self\"\n\t\t\t>\n\t\tBUY TICKETS\t<\/a>\n<\/div>\n<\/div>\n\n\n\n<div class=\"wp-block-column is-layout-flow wp-block-column-is-layout-flow\" style=\"flex-basis:66.66%\">\n<div style=\"height:100px\" aria-hidden=\"true\" class=\"wp-block-spacer\"><\/div>\n\n\n\n<p class=\"has-text-align-left wp-block-paragraph\"><em>\u00abJazz es la libertad de poder combinar muchas formas musicales\u00bb<\/em>. Esta cita de <strong>DUKE ELLINGTON<\/strong> es el punto de partida del programa de el <strong>ERICH FISCHER TRIO<\/strong> . Las composiciones de Erich Fischer se inspiran del variopinto mundo del Jazz.<\/p>\n\n\n\n<p class=\"has-text-align-left wp-block-paragraph\">Las cuerdas del contrabajo de <strong>Thomas L\u00e4hns<\/strong> y el metal del vibr\u00e1fono de <strong>Erich Fischer<\/strong> crean un seductor maridaje de timbres. Los tambores y platillos del maestro baterista enriquecen decisivamente el mundo tonal de este grupo de jazz.<strong> Akin Elegbede<\/strong> acompa\u00f1a con gran sensibilidad, y sus solos est\u00e1n llenos de encantamiento. Todo ello hace que el ERICH FISCHER TRIO ofrezca una experiencia auditiva verdaderamente \u00fanica.<\/p>\n\n\n\n<p class=\"has-text-align-left wp-block-paragraph\">El nuevo CD \u00abJoey&#8217;s Delight\u00bb include 12 nuevas composiciones del director de la banda, creadas entre los a\u00f1os 2024 y 2025. El bien conocido jazz label de Suiza, TCB RECORDS publica el nueve CD.<\/p>\n\n\n\n<p class=\"has-text-align-left wp-block-paragraph\">Esto crea la energ\u00eda emocionante, el ingenio fresco y la pasi\u00f3n con los que el Erich Fischer Trio son capaces de conquistar al p\u00fablico.<\/p>\n<\/div>\n<\/div>\n\n\n\n<div style=\"height:100px\" aria-hidden=\"true\" class=\"wp-block-spacer\"><\/div>\n\n\n<h2 class=\"tribe-block__related-events__title\">Related Events<\/h2>\n\n<ul  class=\"tribe-related-events tribe-clearfix\" >\n\t\t\t<li>\n\t\n<div class=\"tribe-related-events-thumbnail\">\n\t<a href=\"https:\/\/cafelapalma.com\/en\/programacion\/vertice-marta-canosa\/\" class=\"url\" rel=\"bookmark\" tabindex=\"-1\" aria-hidden=\"true\"><img loading=\"lazy\" decoding=\"async\" width=\"736\" height=\"1040\" src=\"https:\/\/cafelapalma.com\/wp-content\/uploads\/2026\/06\/Cartel_Vertice_Cafelapalma_Impresion_page-0001-1-736x1040.jpg\" class=\"attachment-large size-large wp-post-image\" alt=\"\" \/><\/a>\n<\/div>\n\t<div class=\"tribe-related-event-info\">\n\t<h3 class=\"tribe-related-events-title\">\n\t\t<a href=\"https:\/\/cafelapalma.com\/en\/programacion\/vertice-marta-canosa\/\" class=\"tribe-event-url\" rel=\"bookmark\">\n\t\t\tV\u00c9RTICE + MARTA CANOSA\t\t<\/a>\n\t<\/h3>\n\t<span class=\"tribe-event-date-start\">4  September@21:30<\/span><span class=\"tribe-event-time\">23:45<\/span><\/div>\n<\/li>\n\t\t\t<li>\n\t\n<div class=\"tribe-related-events-thumbnail\">\n\t<a href=\"https:\/\/cafelapalma.com\/en\/programacion\/vodu-lady-pina-israel-gil\/\" class=\"url\" rel=\"bookmark\" tabindex=\"-1\" aria-hidden=\"true\"><img loading=\"lazy\" decoding=\"async\" width=\"1020\" height=\"680\" src=\"https:\/\/cafelapalma.com\/wp-content\/uploads\/2026\/07\/Lady2-1040x693.jpg\" class=\"attachment-large size-large wp-post-image\" alt=\"\" \/><\/a>\n<\/div>\n\t<div class=\"tribe-related-event-info\">\n\t<h3 class=\"tribe-related-events-title\">\n\t\t<a href=\"https:\/\/cafelapalma.com\/en\/programacion\/vodu-lady-pina-israel-gil\/\" class=\"tribe-event-url\" rel=\"bookmark\">\n\t\t\tVOD\u00da: LADY PI\u00d1A + ISRAEL GIL\t\t<\/a>\n\t<\/h3>\n\t<span class=\"tribe-event-date-start\">4  September@23:55<\/span><\/div>\n<\/li>\n\t\t\t<li>\n\t\n<div class=\"tribe-related-events-thumbnail\">\n\t<a href=\"https:\/\/cafelapalma.com\/en\/programacion\/funkin-donuts\/\" class=\"url\" rel=\"bookmark\" tabindex=\"-1\" aria-hidden=\"true\"><img loading=\"lazy\" decoding=\"async\" width=\"693\" height=\"1040\" src=\"https:\/\/cafelapalma.com\/wp-content\/uploads\/2026\/07\/FD-vert2-bn-693x1040.jpg\" class=\"attachment-large size-large wp-post-image\" alt=\"\" \/><\/a>\n<\/div>\n\t<div class=\"tribe-related-event-info\">\n\t<h3 class=\"tribe-related-events-title\">\n\t\t<a href=\"https:\/\/cafelapalma.com\/en\/programacion\/funkin-donuts\/\" class=\"tribe-event-url\" rel=\"bookmark\">\n\t\t\tFUNKIN&#8217; DONUTS\t\t<\/a>\n\t<\/h3>\n\t<span class=\"tribe-event-date-start\">5  September@22:00<\/span><span class=\"tribe-event-time\">23:45<\/span><\/div>\n<\/li>\n\t<\/ul>","protected":false},"excerpt":{"rendered":"<p>\u00abJazz es la libertad de poder combinar muchas formas musicales\u00bb. Esta cita de DUKE ELLINGTON es el punto de partida del programa de el ERICH FISCHER TRIO . Las composiciones de Erich Fischer se inspiran del variopinto mundo del Jazz. Las cuerdas del contrabajo de Thomas L\u00e4hns y el metal del vibr\u00e1fono de Erich Fischer &hellip; <\/p>","protected":false},"author":2,"featured_media":34567,"template":"","meta":{"_tec_requires_first_save":false,"_uag_custom_page_level_css":"","loftloader_page_shortcode":"","_EventAllDay":false,"_EventTimezone":"Europe\/Madrid","_EventStartDate":"2026-09-23 21:30:00","_EventEndDate":"2026-09-23 23:45:00","_EventStartDateUTC":"2026-09-23 19:30:00","_EventEndDateUTC":"2026-09-23 21:45:00","_EventShowMap":false,"_EventShowMapLink":false,"_EventURL":"https:\/\/tickets.baila.fm\/erich-fischer-trio-madrid-2026","_EventCost":"10","_EventCostDescription":"","_EventCurrencySymbol":"\u20ac","_EventCurrencyCode":"USD","_EventCurrencyPosition":"suffix","_EventDateTimeSeparator":"@","_EventTimeRangeSeparator":"-","_EventOrganizerID":[],"_EventVenueID":[],"_OrganizerEmail":"","_OrganizerPhone":"","_OrganizerWebsite":"","_VenueAddress":"","_VenueCity":"","_VenueCountry":"","_VenueProvince":"","_VenueState":"","_VenueZip":"","_VenuePhone":"","_VenueURL":"","_VenueStateProvince":"","_VenueLat":"","_VenueLng":"","_VenueShowMap":false,"_VenueShowMapLink":false,"_tribe_blocks_recurrence_rules":"","_tribe_blocks_recurrence_description":"","_tribe_blocks_recurrence_exclusions":"","_ecp_custom_2":"","_tribe_events_status":"","_tribe_events_status_reason":"","_tribe_events_is_hybrid":"","_tribe_events_is_virtual":"","_tribe_events_virtual_video_source":"","_tribe_events_virtual_embed_video":"","_tribe_events_virtual_linked_button_text":"","_tribe_events_virtual_linked_button":"","_tribe_events_virtual_show_embed_at":"","_tribe_events_virtual_show_embed_to":[],"_tribe_events_virtual_show_on_event":"","_tribe_events_virtual_show_on_views":"","_tribe_events_virtual_url":"","footnotes":""},"tags":[18777,1363,2865,9147,9146,18776,15386,18778,777,15388],"tribe_events_cat":[8963],"class_list":["post-34565","tribe_events","type-tribe_events","status-publish","has-post-thumbnail","hentry","tag-akin-elegbede","tag-cafe-la-palma","tag-conciertos-cafe-la-palma","tag-conciertos-madrid","tag-conciertos-malasana","tag-duke-ellington","tag-erich-fischer","tag-erich-fischer-trio","tag-jazz","tag-thomas-lahns","tribe_events_cat-concierto","cat_concierto"],"uagb_featured_image_src":{"full":["https:\/\/cafelapalma.com\/wp-content\/uploads\/2026\/07\/ercnh-1-scaled.jpg",3000,2250,false],"thumbnail":["https:\/\/cafelapalma.com\/wp-content\/uploads\/2026\/07\/ercnh-1-150x150.jpg",150,150,true],"medium":["https:\/\/cafelapalma.com\/wp-content\/uploads\/2026\/07\/ercnh-1-300x225.jpg",300,225,true],"medium_large":["https:\/\/cafelapalma.com\/wp-content\/uploads\/2026\/07\/ercnh-1-768x576.jpg",768,576,true],"large":["https:\/\/cafelapalma.com\/wp-content\/uploads\/2026\/07\/ercnh-1-1040x780.jpg",1020,765,true],"1536x1536":["https:\/\/cafelapalma.com\/wp-content\/uploads\/2026\/07\/ercnh-1-1536x1152.jpg",1536,1152,true],"2048x2048":["https:\/\/cafelapalma.com\/wp-content\/uploads\/2026\/07\/ercnh-1-2048x1536.jpg",2048,1536,true],"trp-custom-language-flag":["https:\/\/cafelapalma.com\/wp-content\/uploads\/2026\/07\/ercnh-1-16x12.jpg",16,12,true],"blossom-feminine-slider":["https:\/\/cafelapalma.com\/wp-content\/uploads\/2026\/07\/ercnh-1-1920x649.jpg",1920,649,true],"blossom-feminine-featured":["https:\/\/cafelapalma.com\/wp-content\/uploads\/2026\/07\/ercnh-1-1410x600.jpg",1410,600,true],"blossom-feminine-with-sidebar":["https:\/\/cafelapalma.com\/wp-content\/uploads\/2026\/07\/ercnh-1-1020x600.jpg",1020,600,true],"blossom-feminine-blog":["https:\/\/cafelapalma.com\/wp-content\/uploads\/2026\/07\/ercnh-1-435x435.jpg",435,435,true],"blossom-feminine-cat":["https:\/\/cafelapalma.com\/wp-content\/uploads\/2026\/07\/ercnh-1-450x300.jpg",450,300,true],"blossom-feminine-related":["https:\/\/cafelapalma.com\/wp-content\/uploads\/2026\/07\/ercnh-1-320x200.jpg",320,200,true],"blossom-feminine-schema":["https:\/\/cafelapalma.com\/wp-content\/uploads\/2026\/07\/ercnh-1-80x60.jpg",80,60,true]},"uagb_author_info":{"display_name":"Victor","author_link":"https:\/\/cafelapalma.com\/en\/author\/comunicacion\/"},"uagb_comment_info":0,"uagb_excerpt":"\u00abJazz es la libertad de poder combinar muchas formas musicales\u00bb. Esta cita de DUKE ELLINGTON es el punto de partida del programa de el ERICH FISCHER TRIO . Las composiciones de Erich Fischer se inspiran del variopinto mundo del Jazz. Las cuerdas del contrabajo de Thomas L\u00e4hns y el metal del vibr\u00e1fono de Erich Fischer&hellip;","_links":{"self":[{"href":"https:\/\/cafelapalma.com\/en\/wp-json\/wp\/v2\/tribe_events\/34565","targetHints":{"allow":["GET"]}}],"collection":[{"href":"https:\/\/cafelapalma.com\/en\/wp-json\/wp\/v2\/tribe_events"}],"about":[{"href":"https:\/\/cafelapalma.com\/en\/wp-json\/wp\/v2\/types\/tribe_events"}],"author":[{"embeddable":true,"href":"https:\/\/cafelapalma.com\/en\/wp-json\/wp\/v2\/users\/2"}],"version-history":[{"count":0,"href":"https:\/\/cafelapalma.com\/en\/wp-json\/wp\/v2\/tribe_events\/34565\/revisions"}],"wp:featuredmedia":[{"embeddable":true,"href":"https:\/\/cafelapalma.com\/en\/wp-json\/wp\/v2\/media\/34567"}],"wp:attachment":[{"href":"https:\/\/cafelapalma.com\/en\/wp-json\/wp\/v2\/media?parent=34565"}],"wp:term":[{"taxonomy":"post_tag","embeddable":true,"href":"https:\/\/cafelapalma.com\/en\/wp-json\/wp\/v2\/tags?post=34565"},{"taxonomy":"tribe_events_cat","embeddable":true,"href":"https:\/\/cafelapalma.com\/en\/wp-json\/wp\/v2\/tribe_events_cat?post=34565"}],"curies":[{"name":"wp","href":"https:\/\/api.w.org\/{rel}","templated":true}]}}

<div  class="tribe-events-schedule tribe-clearfix" >
	<p class="tribe-events-schedule__datetime">
		<span class="tribe-events-schedule__date tribe-events-schedule__date--start">
			23  September		</span>

					<span class="tribe-events-schedule__separator tribe-events-schedule__separator--date">
				@			</span>
			<span class="tribe-events-schedule__time tribe-events-schedule__time--start">
				21:30			</span>
		
									<span class="tribe-events-schedule__separator tribe-events-schedule__separator--time">
					&#8211;				</span>
			
							<span class="tribe-events-schedule__time tribe-events-schedule__time--end">
					23:45				</span>
			
						</p>
</div>


<div  class="tribe-block tribe-block__event-price" >
			<span class="tribe-block__event-price__cost"> 10€ </span>
				<span class="tribe-block__event-price__description">+ gg Anticipada | 12€ Taquilla</span>
	</div>



<div class="wp-block-columns is-layout-flex wp-container-core-columns-is-layout-8f761849 wp-block-columns-is-layout-flex">
<div class="wp-block-column is-layout-flow wp-block-column-is-layout-flow" style="flex-basis:33.33%">
<figure class="wp-block-image size-large"><img loading="lazy" decoding="async" width="755" height="1040" src="https://cafelapalma.com/wp-content/uploads/2026/07/Entradas-en-www.cafelapalma.com_-755x1040.jpg" alt="" class="wp-image-34574" srcset="https://cafelapalma.com/wp-content/uploads/2026/07/Entradas-en-www.cafelapalma.com_-755x1040.jpg 755w, https://cafelapalma.com/wp-content/uploads/2026/07/Entradas-en-www.cafelapalma.com_-218x300.jpg 218w, https://cafelapalma.com/wp-content/uploads/2026/07/Entradas-en-www.cafelapalma.com_-768x1057.jpg 768w, https://cafelapalma.com/wp-content/uploads/2026/07/Entradas-en-www.cafelapalma.com_-1116x1536.jpg 1116w, https://cafelapalma.com/wp-content/uploads/2026/07/Entradas-en-www.cafelapalma.com_-1488x2048.jpg 1488w, https://cafelapalma.com/wp-content/uploads/2026/07/Entradas-en-www.cafelapalma.com_-9x12.jpg 9w, https://cafelapalma.com/wp-content/uploads/2026/07/Entradas-en-www.cafelapalma.com_-44x60.jpg 44w" sizes="auto, (max-width: 755px) 100vw, 755px" /></figure>


<div  class="tribe-block tribe-block__event-website" >
	<a
		href="https://tickets.baila.fm/erich-fischer-trio-madrid-2026"
		target="_self"
			>
		BUY TICKETS	</a>
</div>
</div>



<div class="wp-block-column is-layout-flow wp-block-column-is-layout-flow" style="flex-basis:66.66%">
<div style="height:100px" aria-hidden="true" class="wp-block-spacer"></div>



<p class="has-text-align-left wp-block-paragraph"><em>«Jazz es la libertad de poder combinar muchas formas musicales»</em>. Esta cita de <strong>DUKE ELLINGTON</strong> es el punto de partida del programa de el <strong>ERICH FISCHER TRIO</strong> . Las composiciones de Erich Fischer se inspiran del variopinto mundo del Jazz.</p>



<p class="has-text-align-left wp-block-paragraph">Las cuerdas del contrabajo de <strong>Thomas Lähns</strong> y el metal del vibráfono de <strong>Erich Fischer</strong> crean un seductor maridaje de timbres. Los tambores y platillos del maestro baterista enriquecen decisivamente el mundo tonal de este grupo de jazz.<strong> Akin Elegbede</strong> acompaña con gran sensibilidad, y sus solos están llenos de encantamiento. Todo ello hace que el ERICH FISCHER TRIO ofrezca una experiencia auditiva verdaderamente única.</p>



<p class="has-text-align-left wp-block-paragraph">El nuevo CD «Joey&#8217;s Delight» include 12 nuevas composiciones del director de la banda, creadas entre los años 2024 y 2025. El bien conocido jazz label de Suiza, TCB RECORDS publica el nueve CD.</p>



<p class="has-text-align-left wp-block-paragraph">Esto crea la energía emocionante, el ingenio fresco y la pasión con los que el Erich Fischer Trio son capaces de conquistar al público.</p>
</div>
</div>



<div style="height:100px" aria-hidden="true" class="wp-block-spacer"></div>


<h2 class="tribe-block__related-events__title">Related Events</h2>

<ul  class="tribe-related-events tribe-clearfix" >
			<li>
	
<div class="tribe-related-events-thumbnail">
	<a href="https://cafelapalma.com/en/programacion/vertice-marta-canosa/" class="url" rel="bookmark" tabindex="-1" aria-hidden="true"><img loading="lazy" decoding="async" width="736" height="1040" src="https://cafelapalma.com/wp-content/uploads/2026/06/Cartel_Vertice_Cafelapalma_Impresion_page-0001-1-736x1040.jpg" class="attachment-large size-large wp-post-image" alt="" /></a>
</div>
	<div class="tribe-related-event-info">
	<h3 class="tribe-related-events-title">
		<a href="https://cafelapalma.com/en/programacion/vertice-marta-canosa/" class="tribe-event-url" rel="bookmark">
			VÉRTICE + MARTA CANOSA		</a>
	</h3>
	<span class="tribe-event-date-start">4  September@21:30</span><span class="tribe-event-time">23:45</span></div>
</li>
			<li>
	
<div class="tribe-related-events-thumbnail">
	<a href="https://cafelapalma.com/en/programacion/vodu-lady-pina-israel-gil/" class="url" rel="bookmark" tabindex="-1" aria-hidden="true"><img loading="lazy" decoding="async" width="1020" height="680" src="https://cafelapalma.com/wp-content/uploads/2026/07/Lady2-1040x693.jpg" class="attachment-large size-large wp-post-image" alt="" /></a>
</div>
	<div class="tribe-related-event-info">
	<h3 class="tribe-related-events-title">
		<a href="https://cafelapalma.com/en/programacion/vodu-lady-pina-israel-gil/" class="tribe-event-url" rel="bookmark">
			VODÚ: LADY PIÑA + ISRAEL GIL		</a>
	</h3>
	<span class="tribe-event-date-start">4  September@23:55</span></div>
</li>
			<li>
	
<div class="tribe-related-events-thumbnail">
	<a href="https://cafelapalma.com/en/programacion/funkin-donuts/" class="url" rel="bookmark" tabindex="-1" aria-hidden="true"><img loading="lazy" decoding="async" width="693" height="1040" src="https://cafelapalma.com/wp-content/uploads/2026/07/FD-vert2-bn-693x1040.jpg" class="attachment-large size-large wp-post-image" alt="" /></a>
</div>
	<div class="tribe-related-event-info">
	<h3 class="tribe-related-events-title">
		<a href="https://cafelapalma.com/en/programacion/funkin-donuts/" class="tribe-event-url" rel="bookmark">
			FUNKIN&#8217; DONUTS		</a>
	</h3>
	<span class="tribe-event-date-start">5  September@22:00</span><span class="tribe-event-time">23:45</span></div>
</li>
	</ul>

<p>«Jazz es la libertad de poder combinar muchas formas musicales». Esta cita de DUKE ELLINGTON es el punto de partida del programa de el ERICH FISCHER TRIO . Las composiciones de Erich Fischer se inspiran del variopinto mundo del Jazz. Las cuerdas del contrabajo de Thomas Lähns y el metal del vibráfono de Erich Fischer &hellip; </p>

«Jazz es la libertad de poder combinar muchas formas musicales». Esta cita de DUKE ELLINGTON es el punto de partida del programa de el ERICH FISCHER TRIO . Las composiciones de Erich Fischer se inspiran del variopinto mundo del Jazz. Las cuerdas del contrabajo de Thomas Lähns y el metal del vibráfono de Erich Fischer&hellip;
