{"id":34713,"date":"2026-07-31T14:48:56","date_gmt":"2026-07-31T12:48:56","guid":{"rendered":"https:\/\/cafelapalma.com\/?post_type=tribe_events&#038;p=34713"},"modified":"2026-07-31T14:49:25","modified_gmt":"2026-07-31T12:49:25","slug":"tamoko-by-nebari-nebari-jesus-mar-rams","status":"publish","type":"tribe_events","link":"https:\/\/cafelapalma.com\/en\/programacion\/tamoko-by-nebari-nebari-jesus-mar-rams\/","title":{"rendered":"TAMOKO BY NEBARI: NEBARI + JES\u00daS MAR + RAMS"},"content":{"rendered":"<div  class=\"tribe-events-schedule tribe-clearfix\" >\n\t<p class=\"tribe-events-schedule__datetime\">\n\t\t<span class=\"tribe-events-schedule__date tribe-events-schedule__date--start\">\n\t\t\t12  September\t\t<\/span>\n\n\t\t\t\t\t<span class=\"tribe-events-schedule__separator tribe-events-schedule__separator--date\">\n\t\t\t\t@\t\t\t<\/span>\n\t\t\t<span class=\"tribe-events-schedule__time tribe-events-schedule__time--start\">\n\t\t\t\t23:55\t\t\t<\/span>\n\t\t\n\t\t\t<\/p>\n<\/div>\n\n\n<div  class=\"tribe-block tribe-block__event-price\" >\n\t\t\t<span class=\"tribe-block__event-price__cost\"> 13\u20ac <\/span>\n\t\t\t\t<span class=\"tribe-block__event-price__description\">+ gg Anticipada | 15\u20ac Taquilla de 00:00 a 02:00 | 16\u20ac Taquilla de 02:00 a cierre. Todos los tramos de entrada incluyen UNA CONSUMICI\u00d3N. Canjeable por DOS CERVEZAS DE BARRIL antes de las 02:00<\/span>\n\t<\/div>\n\n\n\n<div class=\"wp-block-columns is-layout-flex wp-container-core-columns-is-layout-8f761849 wp-block-columns-is-layout-flex\">\n<div class=\"wp-block-column is-layout-flow wp-block-column-is-layout-flow\" style=\"flex-basis:33.33%\">\n<figure class=\"wp-block-image size-large\"><img loading=\"lazy\" decoding=\"async\" width=\"832\" height=\"1040\" src=\"https:\/\/cafelapalma.com\/wp-content\/uploads\/2026\/07\/tamoko_by_nebari_cafe_la_palma_flyer_v19_logo_recto-832x1040.png\" alt=\"\" class=\"wp-image-34714\" srcset=\"https:\/\/cafelapalma.com\/wp-content\/uploads\/2026\/07\/tamoko_by_nebari_cafe_la_palma_flyer_v19_logo_recto-832x1040.png 832w, https:\/\/cafelapalma.com\/wp-content\/uploads\/2026\/07\/tamoko_by_nebari_cafe_la_palma_flyer_v19_logo_recto-240x300.png 240w, https:\/\/cafelapalma.com\/wp-content\/uploads\/2026\/07\/tamoko_by_nebari_cafe_la_palma_flyer_v19_logo_recto-768x960.png 768w, https:\/\/cafelapalma.com\/wp-content\/uploads\/2026\/07\/tamoko_by_nebari_cafe_la_palma_flyer_v19_logo_recto-10x12.png 10w, https:\/\/cafelapalma.com\/wp-content\/uploads\/2026\/07\/tamoko_by_nebari_cafe_la_palma_flyer_v19_logo_recto-48x60.png 48w, https:\/\/cafelapalma.com\/wp-content\/uploads\/2026\/07\/tamoko_by_nebari_cafe_la_palma_flyer_v19_logo_recto.png 1080w\" sizes=\"auto, (max-width: 832px) 100vw, 832px\" \/><\/figure>\n\n\n<div  class=\"tribe-block tribe-block__event-website\" >\n\t<a\n\t\thref=\"https:\/\/tickets.baila.fm\/tamoko-by-nebari-nebari-jesus-mar-rams\"\n\t\ttarget=\"_self\"\n\t\t\t>\n\t\tBUY TICKETS\t<\/a>\n<\/div>\n<\/div>\n\n\n\n<div class=\"wp-block-column is-layout-flow wp-block-column-is-layout-flow\" style=\"flex-basis:66.66%\">\n<div style=\"height:100px\" aria-hidden=\"true\" class=\"wp-block-spacer\"><\/div>\n\n\n\n<p class=\"has-text-align-left wp-block-paragraph\">Arrancamos despu\u00e9s del verano con una noche de house, baile y mucho l\u00edo. Junto a Nebari estar\u00e1n como invitados Jes\u00fas Mar y Rams, no es la primera vez que se juntan estos tres \u201cKillers\u201d en la cabina.<\/p>\n\n\n\n<p class=\"has-text-align-left wp-block-paragraph\">Adem\u00e1s, celebramos la llegada de un nuevo single de Nebari TAMOKO Records. Nueva m\u00fasica, nueva temporada y las mismas ganas de encontrarnos en la pista.<\/p>\n\n\n\n<p class=\"has-text-align-left wp-block-paragraph\">Bienvenidos de nuevo al <strong><a href=\"https:\/\/www.instagram.com\/tamokorecords\/\">Universo TAMOKO<\/a>.<\/strong><\/p>\n<\/div>\n<\/div>\n\n\n\n<div style=\"height:100px\" aria-hidden=\"true\" class=\"wp-block-spacer\"><\/div>\n\n\n<h2 class=\"tribe-block__related-events__title\">Related Events<\/h2>\n\n<ul  class=\"tribe-related-events tribe-clearfix\" >\n\t\t\t<li>\n\t\n<div class=\"tribe-related-events-thumbnail\">\n\t<a href=\"https:\/\/cafelapalma.com\/en\/programacion\/backstage-le-petit-truffle-mayo\/\" class=\"url\" rel=\"bookmark\" tabindex=\"-1\" aria-hidden=\"true\"><img loading=\"lazy\" decoding=\"async\" width=\"780\" height=\"1040\" src=\"https:\/\/cafelapalma.com\/wp-content\/uploads\/2026\/07\/Imagen-TruffleMayo-LePetit-i-1-780x1040.png\" class=\"attachment-large size-large wp-post-image\" alt=\"\" \/><\/a>\n<\/div>\n\t<div class=\"tribe-related-event-info\">\n\t<h3 class=\"tribe-related-events-title\">\n\t\t<a href=\"https:\/\/cafelapalma.com\/en\/programacion\/backstage-le-petit-truffle-mayo\/\" class=\"tribe-event-url\" rel=\"bookmark\">\n\t\t\tBACKSTAGE: LE PETIT + TRUFFLE MAYO\t\t<\/a>\n\t<\/h3>\n\t<span class=\"tribe-event-date-start\">5  September@23:55<\/span><\/div>\n<\/li>\n\t\t\t<li>\n\t\n<div class=\"tribe-related-events-thumbnail\">\n\t<a href=\"https:\/\/cafelapalma.com\/en\/programacion\/zetaeme\/\" class=\"url\" rel=\"bookmark\" tabindex=\"-1\" aria-hidden=\"true\"><img loading=\"lazy\" decoding=\"async\" width=\"693\" height=\"1040\" src=\"https:\/\/cafelapalma.com\/wp-content\/uploads\/2026\/07\/5O3A7345-1-1-693x1040.jpg\" class=\"attachment-large size-large wp-post-image\" alt=\"\" \/><\/a>\n<\/div>\n\t<div class=\"tribe-related-event-info\">\n\t<h3 class=\"tribe-related-events-title\">\n\t\t<a href=\"https:\/\/cafelapalma.com\/en\/programacion\/zetaeme\/\" class=\"tribe-event-url\" rel=\"bookmark\">\n\t\t\tZETAEME\t\t<\/a>\n\t<\/h3>\n\t<span class=\"tribe-event-date-start\">10  September@23:55<\/span><\/div>\n<\/li>\n\t\t\t<li>\n\t\n<div class=\"tribe-related-events-thumbnail\">\n\t<a href=\"https:\/\/cafelapalma.com\/en\/programacion\/jarana-luis-demonde-banana-dr-k-salazar\/\" class=\"url\" rel=\"bookmark\" tabindex=\"-1\" aria-hidden=\"true\"><img loading=\"lazy\" decoding=\"async\" width=\"735\" height=\"1040\" src=\"https:\/\/cafelapalma.com\/wp-content\/uploads\/2026\/08\/JARANA-CAFE-LA-PALMA-A3-2026-copia3-1-735x1040.jpg\" class=\"attachment-large size-large wp-post-image\" alt=\"\" \/><\/a>\n<\/div>\n\t<div class=\"tribe-related-event-info\">\n\t<h3 class=\"tribe-related-events-title\">\n\t\t<a href=\"https:\/\/cafelapalma.com\/en\/programacion\/jarana-luis-demonde-banana-dr-k-salazar\/\" class=\"tribe-event-url\" rel=\"bookmark\">\n\t\t\tJARANA: LUIS DEMONDE + BANANA + DR K + SALAZAR\t\t<\/a>\n\t<\/h3>\n\t<span class=\"tribe-event-date-start\">11  September@23:59<\/span><\/div>\n<\/li>\n\t<\/ul>","protected":false},"excerpt":{"rendered":"<p>Arrancamos despu\u00e9s del verano con una noche de house, baile y mucho l\u00edo. Junto a Nebari estar\u00e1n como invitados Jes\u00fas Mar y Rams, no es la primera vez que se juntan estos tres \u201cKillers\u201d en la cabina. Adem\u00e1s, celebramos la llegada de un nuevo single de Nebari TAMOKO Records. Nueva m\u00fasica, nueva temporada y las &hellip; <\/p>","protected":false},"author":2,"featured_media":34714,"template":"","meta":{"_tec_requires_first_save":false,"_uag_custom_page_level_css":"","loftloader_page_shortcode":"","_EventAllDay":false,"_EventTimezone":"Europe\/Madrid","_EventStartDate":"2026-09-12 23:55:00","_EventEndDate":"2026-09-12 23:55:00","_EventStartDateUTC":"2026-09-12 21:55:00","_EventEndDateUTC":"2026-09-12 21:55:00","_EventShowMap":false,"_EventShowMapLink":false,"_EventURL":"https:\/\/tickets.baila.fm\/tamoko-by-nebari-nebari-jesus-mar-rams","_EventCost":"13\u20ac","_EventCostDescription":"","_EventCurrencySymbol":"\u20ac","_EventCurrencyCode":"USD","_EventCurrencyPosition":"suffix","_EventDateTimeSeparator":"@","_EventTimeRangeSeparator":"-","_EventOrganizerID":[],"_EventVenueID":[],"_OrganizerEmail":"","_OrganizerPhone":"","_OrganizerWebsite":"","_VenueAddress":"","_VenueCity":"","_VenueCountry":"","_VenueProvince":"","_VenueState":"","_VenueZip":"","_VenuePhone":"","_VenueURL":"","_VenueStateProvince":"","_VenueLat":"","_VenueLng":"","_VenueShowMap":false,"_VenueShowMapLink":false,"_tribe_blocks_recurrence_rules":"","_tribe_blocks_recurrence_description":"","_tribe_blocks_recurrence_exclusions":"","_ecp_custom_2":"","_tribe_events_status":"","_tribe_events_status_reason":"","_tribe_events_is_hybrid":"","_tribe_events_is_virtual":"","_tribe_events_virtual_video_source":"","_tribe_events_virtual_embed_video":"","_tribe_events_virtual_linked_button_text":"","_tribe_events_virtual_linked_button":"","_tribe_events_virtual_show_embed_at":"","_tribe_events_virtual_show_embed_to":[],"_tribe_events_virtual_show_on_event":"","_tribe_events_virtual_show_on_views":"","_tribe_events_virtual_url":"","footnotes":""},"tags":[18465,1357,18833,18581,18832],"tribe_events_cat":[8964],"class_list":["post-34713","tribe_events","type-tribe_events","status-publish","has-post-thumbnail","hentry","tag-discoteca-malasana","tag-electronica","tag-electronica-en-malasana","tag-madrid-clubbing","tag-musica-electronica-en-madrid","tribe_events_cat-clubbing","cat_clubbing"],"uagb_featured_image_src":{"full":["https:\/\/cafelapalma.com\/wp-content\/uploads\/2026\/07\/tamoko_by_nebari_cafe_la_palma_flyer_v19_logo_recto.png",1080,1350,false],"thumbnail":["https:\/\/cafelapalma.com\/wp-content\/uploads\/2026\/07\/tamoko_by_nebari_cafe_la_palma_flyer_v19_logo_recto-150x150.png",150,150,true],"medium":["https:\/\/cafelapalma.com\/wp-content\/uploads\/2026\/07\/tamoko_by_nebari_cafe_la_palma_flyer_v19_logo_recto-240x300.png",240,300,true],"medium_large":["https:\/\/cafelapalma.com\/wp-content\/uploads\/2026\/07\/tamoko_by_nebari_cafe_la_palma_flyer_v19_logo_recto-768x960.png",768,960,true],"large":["https:\/\/cafelapalma.com\/wp-content\/uploads\/2026\/07\/tamoko_by_nebari_cafe_la_palma_flyer_v19_logo_recto-832x1040.png",832,1040,true],"1536x1536":["https:\/\/cafelapalma.com\/wp-content\/uploads\/2026\/07\/tamoko_by_nebari_cafe_la_palma_flyer_v19_logo_recto.png",1080,1350,false],"2048x2048":["https:\/\/cafelapalma.com\/wp-content\/uploads\/2026\/07\/tamoko_by_nebari_cafe_la_palma_flyer_v19_logo_recto.png",1080,1350,false],"trp-custom-language-flag":["https:\/\/cafelapalma.com\/wp-content\/uploads\/2026\/07\/tamoko_by_nebari_cafe_la_palma_flyer_v19_logo_recto-10x12.png",10,12,true],"blossom-feminine-slider":["https:\/\/cafelapalma.com\/wp-content\/uploads\/2026\/07\/tamoko_by_nebari_cafe_la_palma_flyer_v19_logo_recto-1080x649.png",1080,649,true],"blossom-feminine-featured":["https:\/\/cafelapalma.com\/wp-content\/uploads\/2026\/07\/tamoko_by_nebari_cafe_la_palma_flyer_v19_logo_recto-1080x600.png",1080,600,true],"blossom-feminine-with-sidebar":["https:\/\/cafelapalma.com\/wp-content\/uploads\/2026\/07\/tamoko_by_nebari_cafe_la_palma_flyer_v19_logo_recto-1020x600.png",1020,600,true],"blossom-feminine-blog":["https:\/\/cafelapalma.com\/wp-content\/uploads\/2026\/07\/tamoko_by_nebari_cafe_la_palma_flyer_v19_logo_recto-435x435.png",435,435,true],"blossom-feminine-cat":["https:\/\/cafelapalma.com\/wp-content\/uploads\/2026\/07\/tamoko_by_nebari_cafe_la_palma_flyer_v19_logo_recto-450x300.png",450,300,true],"blossom-feminine-related":["https:\/\/cafelapalma.com\/wp-content\/uploads\/2026\/07\/tamoko_by_nebari_cafe_la_palma_flyer_v19_logo_recto-320x200.png",320,200,true],"blossom-feminine-schema":["https:\/\/cafelapalma.com\/wp-content\/uploads\/2026\/07\/tamoko_by_nebari_cafe_la_palma_flyer_v19_logo_recto-48x60.png",48,60,true]},"uagb_author_info":{"display_name":"Victor","author_link":"https:\/\/cafelapalma.com\/en\/author\/comunicacion\/"},"uagb_comment_info":0,"uagb_excerpt":"Arrancamos despu\u00e9s del verano con una noche de house, baile y mucho l\u00edo. Junto a Nebari estar\u00e1n como invitados Jes\u00fas Mar y Rams, no es la primera vez que se juntan estos tres \u201cKillers\u201d en la cabina. Adem\u00e1s, celebramos la llegada de un nuevo single de Nebari TAMOKO Records. Nueva m\u00fasica, nueva temporada y las&hellip;","_links":{"self":[{"href":"https:\/\/cafelapalma.com\/en\/wp-json\/wp\/v2\/tribe_events\/34713","targetHints":{"allow":["GET"]}}],"collection":[{"href":"https:\/\/cafelapalma.com\/en\/wp-json\/wp\/v2\/tribe_events"}],"about":[{"href":"https:\/\/cafelapalma.com\/en\/wp-json\/wp\/v2\/types\/tribe_events"}],"author":[{"embeddable":true,"href":"https:\/\/cafelapalma.com\/en\/wp-json\/wp\/v2\/users\/2"}],"version-history":[{"count":0,"href":"https:\/\/cafelapalma.com\/en\/wp-json\/wp\/v2\/tribe_events\/34713\/revisions"}],"wp:featuredmedia":[{"embeddable":true,"href":"https:\/\/cafelapalma.com\/en\/wp-json\/wp\/v2\/media\/34714"}],"wp:attachment":[{"href":"https:\/\/cafelapalma.com\/en\/wp-json\/wp\/v2\/media?parent=34713"}],"wp:term":[{"taxonomy":"post_tag","embeddable":true,"href":"https:\/\/cafelapalma.com\/en\/wp-json\/wp\/v2\/tags?post=34713"},{"taxonomy":"tribe_events_cat","embeddable":true,"href":"https:\/\/cafelapalma.com\/en\/wp-json\/wp\/v2\/tribe_events_cat?post=34713"}],"curies":[{"name":"wp","href":"https:\/\/api.w.org\/{rel}","templated":true}]}}

TAMOKO BY NEBARI: NEBARI + JESÚS MAR + RAMS

<div  class="tribe-events-schedule tribe-clearfix" >
	<p class="tribe-events-schedule__datetime">
		<span class="tribe-events-schedule__date tribe-events-schedule__date--start">
			12  September		</span>

					<span class="tribe-events-schedule__separator tribe-events-schedule__separator--date">
				@			</span>
			<span class="tribe-events-schedule__time tribe-events-schedule__time--start">
				23:55			</span>
		
			</p>
</div>


<div  class="tribe-block tribe-block__event-price" >
			<span class="tribe-block__event-price__cost"> 13€ </span>
				<span class="tribe-block__event-price__description">+ gg Anticipada | 15€ Taquilla de 00:00 a 02:00 | 16€ Taquilla de 02:00 a cierre. Todos los tramos de entrada incluyen UNA CONSUMICIÓN. Canjeable por DOS CERVEZAS DE BARRIL antes de las 02:00</span>
	</div>



<div class="wp-block-columns is-layout-flex wp-container-core-columns-is-layout-8f761849 wp-block-columns-is-layout-flex">
<div class="wp-block-column is-layout-flow wp-block-column-is-layout-flow" style="flex-basis:33.33%">
<figure class="wp-block-image size-large"><img loading="lazy" decoding="async" width="832" height="1040" src="https://cafelapalma.com/wp-content/uploads/2026/07/tamoko_by_nebari_cafe_la_palma_flyer_v19_logo_recto-832x1040.png" alt="" class="wp-image-34714" srcset="https://cafelapalma.com/wp-content/uploads/2026/07/tamoko_by_nebari_cafe_la_palma_flyer_v19_logo_recto-832x1040.png 832w, https://cafelapalma.com/wp-content/uploads/2026/07/tamoko_by_nebari_cafe_la_palma_flyer_v19_logo_recto-240x300.png 240w, https://cafelapalma.com/wp-content/uploads/2026/07/tamoko_by_nebari_cafe_la_palma_flyer_v19_logo_recto-768x960.png 768w, https://cafelapalma.com/wp-content/uploads/2026/07/tamoko_by_nebari_cafe_la_palma_flyer_v19_logo_recto-10x12.png 10w, https://cafelapalma.com/wp-content/uploads/2026/07/tamoko_by_nebari_cafe_la_palma_flyer_v19_logo_recto-48x60.png 48w, https://cafelapalma.com/wp-content/uploads/2026/07/tamoko_by_nebari_cafe_la_palma_flyer_v19_logo_recto.png 1080w" sizes="auto, (max-width: 832px) 100vw, 832px" /></figure>


<div  class="tribe-block tribe-block__event-website" >
	<a
		href="https://tickets.baila.fm/tamoko-by-nebari-nebari-jesus-mar-rams"
		target="_self"
			>
		BUY TICKETS	</a>
</div>
</div>



<div class="wp-block-column is-layout-flow wp-block-column-is-layout-flow" style="flex-basis:66.66%">
<div style="height:100px" aria-hidden="true" class="wp-block-spacer"></div>



<p class="has-text-align-left wp-block-paragraph">Arrancamos después del verano con una noche de house, baile y mucho lío. Junto a Nebari estarán como invitados Jesús Mar y Rams, no es la primera vez que se juntan estos tres “Killers” en la cabina.</p>



<p class="has-text-align-left wp-block-paragraph">Además, celebramos la llegada de un nuevo single de Nebari TAMOKO Records. Nueva música, nueva temporada y las mismas ganas de encontrarnos en la pista.</p>



<p class="has-text-align-left wp-block-paragraph">Bienvenidos de nuevo al <strong><a href="https://www.instagram.com/tamokorecords/">Universo TAMOKO</a>.</strong></p>
</div>
</div>



<div style="height:100px" aria-hidden="true" class="wp-block-spacer"></div>


<h2 class="tribe-block__related-events__title">Related Events</h2>

<ul  class="tribe-related-events tribe-clearfix" >
			<li>
	
<div class="tribe-related-events-thumbnail">
	<a href="https://cafelapalma.com/en/programacion/backstage-le-petit-truffle-mayo/" class="url" rel="bookmark" tabindex="-1" aria-hidden="true"><img loading="lazy" decoding="async" width="780" height="1040" src="https://cafelapalma.com/wp-content/uploads/2026/07/Imagen-TruffleMayo-LePetit-i-1-780x1040.png" class="attachment-large size-large wp-post-image" alt="" /></a>
</div>
	<div class="tribe-related-event-info">
	<h3 class="tribe-related-events-title">
		<a href="https://cafelapalma.com/en/programacion/backstage-le-petit-truffle-mayo/" class="tribe-event-url" rel="bookmark">
			BACKSTAGE: LE PETIT + TRUFFLE MAYO		</a>
	</h3>
	<span class="tribe-event-date-start">5  September@23:55</span></div>
</li>
			<li>
	
<div class="tribe-related-events-thumbnail">
	<a href="https://cafelapalma.com/en/programacion/zetaeme/" class="url" rel="bookmark" tabindex="-1" aria-hidden="true"><img loading="lazy" decoding="async" width="693" height="1040" src="https://cafelapalma.com/wp-content/uploads/2026/07/5O3A7345-1-1-693x1040.jpg" class="attachment-large size-large wp-post-image" alt="" /></a>
</div>
	<div class="tribe-related-event-info">
	<h3 class="tribe-related-events-title">
		<a href="https://cafelapalma.com/en/programacion/zetaeme/" class="tribe-event-url" rel="bookmark">
			ZETAEME		</a>
	</h3>
	<span class="tribe-event-date-start">10  September@23:55</span></div>
</li>
			<li>
	
<div class="tribe-related-events-thumbnail">
	<a href="https://cafelapalma.com/en/programacion/jarana-luis-demonde-banana-dr-k-salazar/" class="url" rel="bookmark" tabindex="-1" aria-hidden="true"><img loading="lazy" decoding="async" width="735" height="1040" src="https://cafelapalma.com/wp-content/uploads/2026/08/JARANA-CAFE-LA-PALMA-A3-2026-copia3-1-735x1040.jpg" class="attachment-large size-large wp-post-image" alt="" /></a>
</div>
	<div class="tribe-related-event-info">
	<h3 class="tribe-related-events-title">
		<a href="https://cafelapalma.com/en/programacion/jarana-luis-demonde-banana-dr-k-salazar/" class="tribe-event-url" rel="bookmark">
			JARANA: LUIS DEMONDE + BANANA + DR K + SALAZAR		</a>
	</h3>
	<span class="tribe-event-date-start">11  September@23:59</span></div>
</li>
	</ul>

<p>Arrancamos después del verano con una noche de house, baile y mucho lío. Junto a Nebari estarán como invitados Jesús Mar y Rams, no es la primera vez que se juntan estos tres “Killers” en la cabina. Además, celebramos la llegada de un nuevo single de Nebari TAMOKO Records. Nueva música, nueva temporada y las &hellip; </p>

Arrancamos después del verano con una noche de house, baile y mucho lío. Junto a Nebari estarán como invitados Jesús Mar y Rams, no es la primera vez que se juntan estos tres “Killers” en la cabina. Además, celebramos la llegada de un nuevo single de Nebari TAMOKO Records. Nueva música, nueva temporada y las&hellip;
