{"id":34728,"date":"2026-08-03T14:50:41","date_gmt":"2026-08-03T12:50:41","guid":{"rendered":"https:\/\/cafelapalma.com\/?post_type=tribe_events&#038;p=34728"},"modified":"2026-08-03T14:51:29","modified_gmt":"2026-08-03T12:51:29","slug":"willie-deville-concierto-benefico-x-venezuela","status":"publish","type":"tribe_events","link":"https:\/\/cafelapalma.com\/en\/programacion\/willie-deville-concierto-benefico-x-venezuela\/","title":{"rendered":"WILLIE DEVILLE: CONCIERTO BEN\u00c9FICO X VENEZUELA"},"content":{"rendered":"<div  class=\"tribe-events-schedule tribe-clearfix\" >\n\t<p class=\"tribe-events-schedule__datetime\">\n\t\t<span class=\"tribe-events-schedule__date tribe-events-schedule__date--start\">\n\t\t\t6  September\t\t<\/span>\n\n\t\t\t\t\t<span class=\"tribe-events-schedule__separator tribe-events-schedule__separator--date\">\n\t\t\t\t@\t\t\t<\/span>\n\t\t\t<span class=\"tribe-events-schedule__time tribe-events-schedule__time--start\">\n\t\t\t\t21:00\t\t\t<\/span>\n\t\t\n\t\t\t\t\t\t\t\t\t<span class=\"tribe-events-schedule__separator tribe-events-schedule__separator--time\">\n\t\t\t\t\t&#8211;\t\t\t\t<\/span>\n\t\t\t\n\t\t\t\t\t\t\t<span class=\"tribe-events-schedule__time tribe-events-schedule__time--end\">\n\t\t\t\t\t23:45\t\t\t\t<\/span>\n\t\t\t\n\t\t\t\t\t\t<\/p>\n<\/div>\n\n\n<div  class=\"tribe-block tribe-block__event-price\" >\n\t\t\t<span class=\"tribe-block__event-price__cost\"> 18\u20ac <\/span>\n\t\t\t\t<span class=\"tribe-block__event-price__description\">+ gg Anticipada | 22\u20ac Taquilla | 30\u20ac + gg Meet&amp;Greet<\/span>\n\t<\/div>\n\n\n\n<div class=\"wp-block-columns is-layout-flex wp-container-core-columns-is-layout-8f761849 wp-block-columns-is-layout-flex\">\n<div class=\"wp-block-column is-layout-flow wp-block-column-is-layout-flow\" style=\"flex-basis:33.33%\">\n<figure class=\"wp-block-image size-large\"><img loading=\"lazy\" decoding=\"async\" width=\"832\" height=\"1040\" src=\"https:\/\/cafelapalma.com\/wp-content\/uploads\/2026\/08\/WillieDeVille_Madrid-0906_Poster-mod-1-832x1040.jpg\" alt=\"\" class=\"wp-image-34729\" srcset=\"https:\/\/cafelapalma.com\/wp-content\/uploads\/2026\/08\/WillieDeVille_Madrid-0906_Poster-mod-1-832x1040.jpg 832w, https:\/\/cafelapalma.com\/wp-content\/uploads\/2026\/08\/WillieDeVille_Madrid-0906_Poster-mod-1-240x300.jpg 240w, https:\/\/cafelapalma.com\/wp-content\/uploads\/2026\/08\/WillieDeVille_Madrid-0906_Poster-mod-1-768x960.jpg 768w, https:\/\/cafelapalma.com\/wp-content\/uploads\/2026\/08\/WillieDeVille_Madrid-0906_Poster-mod-1-1229x1536.jpg 1229w, https:\/\/cafelapalma.com\/wp-content\/uploads\/2026\/08\/WillieDeVille_Madrid-0906_Poster-mod-1-1638x2048.jpg 1638w, https:\/\/cafelapalma.com\/wp-content\/uploads\/2026\/08\/WillieDeVille_Madrid-0906_Poster-mod-1-10x12.jpg 10w, https:\/\/cafelapalma.com\/wp-content\/uploads\/2026\/08\/WillieDeVille_Madrid-0906_Poster-mod-1-48x60.jpg 48w\" sizes=\"auto, (max-width: 832px) 100vw, 832px\" \/><\/figure>\n\n\n<div  class=\"tribe-block tribe-block__event-website\" >\n\t<a\n\t\thref=\"https:\/\/www.passline.com\/sitio-evento\/willie-deville-el-tio-presenta-se-junto-la-familia-por-venezuela?srsltid=AfmBOopS0YSR6djhfMdvAuCXUF3AxI0xljSTFo9FtNujAD7sBWnO6Dxx\"\n\t\ttarget=\"_self\"\n\t\t\t>\n\t\tBUY TICKETS\t<\/a>\n<\/div>\n<\/div>\n\n\n\n<div class=\"wp-block-column is-layout-flow wp-block-column-is-layout-flow\" style=\"flex-basis:66.66%\">\n<div style=\"height:100px\" aria-hidden=\"true\" class=\"wp-block-spacer\"><\/div>\n\n\n\n<p class=\"has-text-align-left wp-block-paragraph\"><strong>Willie \u201cEl T\u00edo\u201d Deville<\/strong>, referente del hip hop en Am\u00e9rica Latina, lidera ese concierto ben\u00e9fico que recaudar\u00e1 fondos para las v\u00edctimas del terremoto de La Guaira.\u00a0<\/p>\n\n\n\n<p class=\"has-text-align-left wp-block-paragraph\">En el concierto, el \u201ct\u00edo Willie\u201d har\u00e1 un repaso a sus grandes \u00e9xitos, y sumar\u00e1 al line up a una troupe de invitados muy especiales.<\/p>\n\n\n\n<p class=\"has-text-align-left wp-block-paragraph\">El venezolano, y nosotros, como no pod\u00eda ser de otra forma, nos sumamos a lo ola de solidaridad internacional, y te invitamos a sumarte a esta hermosa iniciativa.<\/p>\n\n\n\n<p class=\"has-text-align-right wp-block-paragraph\"><a href=\"https:\/\/open.spotify.com\/artist\/18vnqu7XJRHPmua3tsejG5?si=n28zoA3SSoy27stssHlqVg\"><em>Listen to<\/em> <strong>Willie Deville<\/strong> <em>in <\/em><strong>Spotify<\/strong>.<\/a><\/p>\n<\/div>\n<\/div>\n\n\n\n<div style=\"height:100px\" aria-hidden=\"true\" class=\"wp-block-spacer\"><\/div>\n\n\n<h2 class=\"tribe-block__related-events__title\">Related Events<\/h2>\n\n<ul  class=\"tribe-related-events tribe-clearfix\" >\n\t\t\t<li>\n\t\n<div class=\"tribe-related-events-thumbnail\">\n\t<a href=\"https:\/\/cafelapalma.com\/en\/programacion\/vertice-marta-canosa\/\" class=\"url\" rel=\"bookmark\" tabindex=\"-1\" aria-hidden=\"true\"><img loading=\"lazy\" decoding=\"async\" width=\"736\" height=\"1040\" src=\"https:\/\/cafelapalma.com\/wp-content\/uploads\/2026\/06\/Cartel_Vertice_Cafelapalma_Impresion_page-0001-1-736x1040.jpg\" class=\"attachment-large size-large wp-post-image\" alt=\"\" \/><\/a>\n<\/div>\n\t<div class=\"tribe-related-event-info\">\n\t<h3 class=\"tribe-related-events-title\">\n\t\t<a href=\"https:\/\/cafelapalma.com\/en\/programacion\/vertice-marta-canosa\/\" class=\"tribe-event-url\" rel=\"bookmark\">\n\t\t\tV\u00c9RTICE + MARTA CANOSA\t\t<\/a>\n\t<\/h3>\n\t<span class=\"tribe-event-date-start\">4  September@21:30<\/span><span class=\"tribe-event-time\">23:45<\/span><\/div>\n<\/li>\n\t\t\t<li>\n\t\n<div class=\"tribe-related-events-thumbnail\">\n\t<a href=\"https:\/\/cafelapalma.com\/en\/programacion\/vodu-lady-pina-israel-gil\/\" class=\"url\" rel=\"bookmark\" tabindex=\"-1\" aria-hidden=\"true\"><img loading=\"lazy\" decoding=\"async\" width=\"1020\" height=\"680\" src=\"https:\/\/cafelapalma.com\/wp-content\/uploads\/2026\/07\/Lady2-1040x693.jpg\" class=\"attachment-large size-large wp-post-image\" alt=\"\" \/><\/a>\n<\/div>\n\t<div class=\"tribe-related-event-info\">\n\t<h3 class=\"tribe-related-events-title\">\n\t\t<a href=\"https:\/\/cafelapalma.com\/en\/programacion\/vodu-lady-pina-israel-gil\/\" class=\"tribe-event-url\" rel=\"bookmark\">\n\t\t\tVOD\u00da: LADY PI\u00d1A + ISRAEL GIL\t\t<\/a>\n\t<\/h3>\n\t<span class=\"tribe-event-date-start\">4  September@23:55<\/span><\/div>\n<\/li>\n\t\t\t<li>\n\t\n<div class=\"tribe-related-events-thumbnail\">\n\t<a href=\"https:\/\/cafelapalma.com\/en\/programacion\/funkin-donuts\/\" class=\"url\" rel=\"bookmark\" tabindex=\"-1\" aria-hidden=\"true\"><img loading=\"lazy\" decoding=\"async\" width=\"693\" height=\"1040\" src=\"https:\/\/cafelapalma.com\/wp-content\/uploads\/2026\/07\/FD-vert2-bn-693x1040.jpg\" class=\"attachment-large size-large wp-post-image\" alt=\"\" \/><\/a>\n<\/div>\n\t<div class=\"tribe-related-event-info\">\n\t<h3 class=\"tribe-related-events-title\">\n\t\t<a href=\"https:\/\/cafelapalma.com\/en\/programacion\/funkin-donuts\/\" class=\"tribe-event-url\" rel=\"bookmark\">\n\t\t\tFUNKIN&#8217; DONUTS\t\t<\/a>\n\t<\/h3>\n\t<span class=\"tribe-event-date-start\">5  September@22:00<\/span><span class=\"tribe-event-time\">23:45<\/span><\/div>\n<\/li>\n\t<\/ul>","protected":false},"excerpt":{"rendered":"<p>Willie \u201cEl T\u00edo\u201d Deville, referente del hip hop en Am\u00e9rica Latina, lidera ese concierto ben\u00e9fico que recaudar\u00e1 fondos para las v\u00edctimas del terremoto de La Guaira.\u00a0 En el concierto, el \u201ct\u00edo Willie\u201d har\u00e1 un repaso a sus grandes \u00e9xitos, y sumar\u00e1 al line up a una troupe de invitados muy especiales. El venezolano, y nosotros, &hellip; <\/p>","protected":false},"author":2,"featured_media":34730,"template":"","meta":{"_tec_requires_first_save":false,"_uag_custom_page_level_css":"","loftloader_page_shortcode":"","_EventAllDay":false,"_EventTimezone":"Europe\/Madrid","_EventStartDate":"2026-09-06 21:00:00","_EventEndDate":"2026-09-06 23:45:00","_EventStartDateUTC":"2026-09-06 19:00:00","_EventEndDateUTC":"2026-09-06 21:45:00","_EventShowMap":false,"_EventShowMapLink":false,"_EventURL":"https:\/\/www.passline.com\/sitio-evento\/willie-deville-el-tio-presenta-se-junto-la-familia-por-venezuela?srsltid=AfmBOopS0YSR6djhfMdvAuCXUF3AxI0xljSTFo9FtNujAD7sBWnO6Dxx","_EventCost":"18\u20ac","_EventCostDescription":"","_EventCurrencySymbol":"\u20ac","_EventCurrencyCode":"USD","_EventCurrencyPosition":"suffix","_EventDateTimeSeparator":"@","_EventTimeRangeSeparator":"-","_EventOrganizerID":[],"_EventVenueID":[],"_OrganizerEmail":"","_OrganizerPhone":"","_OrganizerWebsite":"","_VenueAddress":"","_VenueCity":"","_VenueCountry":"","_VenueProvince":"","_VenueState":"","_VenueZip":"","_VenuePhone":"","_VenueURL":"","_VenueStateProvince":"","_VenueLat":"","_VenueLng":"","_VenueShowMap":false,"_VenueShowMapLink":false,"_tribe_blocks_recurrence_rules":"","_tribe_blocks_recurrence_description":"","_tribe_blocks_recurrence_exclusions":"","_ecp_custom_2":"","_tribe_events_status":"","_tribe_events_status_reason":"","_tribe_events_is_hybrid":"","_tribe_events_is_virtual":"","_tribe_events_virtual_video_source":"","_tribe_events_virtual_embed_video":"","_tribe_events_virtual_linked_button_text":"","_tribe_events_virtual_linked_button":"","_tribe_events_virtual_show_embed_at":"","_tribe_events_virtual_show_embed_to":[],"_tribe_events_virtual_show_on_event":"","_tribe_events_virtual_show_on_views":"","_tribe_events_virtual_url":"","footnotes":""},"tags":[1363,16430,2865,9146,10618,10407],"tribe_events_cat":[8963],"class_list":["post-34728","tribe_events","type-tribe_events","status-publish","has-post-thumbnail","hentry","tag-cafe-la-palma","tag-concierto-benefico","tag-conciertos-cafe-la-palma","tag-conciertos-malasana","tag-venezuela","tag-willie-deville","tribe_events_cat-concierto","cat_concierto"],"uagb_featured_image_src":{"full":["https:\/\/cafelapalma.com\/wp-content\/uploads\/2026\/08\/Willie-deville-1100x572-1.jpg",1100,572,false],"thumbnail":["https:\/\/cafelapalma.com\/wp-content\/uploads\/2026\/08\/Willie-deville-1100x572-1-150x150.jpg",150,150,true],"medium":["https:\/\/cafelapalma.com\/wp-content\/uploads\/2026\/08\/Willie-deville-1100x572-1-300x156.jpg",300,156,true],"medium_large":["https:\/\/cafelapalma.com\/wp-content\/uploads\/2026\/08\/Willie-deville-1100x572-1-768x399.jpg",768,399,true],"large":["https:\/\/cafelapalma.com\/wp-content\/uploads\/2026\/08\/Willie-deville-1100x572-1-1040x541.jpg",1020,531,true],"1536x1536":["https:\/\/cafelapalma.com\/wp-content\/uploads\/2026\/08\/Willie-deville-1100x572-1.jpg",1100,572,false],"2048x2048":["https:\/\/cafelapalma.com\/wp-content\/uploads\/2026\/08\/Willie-deville-1100x572-1.jpg",1100,572,false],"trp-custom-language-flag":["https:\/\/cafelapalma.com\/wp-content\/uploads\/2026\/08\/Willie-deville-1100x572-1-18x9.jpg",18,9,true],"blossom-feminine-slider":["https:\/\/cafelapalma.com\/wp-content\/uploads\/2026\/08\/Willie-deville-1100x572-1.jpg",1100,572,false],"blossom-feminine-featured":["https:\/\/cafelapalma.com\/wp-content\/uploads\/2026\/08\/Willie-deville-1100x572-1.jpg",1100,572,false],"blossom-feminine-with-sidebar":["https:\/\/cafelapalma.com\/wp-content\/uploads\/2026\/08\/Willie-deville-1100x572-1-1020x572.jpg",1020,572,true],"blossom-feminine-blog":["https:\/\/cafelapalma.com\/wp-content\/uploads\/2026\/08\/Willie-deville-1100x572-1-435x435.jpg",435,435,true],"blossom-feminine-cat":["https:\/\/cafelapalma.com\/wp-content\/uploads\/2026\/08\/Willie-deville-1100x572-1-450x300.jpg",450,300,true],"blossom-feminine-related":["https:\/\/cafelapalma.com\/wp-content\/uploads\/2026\/08\/Willie-deville-1100x572-1-320x200.jpg",320,200,true],"blossom-feminine-schema":["https:\/\/cafelapalma.com\/wp-content\/uploads\/2026\/08\/Willie-deville-1100x572-1-115x60.jpg",115,60,true]},"uagb_author_info":{"display_name":"Victor","author_link":"https:\/\/cafelapalma.com\/en\/author\/comunicacion\/"},"uagb_comment_info":0,"uagb_excerpt":"Willie \u201cEl T\u00edo\u201d Deville, referente del hip hop en Am\u00e9rica Latina, lidera ese concierto ben\u00e9fico que recaudar\u00e1 fondos para las v\u00edctimas del terremoto de La Guaira.\u00a0 En el concierto, el \u201ct\u00edo Willie\u201d har\u00e1 un repaso a sus grandes \u00e9xitos, y sumar\u00e1 al line up a una troupe de invitados muy especiales. El venezolano, y nosotros,&hellip;","_links":{"self":[{"href":"https:\/\/cafelapalma.com\/en\/wp-json\/wp\/v2\/tribe_events\/34728","targetHints":{"allow":["GET"]}}],"collection":[{"href":"https:\/\/cafelapalma.com\/en\/wp-json\/wp\/v2\/tribe_events"}],"about":[{"href":"https:\/\/cafelapalma.com\/en\/wp-json\/wp\/v2\/types\/tribe_events"}],"author":[{"embeddable":true,"href":"https:\/\/cafelapalma.com\/en\/wp-json\/wp\/v2\/users\/2"}],"version-history":[{"count":0,"href":"https:\/\/cafelapalma.com\/en\/wp-json\/wp\/v2\/tribe_events\/34728\/revisions"}],"wp:featuredmedia":[{"embeddable":true,"href":"https:\/\/cafelapalma.com\/en\/wp-json\/wp\/v2\/media\/34730"}],"wp:attachment":[{"href":"https:\/\/cafelapalma.com\/en\/wp-json\/wp\/v2\/media?parent=34728"}],"wp:term":[{"taxonomy":"post_tag","embeddable":true,"href":"https:\/\/cafelapalma.com\/en\/wp-json\/wp\/v2\/tags?post=34728"},{"taxonomy":"tribe_events_cat","embeddable":true,"href":"https:\/\/cafelapalma.com\/en\/wp-json\/wp\/v2\/tribe_events_cat?post=34728"}],"curies":[{"name":"wp","href":"https:\/\/api.w.org\/{rel}","templated":true}]}}

WILLIE DEVILLE: CONCIERTO BENÉFICO X VENEZUELA

<div  class="tribe-events-schedule tribe-clearfix" >
	<p class="tribe-events-schedule__datetime">
		<span class="tribe-events-schedule__date tribe-events-schedule__date--start">
			6  September		</span>

					<span class="tribe-events-schedule__separator tribe-events-schedule__separator--date">
				@			</span>
			<span class="tribe-events-schedule__time tribe-events-schedule__time--start">
				21:00			</span>
		
									<span class="tribe-events-schedule__separator tribe-events-schedule__separator--time">
					&#8211;				</span>
			
							<span class="tribe-events-schedule__time tribe-events-schedule__time--end">
					23:45				</span>
			
						</p>
</div>


<div  class="tribe-block tribe-block__event-price" >
			<span class="tribe-block__event-price__cost"> 18€ </span>
				<span class="tribe-block__event-price__description">+ gg Anticipada | 22€ Taquilla | 30€ + gg Meet&amp;Greet</span>
	</div>



<div class="wp-block-columns is-layout-flex wp-container-core-columns-is-layout-8f761849 wp-block-columns-is-layout-flex">
<div class="wp-block-column is-layout-flow wp-block-column-is-layout-flow" style="flex-basis:33.33%">
<figure class="wp-block-image size-large"><img loading="lazy" decoding="async" width="832" height="1040" src="https://cafelapalma.com/wp-content/uploads/2026/08/WillieDeVille_Madrid-0906_Poster-mod-1-832x1040.jpg" alt="" class="wp-image-34729" srcset="https://cafelapalma.com/wp-content/uploads/2026/08/WillieDeVille_Madrid-0906_Poster-mod-1-832x1040.jpg 832w, https://cafelapalma.com/wp-content/uploads/2026/08/WillieDeVille_Madrid-0906_Poster-mod-1-240x300.jpg 240w, https://cafelapalma.com/wp-content/uploads/2026/08/WillieDeVille_Madrid-0906_Poster-mod-1-768x960.jpg 768w, https://cafelapalma.com/wp-content/uploads/2026/08/WillieDeVille_Madrid-0906_Poster-mod-1-1229x1536.jpg 1229w, https://cafelapalma.com/wp-content/uploads/2026/08/WillieDeVille_Madrid-0906_Poster-mod-1-1638x2048.jpg 1638w, https://cafelapalma.com/wp-content/uploads/2026/08/WillieDeVille_Madrid-0906_Poster-mod-1-10x12.jpg 10w, https://cafelapalma.com/wp-content/uploads/2026/08/WillieDeVille_Madrid-0906_Poster-mod-1-48x60.jpg 48w" sizes="auto, (max-width: 832px) 100vw, 832px" /></figure>


<div  class="tribe-block tribe-block__event-website" >
	<a
		href="https://www.passline.com/sitio-evento/willie-deville-el-tio-presenta-se-junto-la-familia-por-venezuela?srsltid=AfmBOopS0YSR6djhfMdvAuCXUF3AxI0xljSTFo9FtNujAD7sBWnO6Dxx"
		target="_self"
			>
		BUY TICKETS	</a>
</div>
</div>



<div class="wp-block-column is-layout-flow wp-block-column-is-layout-flow" style="flex-basis:66.66%">
<div style="height:100px" aria-hidden="true" class="wp-block-spacer"></div>



<p class="has-text-align-left wp-block-paragraph"><strong>Willie “El Tío” Deville</strong>, referente del hip hop en América Latina, lidera ese concierto benéfico que recaudará fondos para las víctimas del terremoto de La Guaira. </p>



<p class="has-text-align-left wp-block-paragraph">En el concierto, el “tío Willie” hará un repaso a sus grandes éxitos, y sumará al line up a una troupe de invitados muy especiales.</p>



<p class="has-text-align-left wp-block-paragraph">El venezolano, y nosotros, como no podía ser de otra forma, nos sumamos a lo ola de solidaridad internacional, y te invitamos a sumarte a esta hermosa iniciativa.</p>



<p class="has-text-align-right wp-block-paragraph"><a href="https://open.spotify.com/artist/18vnqu7XJRHPmua3tsejG5?si=n28zoA3SSoy27stssHlqVg"><em>Listen to</em> <strong>Willie Deville</strong> <em>in </em><strong>Spotify</strong>.</a></p>
</div>
</div>



<div style="height:100px" aria-hidden="true" class="wp-block-spacer"></div>


<h2 class="tribe-block__related-events__title">Related Events</h2>

<ul  class="tribe-related-events tribe-clearfix" >
			<li>
	
<div class="tribe-related-events-thumbnail">
	<a href="https://cafelapalma.com/en/programacion/vertice-marta-canosa/" class="url" rel="bookmark" tabindex="-1" aria-hidden="true"><img loading="lazy" decoding="async" width="736" height="1040" src="https://cafelapalma.com/wp-content/uploads/2026/06/Cartel_Vertice_Cafelapalma_Impresion_page-0001-1-736x1040.jpg" class="attachment-large size-large wp-post-image" alt="" /></a>
</div>
	<div class="tribe-related-event-info">
	<h3 class="tribe-related-events-title">
		<a href="https://cafelapalma.com/en/programacion/vertice-marta-canosa/" class="tribe-event-url" rel="bookmark">
			VÉRTICE + MARTA CANOSA		</a>
	</h3>
	<span class="tribe-event-date-start">4  September@21:30</span><span class="tribe-event-time">23:45</span></div>
</li>
			<li>
	
<div class="tribe-related-events-thumbnail">
	<a href="https://cafelapalma.com/en/programacion/vodu-lady-pina-israel-gil/" class="url" rel="bookmark" tabindex="-1" aria-hidden="true"><img loading="lazy" decoding="async" width="1020" height="680" src="https://cafelapalma.com/wp-content/uploads/2026/07/Lady2-1040x693.jpg" class="attachment-large size-large wp-post-image" alt="" /></a>
</div>
	<div class="tribe-related-event-info">
	<h3 class="tribe-related-events-title">
		<a href="https://cafelapalma.com/en/programacion/vodu-lady-pina-israel-gil/" class="tribe-event-url" rel="bookmark">
			VODÚ: LADY PIÑA + ISRAEL GIL		</a>
	</h3>
	<span class="tribe-event-date-start">4  September@23:55</span></div>
</li>
			<li>
	
<div class="tribe-related-events-thumbnail">
	<a href="https://cafelapalma.com/en/programacion/funkin-donuts/" class="url" rel="bookmark" tabindex="-1" aria-hidden="true"><img loading="lazy" decoding="async" width="693" height="1040" src="https://cafelapalma.com/wp-content/uploads/2026/07/FD-vert2-bn-693x1040.jpg" class="attachment-large size-large wp-post-image" alt="" /></a>
</div>
	<div class="tribe-related-event-info">
	<h3 class="tribe-related-events-title">
		<a href="https://cafelapalma.com/en/programacion/funkin-donuts/" class="tribe-event-url" rel="bookmark">
			FUNKIN&#8217; DONUTS		</a>
	</h3>
	<span class="tribe-event-date-start">5  September@22:00</span><span class="tribe-event-time">23:45</span></div>
</li>
	</ul>

<p>Willie “El Tío” Deville, referente del hip hop en América Latina, lidera ese concierto benéfico que recaudará fondos para las víctimas del terremoto de La Guaira.  En el concierto, el “tío Willie” hará un repaso a sus grandes éxitos, y sumará al line up a una troupe de invitados muy especiales. El venezolano, y nosotros, &hellip; </p>

Willie “El Tío” Deville, referente del hip hop en América Latina, lidera ese concierto benéfico que recaudará fondos para las víctimas del terremoto de La Guaira.  En el concierto, el “tío Willie” hará un repaso a sus grandes éxitos, y sumará al line up a una troupe de invitados muy especiales. El venezolano, y nosotros,&hellip;
